{"id":1138,"date":"2016-11-21T00:32:18","date_gmt":"2016-11-20T23:32:18","guid":{"rendered":"https:\/\/cirkuseros.wordpress.com\/?page_id=1138"},"modified":"2017-02-04T05:31:51","modified_gmt":"2017-02-04T04:31:51","slug":"frageladan-fraga-svar-9","status":"publish","type":"page","link":"https:\/\/www.cirkuseros.nu\/index.php\/text\/frageladan\/frageladan-fraga-svar-9\/","title":{"rendered":"Fr\u00e5gel\u00e5dan &#8211; fr\u00e5ga &#038; svar:"},"content":{"rendered":"<p><img decoding=\"async\" loading=\"lazy\" src=\"https:\/\/i0.wp.com\/www.cirkuseros.nu\/app\/uploads\/2017\/01\/heartline_584.gif?resize=584%2C20&#038;ssl=1\" alt=\"Heartline\" data-recalc-dims=\"1\" \/><br \/>\n<span style=\"color: #800000;\"><strong><span style=\"font-family: Verdana, Geneva, Arial, Helvetica, Sans serif; font-size: large;\">Kan jag f\u00e5 orgasm utan att ejakulera?<\/span><\/strong><\/span><br \/>\n<img decoding=\"async\" loading=\"lazy\" src=\"https:\/\/i1.wp.com\/www.cirkuseros.nu\/app\/uploads\/2016\/11\/tunnlinjeoriginal_584.gif?resize=584%2C8&#038;ssl=1\" alt=\"linje\" data-recalc-dims=\"1\" \/><br \/>\n<span style=\"font-family: AGaramond, Garamond, Jenson, serif; font-size: x-large;\"><strong>Fr\u00e5ga:<\/strong><\/span><br \/>\nJag har kunnat f\u00e5 orgasm utan ejakulation men har p\u00e5 senare tid inte lyckats med det&#8230; Om jag minns r\u00e4tt s\u00e5 \u00e4r det v\u00e4l samma muskel som man slutar att kissa med som man ska tr\u00e4na upp?<br \/>\nOch om jag v\u00e4l l\u00e4r mig det igen.. Vad kan jag ha f\u00f6r nytta av denna egenskap?<br \/>\nJag har h\u00f6rt att man kan f\u00e5 orgasm utan att erektionen f\u00f6rsvinner&#8230; Vet du n\u00e5got om detta?<br \/>\n<img decoding=\"async\" loading=\"lazy\" src=\"https:\/\/i1.wp.com\/www.cirkuseros.nu\/app\/uploads\/2016\/11\/tunnlinjeoriginal_584.gif?resize=584%2C8&#038;ssl=1\" alt=\"linje\" data-recalc-dims=\"1\" \/><br \/>\n<span style=\"font-family: AGaramond, Garamond, Jenson, serif; font-size: x-large;\"><strong>Svar:<\/strong><\/span><br \/>\nJa, det \u00e4r b\u00e4ckenbottenmuskulaturen (eller som den ocks\u00e5 kallas &#8211; PC-muskeln &#8211; den pubococcygeala muskelgruppen) man arbetar med f\u00f6r att styra och st\u00e4rka sin sexuella njutning.<\/p>\n<p><img decoding=\"async\" loading=\"lazy\" src=\"https:\/\/i0.wp.com\/www.cirkuseros.nu\/app\/uploads\/2016\/11\/mannens_pc.gif?resize=584%2C241&#038;ssl=1\" alt=\"mannens_pc\" data-recalc-dims=\"1\" \/><\/p>\n<p>Men det finns inget sj\u00e4lv\u00e4ndam\u00e5l i att orgasmera utan ejakulation. Sex ska inte handla om prestation och krav &#8211; det ska handla om njutning, att m\u00e5 bra.<\/p>\n<p>Men visst, att f\u00e5 orgasm utan ejakulation g\u00f6r att man kan f\u00e5 orgasm efter orgasm utan att bli tr\u00f6tt. Dessutom f\u00f6rlorar man ju ocks\u00e5 en hel del viktiga \u00e4mnen med s\u00e4den, som kroppen m\u00e5ste fylla p\u00e5. Zink &amp; magnesium, t.ex.<br \/>\nSj\u00e4lv tror jag dock inte som de renl\u00e4riga taoisterna, att man ska undvika att ejakulera s\u00e5 mycket som det g\u00e5r &#8211; detta bygger med stor sannolikhet p\u00e5 en urgammal f\u00f6rest\u00e4llning att m\u00e4n bara har en begr\u00e4nsad m\u00e4ngd s\u00e4d, som d\u00e5 kan ta slut. Dock kan det vara v\u00e4ldigt energidr\u00e4nerande att skv\u00e4tta i tid och otid &#8211; s\u00e4rskilt om man inte har tagit sig tid att ladda upp sexuell energi i kroppen.<\/p>\n<p>Vitsen med att f\u00f6rdr\u00f6ja orgasmen \u00e4r ju just detta, att man kan ladda upp och ladda upp, vilket g\u00f6r att n\u00e4r man v\u00e4l f\u00e5r en orgasm (oavsett om den \u00e4r med ejakulation eller ej) s\u00e5 blir den mycket starkare och intensivare.<\/p>\n<p>Ett s\u00e4tt att b\u00e5de f\u00f6rdr\u00f6ja och f\u00f6rst\u00e4rka \u00e4r ju ocks\u00e5 att med j\u00e4mna mellanrum smeka ut all ackumulerad erotisk energi i resten av kroppen, f\u00f6r att inte bli s\u00e5 himla fixerad vid k\u00f6net. D\u00e5 kan man f\u00e5 riktigt himlastormande starka och h\u00e4rliga helkroppsorgasmer \u00e4ven vid sj\u00e4lvstimulans.<br \/>\nOch s\u00e5 m\u00e5ste man ju ta sig lite mer tid \u00e4n det vanliga &#8221;treminutersrunket&#8221;, f\u00f6rst\u00e5s. Men det \u00e4r det v\u00e4rt \ud83d\ude42<\/p>\n<p>Att f\u00e5 orgasm utan att erektionen f\u00f6rsvinner kan f\u00f6rekomma ofta f\u00f6r somliga, och s\u00e4llan f\u00f6r andra. Men enligt gammal kinesisk l\u00e4kekonst, och tantrisk k\u00e4rlekskonst, s\u00e5 rekommenderas inte att en man har st\u00e5nd alltf\u00f6r l\u00e4nge. Det \u00e4r bra att slakna lite d\u00e5 och d\u00e5, f\u00f6r \u00f6kat blodfl\u00f6de.<\/p>\n<p>Lycka till!<\/p>\n<p><img decoding=\"async\" loading=\"lazy\" src=\"https:\/\/i1.wp.com\/www.cirkuseros.nu\/app\/uploads\/2016\/11\/tunnlinjeoriginal_584.gif?resize=584%2C8&#038;ssl=1\" alt=\"linje\" data-recalc-dims=\"1\" \/><br \/>\n<strong><a href=\"https:\/\/www.cirkuseros.nu\/index.php\/text\/frageladan\/\">Tillbaka till Fr\u00e5gel\u00e5dan \u00bb<\/a><\/strong><\/p>\n<p><img decoding=\"async\" loading=\"lazy\" src=\"https:\/\/i0.wp.com\/www.cirkuseros.nu\/app\/uploads\/2017\/01\/heartline_584.gif?resize=584%2C20&#038;ssl=1\" alt=\"Heartline\" data-recalc-dims=\"1\" \/><\/p>\n<p><img decoding=\"async\" loading=\"lazy\" src=\"https:\/\/i2.wp.com\/www.cirkuseros.nu\/app\/uploads\/2016\/10\/fri_kursbanner_ani.gif?resize=584%2C140&#038;ssl=1\" alt=\"Cirkus Eros - erotik f\u00f6r finsmakare\" data-recalc-dims=\"1\" \/><\/p>\n","protected":false},"excerpt":{"rendered":"<p>Kan jag f\u00e5 orgasm utan att ejakulera? Fr\u00e5ga: Jag har kunnat f\u00e5 orgasm utan ejakulation men har p\u00e5 senare tid inte lyckats med det&#8230; Om jag minns r\u00e4tt s\u00e5 \u00e4r det v\u00e4l samma muskel som man slutar att kissa med &hellip; <a href=\"https:\/\/www.cirkuseros.nu\/index.php\/text\/frageladan\/frageladan-fraga-svar-9\/\">Forts\u00e4tt l\u00e4sa <span class=\"meta-nav\">&rarr;<\/span><\/a><\/p>\n","protected":false},"author":2,"featured_media":0,"parent":51,"menu_order":9,"comment_status":"closed","ping_status":"closed","template":"sidebar-page.php","meta":[],"_links":{"self":[{"href":"https:\/\/www.cirkuseros.nu\/index.php\/wp-json\/wp\/v2\/pages\/1138"}],"collection":[{"href":"https:\/\/www.cirkuseros.nu\/index.php\/wp-json\/wp\/v2\/pages"}],"about":[{"href":"https:\/\/www.cirkuseros.nu\/index.php\/wp-json\/wp\/v2\/types\/page"}],"author":[{"embeddable":true,"href":"https:\/\/www.cirkuseros.nu\/index.php\/wp-json\/wp\/v2\/users\/2"}],"replies":[{"embeddable":true,"href":"https:\/\/www.cirkuseros.nu\/index.php\/wp-json\/wp\/v2\/comments?post=1138"}],"version-history":[{"count":3,"href":"https:\/\/www.cirkuseros.nu\/index.php\/wp-json\/wp\/v2\/pages\/1138\/revisions"}],"predecessor-version":[{"id":6670,"href":"https:\/\/www.cirkuseros.nu\/index.php\/wp-json\/wp\/v2\/pages\/1138\/revisions\/6670"}],"up":[{"embeddable":true,"href":"https:\/\/www.cirkuseros.nu\/index.php\/wp-json\/wp\/v2\/pages\/51"}],"wp:attachment":[{"href":"https:\/\/www.cirkuseros.nu\/index.php\/wp-json\/wp\/v2\/media?parent=1138"}],"curies":[{"name":"wp","href":"https:\/\/api.w.org\/{rel}","templated":true}]}}