{"id":124,"date":"2016-10-27T19:49:06","date_gmt":"2016-10-27T17:49:06","guid":{"rendered":"https:\/\/cirkuseros.wordpress.com\/?page_id=124"},"modified":"2026-01-28T20:48:58","modified_gmt":"2026-01-28T19:48:58","slug":"kalendarium","status":"publish","type":"page","link":"https:\/\/www.cirkuseros.nu\/index.php\/kurser\/kalendarium\/","title":{"rendered":"Kurser &#038; festivaler \u2022 kalendarium"},"content":{"rendered":"<p><img decoding=\"async\" loading=\"lazy\" src=\"https:\/\/i2.wp.com\/www.cirkuseros.nu\/app\/uploads\/2017\/01\/sidtoppvinjett_kurser.jpg?resize=584%2C86&#038;ssl=1\" alt=\"Kurser\" data-recalc-dims=\"1\" \/><strong><img decoding=\"async\" loading=\"lazy\" src=\"https:\/\/i0.wp.com\/www.cirkuseros.nu\/app\/uploads\/2026\/01\/2026_banner_584.jpg?resize=584%2C45&#038;ssl=1\" alt=\"\" data-recalc-dims=\"1\" \/><br \/>\n<span style=\"font-size: medium; color: #800000;\"><strong>6 \u2013 8 februari 2026:<\/strong><br \/>\n<strong><span style=\"font-size: x-large;\"><span style=\"font-family: AGaramond, Garamond, Jenson, serif; color: #800000;\">Gudomlig Njutning<\/span><\/span><\/strong><br \/>\n<span style=\"font-size: small; color: #000000;\">Grundkurs i k\u00e4rlek, sex, relation, intimitet och tantra f\u00f6r par<br \/>\n<\/span><\/span><\/strong><span style=\"font-size: medium; color: #800000;\"><span style=\"font-size: small; color: #000000;\">Med Calle &amp; Jennie Rehbinder, i Stockholm.<\/span><\/span><strong><span style=\"font-size: medium; color: #800000;\"><span style=\"font-size: small; color: #000000;\"><br \/>\n<\/span><\/span><span style=\"font-size: medium;\"><span style=\"color: #800000;\"><a href=\"https:\/\/gudomlignjutning.wordpress.com\/\" target=\"_blank\" rel=\"noopener noreferrer\">L\u00e4s mer p\u00e5 hemsidan f\u00f6r Gudomlig Njutning! \u00bb<\/a><br \/>\n<\/span><\/span><img decoding=\"async\" loading=\"lazy\" src=\"https:\/\/i1.wp.com\/www.cirkuseros.nu\/app\/uploads\/2016\/11\/tunnlinjeoriginal_584.gif?resize=584%2C8&#038;ssl=1\" alt=\"linje\" data-recalc-dims=\"1\" \/><span style=\"font-size: medium; color: #800000;\"><strong>27 \u2013 29 mars 2026:<\/strong><br \/>\n<strong><span style=\"font-size: x-large;\"><span style=\"font-family: AGaramond, Garamond, Jenson, serif; color: #800000;\">Gudomlig Extas<\/span><\/span><\/strong><br \/>\n<span style=\"font-size: small; color: #000000;\">F\u00f6rdjupningskurs f\u00f6r par, med Tantra, BDSM, lek och bus<br \/>\n<\/span><\/span><\/strong><span style=\"font-size: medium; color: #800000;\"><span style=\"font-size: small; color: #000000;\">Med Calle &amp; Jennie Rehbinder, i Stockholm.<\/span><\/span><strong><span style=\"font-size: medium; color: #800000;\"><span style=\"font-size: small; color: #000000;\"><br \/>\n<\/span><\/span><span style=\"font-size: medium;\"><span style=\"color: #800000;\"><a href=\"https:\/\/gudomligextas.wordpress.com\/\" target=\"_blank\" rel=\"noopener\">L\u00e4s mer p\u00e5 hemsidan f\u00f6r Gudomlig Extas! \u00bb<\/a><br \/>\n<\/span><\/span><img decoding=\"async\" loading=\"lazy\" src=\"https:\/\/i1.wp.com\/www.cirkuseros.nu\/app\/uploads\/2016\/11\/tunnlinjeoriginal_584.gif?resize=584%2C8&#038;ssl=1\" alt=\"linje\" data-recalc-dims=\"1\" \/><span style=\"font-size: medium; color: #800000;\"><strong>1 1 \u2013 3 maj 2026:<\/strong><br \/>\n<strong><span style=\"font-size: x-large;\"><span style=\"font-family: AGaramond, Garamond, Jenson, serif; color: #800000;\">Gudomlig Njutning<\/span><\/span><\/strong><br \/>\n<span style=\"font-size: small; color: #000000;\">Grundkurs i k\u00e4rlek, sex, relation, intimitet och tantra f\u00f6r par<br \/>\n<\/span><\/span><\/strong><span style=\"font-size: medium; color: #800000;\"><span style=\"font-size: small; color: #000000;\">Med Calle &amp; Jennie Rehbinder, i Stockholm.<\/span><\/span><strong><span style=\"font-size: medium;\"><span style=\"color: #800000;\"><br \/>\n<a href=\"https:\/\/gudomlignjutning.wordpress.com\/\" target=\"_blank\" rel=\"noopener noreferrer\">L\u00e4s mer p\u00e5 hemsidan f\u00f6r Gudomlig Njutning! \u00bb<\/a><br \/>\n<\/span><\/span><img decoding=\"async\" loading=\"lazy\" src=\"https:\/\/i1.wp.com\/www.cirkuseros.nu\/app\/uploads\/2016\/11\/tunnlinjeoriginal_584.gif?resize=584%2C8&#038;ssl=1\" alt=\"linje\" data-recalc-dims=\"1\" \/><br \/>\n<strong><span style=\"color: #800000;\">4 \u2013 7 juni 2026:<\/span><br \/>\n<span style=\"font-size: x-large; color: #800000;\"><span style=\"font-family: AGaramond, Garamond, Jenson, serif;\">K\u00e4rleksretreat<br \/>\n<\/span><\/span><\/strong><\/strong><strong><span style=\"font-size: medium; color: #000000;\"><span style=\"font-size: medium;\"><strong><span style=\"font-size: small;\">Njutningssp\u00e4ckad k\u00e4rlekskurs p\u00e5 kursg\u00e5rd, f\u00f6r par<\/span><\/strong><br \/>\n<\/span><\/span><\/strong><span style=\"color: #990000;\"><span style=\"font-size: medium;\"><span style=\"color: #990000;\"><span style=\"font-size: medium;\"><span style=\"color: #800000;\"><span style=\"color: #990000;\"><span style=\"font-size: medium;\"><span style=\"color: #800000;\"><span style=\"font-size: medium;\"><span style=\"color: #800000;\"><span style=\"color: #990000;\"><span style=\"color: #000000;\"><span style=\"color: #990000;\"><span style=\"font-size: medium;\"><span style=\"color: #800000;\"><span style=\"font-size: medium;\"><span style=\"color: #800000;\"><span style=\"color: #990000;\"><span style=\"font-size: medium;\"><span style=\"color: #800000;\"><span style=\"color: #990000;\"><span style=\"font-size: medium;\"><span style=\"color: #800000;\"><span style=\"color: #000000;\"><span style=\"color: #990000;\"><span style=\"font-size: medium;\"><span style=\"color: #800000;\"><span style=\"font-size: medium; color: #000000;\"><span style=\"font-size: medium;\"><span style=\"color: #000000;\"><span style=\"font-size: small;\">Med Calle &amp; Jennie Rehbinder, p\u00e5 Skeppsuddens Kursg\u00e5rd, Norrk\u00f6ping. <\/span><\/span><\/span><\/span><\/span><\/span><\/span><\/span><\/span><\/span><\/span><\/span><\/span><\/span><\/span><\/span><\/span><\/span><\/span><\/span><\/span><\/span><\/span><\/span><\/span><\/span><\/span><\/span><\/span><\/span><\/span><strong><strong><span style=\"color: #990000;\"><span style=\"font-size: medium;\"><strong><span style=\"color: #990000;\"><span style=\"font-size: medium;\"><span style=\"color: #800000;\"><span style=\"color: #990000;\"><span style=\"font-size: medium;\"><span style=\"color: #800000;\"><span style=\"font-size: medium;\"><span style=\"color: #800000;\"><span style=\"color: #990000;\"><span style=\"color: #000000;\"><strong><span style=\"color: #990000;\"><span style=\"font-size: medium;\"><span style=\"color: #800000;\"><span style=\"font-size: medium;\"><span style=\"color: #800000;\"><strong><span style=\"color: #990000;\"><span style=\"font-size: medium;\"><span style=\"color: #800000;\"><strong><span style=\"color: #990000;\"><span style=\"font-size: medium;\"><span style=\"color: #800000;\"><span style=\"color: #000000;\"><strong><span style=\"color: #990000;\"><span style=\"font-size: medium;\"><span style=\"color: #800000;\"><strong><span style=\"font-size: medium; color: #000000;\"><span style=\"font-size: medium;\"><span style=\"color: #000000;\"><span style=\"font-size: medium;\"><span style=\"color: #800000;\"><strong><span style=\"color: #990000;\"><strong><br \/>\n<a href=\"https:\/\/karleksretreat.wordpress.com\" target=\"_blank\" rel=\"noopener noreferrer\">L\u00e4s mer p\u00e5 hemsidan f\u00f6r v\u00e5r K\u00e4rleksretreat! \u00bb<\/a><br \/>\n<img decoding=\"async\" loading=\"lazy\" src=\"https:\/\/i1.wp.com\/www.cirkuseros.nu\/app\/uploads\/2016\/11\/tunnlinjeoriginal_584.gif?resize=584%2C8&#038;ssl=1\" alt=\"linje\" data-recalc-dims=\"1\" \/><br \/>\n<strong><span style=\"color: #800000;\">4 &#8211; 9 augusti 2026:<\/span><\/strong><br \/>\n<span style=\"font-size: x-large; color: #800000;\"><strong><span style=\"font-family: AGaramond, Garamond, Jenson, serif;\">Sexsibilityfestivalen<\/span><\/strong><\/span><br \/>\n<span style=\"color: #000000;\"><span style=\"font-size: small;\">P\u00e5 \u00c4ngsbacka kursg\u00e5rd<\/span><\/span><span style=\"color: #000000;\"><span style=\"font-size: small;\">, Molkom.<\/span><\/span><span style=\"color: #000000;\"><span style=\"font-size: small;\"><br \/>\n<\/span><\/span><\/strong><\/span><\/strong><\/span><\/span><\/span><\/span><\/span><\/strong><\/span><\/span><\/span><\/strong><\/span><\/span><\/span><\/span><\/strong><\/span><\/span><\/span><\/strong><\/span><\/span><\/span><\/span><\/span><\/strong><\/span><\/span><\/span><\/span><\/span><\/span><\/span><\/span><\/span><\/span><\/strong><\/span><\/span><\/strong><\/strong><span style=\"color: #990000;\"><span style=\"font-size: medium;\"><span style=\"color: #990000;\"><span style=\"font-size: medium;\"><span style=\"color: #800000;\"><span style=\"color: #990000;\"><span style=\"font-size: medium;\"><span style=\"color: #800000;\"><span style=\"font-size: medium;\"><span style=\"color: #800000;\"><span style=\"color: #990000;\"><span style=\"color: #000000;\"><span style=\"color: #990000;\"><span style=\"font-size: medium;\"><span style=\"color: #800000;\"><span style=\"font-size: medium;\"><span style=\"color: #800000;\"><span style=\"color: #990000;\"><span style=\"font-size: medium;\"><span style=\"color: #800000;\"><span style=\"color: #990000;\"><span style=\"font-size: medium;\"><span style=\"color: #800000;\"><span style=\"color: #000000;\"><span style=\"color: #990000;\"><span style=\"color: #990000;\"><span style=\"font-size: medium;\"><span style=\"color: #800000;\"><span class=\"tojvnm2t a6sixzi8 abs2jz4q a8s20v7p t1p8iaqh k5wvi7nf q3lfd5jv pk4s997a bipmatt0 cebpdrjk qowsmv63 owwhemhu dp1hu0rb dhp61c6y iyyx5f41\"><span style=\"color: #990000;\"><span style=\"font-size: medium;\"><span style=\"color: #800000;\"><span class=\"tojvnm2t a6sixzi8 abs2jz4q a8s20v7p t1p8iaqh k5wvi7nf q3lfd5jv pk4s997a bipmatt0 cebpdrjk qowsmv63 owwhemhu dp1hu0rb dhp61c6y iyyx5f41\"><span style=\"color: #000000;\"><span style=\"font-size: small;\">Sveriges st\u00f6rsta festival med tema sex, relationer<\/span><\/span><\/span><\/span><\/span><\/span><\/span><\/span><\/span><\/span><\/span><\/span><\/span><\/span><\/span><\/span><\/span><\/span><\/span><\/span><\/span><\/span><\/span><\/span><\/span><\/span><\/span><\/span><\/span><\/span><\/span><\/span><\/span><\/span><\/span><span style=\"color: #990000;\"><span style=\"font-size: medium;\"><span style=\"color: #990000;\"><span style=\"font-size: medium;\"><span style=\"color: #800000;\"><span style=\"color: #990000;\"><span style=\"font-size: medium;\"><span style=\"color: #800000;\"><span style=\"font-size: medium;\"><span style=\"color: #800000;\"><span style=\"color: #990000;\"><span style=\"color: #000000;\"><span style=\"color: #990000;\"><span style=\"font-size: medium;\"><span style=\"color: #800000;\"><span style=\"font-size: medium;\"><span style=\"color: #800000;\"><span style=\"color: #990000;\"><span style=\"font-size: medium;\"><span style=\"color: #800000;\"><span style=\"color: #990000;\"><span style=\"font-size: medium;\"><span style=\"color: #800000;\"><span style=\"color: #000000;\"><span style=\"color: #990000;\"><span style=\"color: #990000;\"><span style=\"font-size: medium;\"><span style=\"color: #800000;\"><span class=\"tojvnm2t a6sixzi8 abs2jz4q a8s20v7p t1p8iaqh k5wvi7nf q3lfd5jv pk4s997a bipmatt0 cebpdrjk qowsmv63 owwhemhu dp1hu0rb dhp61c6y iyyx5f41\"><span style=\"color: #990000;\"><span style=\"font-size: medium;\"><span style=\"color: #800000;\"><span class=\"tojvnm2t a6sixzi8 abs2jz4q a8s20v7p t1p8iaqh k5wvi7nf q3lfd5jv pk4s997a bipmatt0 cebpdrjk qowsmv63 owwhemhu dp1hu0rb dhp61c6y iyyx5f41\"><span style=\"color: #990000;\"><span style=\"font-size: medium;\"><span style=\"color: #800000;\"><span style=\"font-size: small;\"><span style=\"color: #000000;\">, k\u00e4rlek, njutning, intimitet.<\/span><\/span><span style=\"color: #000000;\"><span style=\"font-size: small;\"><br \/>\n<\/span><\/span><\/span><\/span><\/span><\/span><\/span><\/span><\/span><span style=\"color: #990000;\"><span style=\"font-size: medium;\"><span style=\"color: #800000;\"><span class=\"tojvnm2t a6sixzi8 abs2jz4q a8s20v7p t1p8iaqh k5wvi7nf q3lfd5jv pk4s997a bipmatt0 cebpdrjk qowsmv63 owwhemhu dp1hu0rb dhp61c6y iyyx5f41\"><span style=\"color: #990000;\"><span style=\"font-size: medium;\"><span style=\"color: #800000;\"><span style=\"color: #000000;\"><span style=\"font-size: small;\">Till festivalen kommer m\u00e5nga sp\u00e4nnande workshopledare och andra inspirat\u00f6rer.<\/span><\/span><\/span><\/span><\/span><\/span><\/span><\/span><\/span><span style=\"color: #990000;\"><span style=\"font-size: medium;\"><span style=\"color: #800000;\"><span class=\"tojvnm2t a6sixzi8 abs2jz4q a8s20v7p t1p8iaqh k5wvi7nf q3lfd5jv pk4s997a bipmatt0 cebpdrjk qowsmv63 owwhemhu dp1hu0rb dhp61c6y iyyx5f41\"><span style=\"color: #990000;\"><span style=\"font-size: medium;\"><span style=\"color: #800000;\"><span style=\"color: #000000;\"><span style=\"font-size: small;\"><br \/>\nVi \u00e4r som alltid med, och h\u00e5ller flera workshops.<\/span><\/span><\/span><\/span><\/span><\/span><\/span><\/span><\/span><\/span><\/span><\/span><\/span><\/span><\/span><\/span><\/span><\/span><\/span><\/span><\/span><\/span><\/span><\/span><\/span><\/span><\/span><\/span><\/span><\/span><\/span><\/span><\/span><\/span><\/span><\/span><\/span><\/span><strong><strong><span style=\"color: #990000;\"><span style=\"font-size: medium;\"><strong><span style=\"color: #990000;\"><span style=\"font-size: medium;\"><span style=\"color: #800000;\"><span style=\"color: #990000;\"><span style=\"font-size: medium;\"><span style=\"color: #800000;\"><span style=\"font-size: medium;\"><span style=\"color: #800000;\"><span style=\"color: #990000;\"><span style=\"color: #000000;\"><strong><span style=\"color: #990000;\"><span style=\"font-size: medium;\"><span style=\"color: #800000;\"><span style=\"font-size: medium;\"><span style=\"color: #800000;\"><strong><span style=\"color: #990000;\"><span style=\"font-size: medium;\"><span style=\"color: #800000;\"><strong><span style=\"color: #990000;\"><span style=\"font-size: medium;\"><span style=\"color: #800000;\"><span style=\"color: #000000;\"><strong><span style=\"color: #990000;\"><strong><strong><strong><span style=\"color: #990000;\"><span style=\"font-size: medium;\"><span style=\"color: #800000;\"><span class=\"tojvnm2t a6sixzi8 abs2jz4q a8s20v7p t1p8iaqh k5wvi7nf q3lfd5jv pk4s997a bipmatt0 cebpdrjk qowsmv63 owwhemhu dp1hu0rb dhp61c6y iyyx5f41\"><strong><span style=\"color: #990000;\"><span style=\"font-size: medium;\"><span style=\"color: #800000;\"><span class=\"tojvnm2t a6sixzi8 abs2jz4q a8s20v7p t1p8iaqh k5wvi7nf q3lfd5jv pk4s997a bipmatt0 cebpdrjk qowsmv63 owwhemhu dp1hu0rb dhp61c6y iyyx5f41\"><span style=\"color: #990000;\"><span style=\"font-size: medium;\"><span style=\"color: #800000;\"><span style=\"color: #000000;\"><span style=\"font-size: small;\"><br \/>\n<\/span><\/span><\/span><\/span><\/span><strong><span style=\"color: #990000;\"><span style=\"font-size: medium;\"><span style=\"color: #800000;\"><a href=\"https:\/\/www.angsbacka.com\/event\/sexsibility\/\" target=\"_blank\" rel=\"noopener noreferrer\">L\u00e4s mer p\u00e5 hemsidan f\u00f6r Sexsibilityfestivalen! \u00bb<\/a><br \/>\n<img decoding=\"async\" loading=\"lazy\" src=\"https:\/\/i1.wp.com\/www.cirkuseros.nu\/app\/uploads\/2016\/11\/tunnlinjeoriginal_584.gif?resize=584%2C8&#038;ssl=1\" alt=\"linje\" data-recalc-dims=\"1\" \/><\/span><br \/>\n30 augusti \u2013 5 september 2026:<br \/>\n<span style=\"font-size: x-large;\"><span style=\"font-family: AGaramond, Garamond, Jenson, serif;\"><span style=\"color: #800000;\">Fri att \u00c4lska<\/span><\/span><\/span><br \/>\n<span style=\"font-size: medium; color: #000000;\"><span style=\"font-size: small;\">Tantrisk k\u00e4rlekskurs f\u00f6r par<\/span><\/span><span style=\"font-size: small;\"><br \/>\n<\/span><\/span><\/span><\/strong><\/span><\/span><\/span><\/span><\/strong><\/span><\/span><\/span><\/span><\/strong><\/strong><\/strong><\/span><\/strong><\/span><\/span><\/span><\/span><\/strong><\/span><\/span><\/span><\/strong><\/span><\/span><\/span><\/span><\/span><\/strong><\/span><\/span><\/span><\/span><\/span><\/span><\/span><\/span><\/span><\/span><\/strong><\/span><\/span><\/strong><\/strong><span style=\"color: #990000;\"><span style=\"font-size: medium;\"><span style=\"color: #990000;\"><span style=\"font-size: medium;\"><span style=\"color: #800000;\"><span style=\"color: #990000;\"><span style=\"font-size: medium;\"><span style=\"color: #800000;\"><span style=\"font-size: medium;\"><span style=\"color: #800000;\"><span style=\"color: #990000;\"><span style=\"color: #000000;\"><span style=\"color: #990000;\"><span style=\"font-size: medium;\"><span style=\"color: #800000;\"><span style=\"font-size: medium;\"><span style=\"color: #800000;\"><span style=\"color: #990000;\"><span style=\"font-size: medium;\"><span style=\"color: #800000;\"><span style=\"color: #990000;\"><span style=\"font-size: medium;\"><span style=\"color: #800000;\"><span style=\"color: #000000;\"><span style=\"color: #990000;\"><span style=\"color: #990000;\"><span style=\"font-size: medium;\"><span style=\"color: #800000;\"><span class=\"tojvnm2t a6sixzi8 abs2jz4q a8s20v7p t1p8iaqh k5wvi7nf q3lfd5jv pk4s997a bipmatt0 cebpdrjk qowsmv63 owwhemhu dp1hu0rb dhp61c6y iyyx5f41\"><span style=\"color: #990000;\"><span style=\"font-size: medium;\"><span style=\"color: #800000;\"><span class=\"tojvnm2t a6sixzi8 abs2jz4q a8s20v7p t1p8iaqh k5wvi7nf q3lfd5jv pk4s997a bipmatt0 cebpdrjk qowsmv63 owwhemhu dp1hu0rb dhp61c6y iyyx5f41\"><span style=\"color: #990000;\"><span style=\"font-size: medium;\"><span style=\"color: #000000;\"><span style=\"font-size: small;\">Med Calle &amp; Jennie Rehbinder, p<\/span><span style=\"font-size: small;\">\u00e5 Gardoussel Retreat, Languedoc, s\u00f6dra Frankrike.<\/span><\/span><\/span><\/span><\/span><\/span><\/span><\/span><\/span><\/span><\/span><\/span><\/span><\/span><\/span><\/span><\/span><\/span><\/span><\/span><\/span><\/span><\/span><\/span><\/span><\/span><\/span><\/span><\/span><\/span><\/span><\/span><\/span><\/span><\/span><\/span><\/span><strong><strong><span style=\"color: #990000;\"><span style=\"font-size: medium;\"><strong><span style=\"color: #990000;\"><span style=\"font-size: medium;\"><span style=\"color: #800000;\"><span style=\"color: #990000;\"><span style=\"font-size: medium;\"><span style=\"color: #800000;\"><span style=\"font-size: medium;\"><span style=\"color: #800000;\"><span style=\"color: #990000;\"><span style=\"color: #000000;\"><strong><span style=\"color: #990000;\"><span style=\"font-size: medium;\"><span style=\"color: #800000;\"><span style=\"font-size: medium;\"><span style=\"color: #800000;\"><strong><span style=\"color: #990000;\"><span style=\"font-size: medium;\"><span style=\"color: #800000;\"><strong><span style=\"color: #990000;\"><span style=\"font-size: medium;\"><span style=\"color: #800000;\"><span style=\"color: #000000;\"><strong><span style=\"color: #990000;\"><strong><strong><strong><span style=\"color: #990000;\"><span style=\"font-size: medium;\"><span style=\"color: #800000;\"><span class=\"tojvnm2t a6sixzi8 abs2jz4q a8s20v7p t1p8iaqh k5wvi7nf q3lfd5jv pk4s997a bipmatt0 cebpdrjk qowsmv63 owwhemhu dp1hu0rb dhp61c6y iyyx5f41\"><strong><span style=\"color: #990000;\"><span style=\"font-size: medium;\"><span style=\"color: #800000;\"><span class=\"tojvnm2t a6sixzi8 abs2jz4q a8s20v7p t1p8iaqh k5wvi7nf q3lfd5jv pk4s997a bipmatt0 cebpdrjk qowsmv63 owwhemhu dp1hu0rb dhp61c6y iyyx5f41\"><strong><span style=\"color: #990000;\"><span style=\"font-size: medium;\"><br \/>\n<a href=\"https:\/\/friattalska.wordpress.com\/\" target=\"_blank\" rel=\"noopener noreferrer\">L\u00e4s mer p\u00e5 hemsidan f\u00f6r Fri att \u00c4lska!\u00a0\u00bb<\/a><br \/>\n<span style=\"color: #800000;\"><img decoding=\"async\" loading=\"lazy\" src=\"https:\/\/i0.wp.com\/www.cirkuseros.nu\/app\/uploads\/2017\/01\/heartline_584.gif?resize=584%2C20&#038;ssl=1\" alt=\"Heartline\" data-recalc-dims=\"1\" \/><\/span><\/span><\/span><\/strong><\/span><\/span><\/span><\/span><\/strong><\/span><\/span><\/span><\/span><\/strong><\/strong><\/strong><\/span><\/strong><\/span><\/span><\/span><\/span><\/strong><\/span><\/span><\/span><\/strong><\/span><\/span><\/span><\/span><\/span><\/strong><\/span><\/span><\/span><\/span><\/span><\/span><\/span><\/span><\/span><\/span><\/strong><\/span><\/span><\/strong><\/strong><\/p>\n<p><img decoding=\"async\" loading=\"lazy\" src=\"https:\/\/i2.wp.com\/www.cirkuseros.nu\/app\/uploads\/2016\/10\/fri_kursbanner_ani.gif?resize=584%2C140&#038;ssl=1\" alt=\"\" data-recalc-dims=\"1\" \/><\/p>\n","protected":false},"excerpt":{"rendered":"<p>6 \u2013 8 februari 2026: Gudomlig Njutning Grundkurs i k\u00e4rlek, sex, relation, intimitet och tantra f\u00f6r par Med Calle &amp; Jennie Rehbinder, i Stockholm. L\u00e4s mer p\u00e5 hemsidan f\u00f6r Gudomlig Njutning! \u00bb 27 \u2013 29 mars 2026: Gudomlig Extas F\u00f6rdjupningskurs &hellip; <a href=\"https:\/\/www.cirkuseros.nu\/index.php\/kurser\/kalendarium\/\">Forts\u00e4tt l\u00e4sa <span class=\"meta-nav\">&rarr;<\/span><\/a><\/p>\n","protected":false},"author":2,"featured_media":0,"parent":48,"menu_order":1,"comment_status":"closed","ping_status":"closed","template":"sidebar-page.php","meta":[],"_links":{"self":[{"href":"https:\/\/www.cirkuseros.nu\/index.php\/wp-json\/wp\/v2\/pages\/124"}],"collection":[{"href":"https:\/\/www.cirkuseros.nu\/index.php\/wp-json\/wp\/v2\/pages"}],"about":[{"href":"https:\/\/www.cirkuseros.nu\/index.php\/wp-json\/wp\/v2\/types\/page"}],"author":[{"embeddable":true,"href":"https:\/\/www.cirkuseros.nu\/index.php\/wp-json\/wp\/v2\/users\/2"}],"replies":[{"embeddable":true,"href":"https:\/\/www.cirkuseros.nu\/index.php\/wp-json\/wp\/v2\/comments?post=124"}],"version-history":[{"count":212,"href":"https:\/\/www.cirkuseros.nu\/index.php\/wp-json\/wp\/v2\/pages\/124\/revisions"}],"predecessor-version":[{"id":14502,"href":"https:\/\/www.cirkuseros.nu\/index.php\/wp-json\/wp\/v2\/pages\/124\/revisions\/14502"}],"up":[{"embeddable":true,"href":"https:\/\/www.cirkuseros.nu\/index.php\/wp-json\/wp\/v2\/pages\/48"}],"wp:attachment":[{"href":"https:\/\/www.cirkuseros.nu\/index.php\/wp-json\/wp\/v2\/media?parent=124"}],"curies":[{"name":"wp","href":"https:\/\/api.w.org\/{rel}","templated":true}]}}