{"id":1725,"date":"2016-11-22T13:35:54","date_gmt":"2016-11-22T12:35:54","guid":{"rendered":"https:\/\/cirkuseros.wordpress.com\/?page_id=1725"},"modified":"2017-02-04T05:21:05","modified_gmt":"2017-02-04T04:21:05","slug":"frageladan-fraga-svar-28","status":"publish","type":"page","link":"https:\/\/www.cirkuseros.nu\/index.php\/text\/frageladan\/frageladan-fraga-svar-28\/","title":{"rendered":"Fr\u00e5gel\u00e5dan &#8211; fr\u00e5ga &#038; svar:"},"content":{"rendered":"<p><img decoding=\"async\" loading=\"lazy\" src=\"https:\/\/i0.wp.com\/www.cirkuseros.nu\/app\/uploads\/2017\/01\/heartline_584.gif?resize=584%2C20&#038;ssl=1\" alt=\"Heartline\" data-recalc-dims=\"1\" \/><br \/>\n<span style=\"color: #800000;\"><strong><span style=\"font-family: Verdana, Geneva, Arial, Helvetica, Sans serif; font-size: large;\">Pinsamt med vibrerande klitorisstimulator inf\u00f6r min partner\u2026<\/span><\/strong><\/span><br \/>\n<img decoding=\"async\" loading=\"lazy\" src=\"https:\/\/i1.wp.com\/www.cirkuseros.nu\/app\/uploads\/2016\/11\/tunnlinjeoriginal_584.gif?resize=584%2C8&#038;ssl=1\" alt=\"linje\" data-recalc-dims=\"1\" \/><br \/>\n<span style=\"font-family: AGaramond, Garamond, Jenson, serif; font-size: x-large;\"><strong>Fr\u00e5ga:<\/strong><\/span><br \/>\nJag har en fr\u00e5ga om sexleksaker. Jag \u00e4r 45+, och jag undrar om det \u00e4r vanligt att kvinnor inte kan f\u00e5 orgasm utan en klitorisstimulator??<br \/>\nJag tycker det \u00e4r v\u00e4ldigt pinsamt att ta fram en vibrerande stimulator tillsammans med min partner.<br \/>\nVi har bara haft f\u00f6rh\u00e5llande i 3 m\u00e5nader, och det fungerar inte med fingrar eller tunga.<br \/>\nKan ni rekommendera den TYSTASTE av n\u00e5gon liten klitorisstimulator??<\/p>\n<p><img decoding=\"async\" loading=\"lazy\" src=\"https:\/\/i0.wp.com\/www.cirkuseros.nu\/app\/uploads\/2016\/11\/sexleksakerdisplay.jpg?resize=584%2C367&#038;ssl=1\" alt=\"sexleksakerdisplay\" data-recalc-dims=\"1\" \/><br \/>\n<img decoding=\"async\" loading=\"lazy\" src=\"https:\/\/i1.wp.com\/www.cirkuseros.nu\/app\/uploads\/2016\/11\/tunnlinjeoriginal_584.gif?resize=584%2C8&#038;ssl=1\" alt=\"linje\" data-recalc-dims=\"1\" \/><br \/>\n<span style=\"font-family: AGaramond, Garamond, Jenson, serif; font-size: x-large;\"><strong>Svar:<\/strong><\/span><br \/>\nVad g\u00e4ller sexleksaker s\u00e5 finns det idag en uppsj\u00f6 av leksaker f\u00f6r kvinnor (tyv\u00e4rr betydligt f\u00e4rre f\u00f6r m\u00e4n).<\/p>\n<p>Mycket finns p\u00e5 Internet, men om du vill ha lite mer personlig service rekommenderar jag varmt att du bes\u00f6ker n\u00e5gon fysisk butik. Min favorit \u00e4r Ylva Franz\u00e9ns butik Afrodites Apotek p\u00e5 Katarina Bangata 17 i Stockholm. De \u00e4r oerh\u00f6rt kompetenta, och d\u00e4r kan du f\u00e5 v\u00e4ldigt bra r\u00e5d och tips om bra sexleksaker, som t.ex. tysta klitorisstimulatorer.<\/p>\n<p>Vad g\u00e4ller dina fr\u00e5gor kring skam och pinsamheter, s\u00e5 vill jag till att b\u00f6rja med p\u00e5peka att problem \u00e4r som trollen i skogen. Om man inte pratar om dem, f\u00f6rs\u00f6ker att inte l\u00e5tsas om dem, s\u00e5 v\u00e4xer de, men om man tar fram dem i solen s\u00e5 spricker de och f\u00f6rsvinner.<\/p>\n<p>Prata med din man ist\u00e4llet f\u00f6r att sk\u00e4mmas. Det \u00e4r bara pinsamt s\u00e5 l\u00e4nge du tycker att det \u00e4r pinsamt. G\u00f6r det till en gemensam lek. Visa glatt din fina leksak, och ber\u00e4tta hu h\u00e4rliga orgasmer du f\u00e5r n\u00e4r du hj\u00e4lper till med den.<\/p>\n<p>Sex ska inte vara en sportprestation som ger \u00e5ngest &#8211; sex ska vara lek, gl\u00e4dje, lust, n\u00e4rhet, extas och njutning.<\/p>\n<p>Kom ih\u00e5g det.<\/p>\n<p><img decoding=\"async\" loading=\"lazy\" src=\"https:\/\/i1.wp.com\/www.cirkuseros.nu\/app\/uploads\/2016\/11\/tunnlinjeoriginal_584.gif?resize=584%2C8&#038;ssl=1\" alt=\"linje\" data-recalc-dims=\"1\" \/><br \/>\n<strong><a href=\"https:\/\/www.cirkuseros.nu\/index.php\/text\/frageladan\/\">Tillbaka till Fr\u00e5gel\u00e5dan \u00bb<\/a><\/strong><\/p>\n<p><img decoding=\"async\" loading=\"lazy\" src=\"https:\/\/i0.wp.com\/www.cirkuseros.nu\/app\/uploads\/2017\/01\/heartline_584.gif?resize=584%2C20&#038;ssl=1\" alt=\"Heartline\" data-recalc-dims=\"1\" \/><\/p>\n<p><img decoding=\"async\" loading=\"lazy\" src=\"https:\/\/i2.wp.com\/www.cirkuseros.nu\/app\/uploads\/2016\/10\/fri_kursbanner_ani.gif?resize=584%2C140&#038;ssl=1\" alt=\"Cirkus Eros - erotik f\u00f6r finsmakare\" data-recalc-dims=\"1\" \/><\/p>\n","protected":false},"excerpt":{"rendered":"<p>Pinsamt med vibrerande klitorisstimulator inf\u00f6r min partner\u2026 Fr\u00e5ga: Jag har en fr\u00e5ga om sexleksaker. Jag \u00e4r 45+, och jag undrar om det \u00e4r vanligt att kvinnor inte kan f\u00e5 orgasm utan en klitorisstimulator?? Jag tycker det \u00e4r v\u00e4ldigt pinsamt att &hellip; <a href=\"https:\/\/www.cirkuseros.nu\/index.php\/text\/frageladan\/frageladan-fraga-svar-28\/\">Forts\u00e4tt l\u00e4sa <span class=\"meta-nav\">&rarr;<\/span><\/a><\/p>\n","protected":false},"author":2,"featured_media":0,"parent":51,"menu_order":28,"comment_status":"closed","ping_status":"closed","template":"sidebar-page.php","meta":[],"_links":{"self":[{"href":"https:\/\/www.cirkuseros.nu\/index.php\/wp-json\/wp\/v2\/pages\/1725"}],"collection":[{"href":"https:\/\/www.cirkuseros.nu\/index.php\/wp-json\/wp\/v2\/pages"}],"about":[{"href":"https:\/\/www.cirkuseros.nu\/index.php\/wp-json\/wp\/v2\/types\/page"}],"author":[{"embeddable":true,"href":"https:\/\/www.cirkuseros.nu\/index.php\/wp-json\/wp\/v2\/users\/2"}],"replies":[{"embeddable":true,"href":"https:\/\/www.cirkuseros.nu\/index.php\/wp-json\/wp\/v2\/comments?post=1725"}],"version-history":[{"count":2,"href":"https:\/\/www.cirkuseros.nu\/index.php\/wp-json\/wp\/v2\/pages\/1725\/revisions"}],"predecessor-version":[{"id":6649,"href":"https:\/\/www.cirkuseros.nu\/index.php\/wp-json\/wp\/v2\/pages\/1725\/revisions\/6649"}],"up":[{"embeddable":true,"href":"https:\/\/www.cirkuseros.nu\/index.php\/wp-json\/wp\/v2\/pages\/51"}],"wp:attachment":[{"href":"https:\/\/www.cirkuseros.nu\/index.php\/wp-json\/wp\/v2\/media?parent=1725"}],"curies":[{"name":"wp","href":"https:\/\/api.w.org\/{rel}","templated":true}]}}