{"id":1966,"date":"2016-11-23T00:15:59","date_gmt":"2016-11-22T23:15:59","guid":{"rendered":"https:\/\/cirkuseros.wordpress.com\/?page_id=1966"},"modified":"2017-02-09T02:18:46","modified_gmt":"2017-02-09T01:18:46","slug":"porr-fornedring-och-vald","status":"publish","type":"page","link":"https:\/\/www.cirkuseros.nu\/index.php\/text\/artiklar\/artiklar-av-gastartister-andra-skribenter\/porr-fornedring-och-vald\/","title":{"rendered":"Porr = f\u00f6rnedring och v\u00e5ld?"},"content":{"rendered":"<p><strong>I folkmun kallas sex f\u00f6r &#8221;snusk&#8221;.<\/strong> Och k\u00f6nsord anv\u00e4nds flitigt som sk\u00e4llsord.<\/p>\n<p>F\u00f6rutom att skuld- och skamk\u00e4nslor \u00e4r h\u00f6gst p\u00e5tagliga i f\u00f6rbindelse med sex \u00e4r vi utsatta f\u00f6r en s\u00e4rskilt tragisk omst\u00e4ndighet: sex \u00e4r starkt f\u00f6rknippat med f\u00f6rnedring och v\u00e5ld.<\/p>\n<p>Huruvida det h\u00e4r sambandet har f\u00f6rst\u00e4rkts, eller om det har mildrats, r\u00e5der det delade meningar om. P\u00e5 sistone har debattv\u00e5gorna svallat intensivt, och &#8221;v\u00e5ldsporr&#8221; har blivit ett centralt begrepp. P\u00e5st\u00e5enden om att mediaexplosionen \u00e4r boven i dramat duggar t\u00e4tt.<\/p>\n<p>V\u00e5ldsskildringar har sedan s\u00e5v\u00e4l Homeros som Eddans dagar varit ett framtr\u00e4dande motiv i fiktiva ber\u00e4ttelser av alla slag. Hur situationen ser ut nu f\u00f6r tiden kan enklast fastst\u00e4llas genom ett par genombl\u00e4ddringar av det vardagliga utbudet av kv\u00e4llsunderh\u00e5llning i v\u00e5ra TV-kanaler. D\u00e4r p\u00e5g\u00e5r ett evigt skjutande och m\u00f6rdande.<\/p>\n<p>Det f\u00f6refaller mig som att det i media under senare decennier skett en f\u00f6rskjutning fr\u00e5n ett motivomr\u00e5de till ett annat. F\u00f6r femtio \u00e5r sedan var kampen mellan &#8221;hj\u00e4lten&#8221; och &#8221;skurken&#8221; &#8211; b\u00e5da m\u00e4n &#8211; ett grundtema.<\/p>\n<p>Min bild av l\u00e4get \u00e4r att &#8221;v\u00e5ld mot kvinnor&#8221; nu kommit att bli generallinjen. Ett s\u00e4llsamt undantagen fr\u00e5n denna f\u00f6rmodade huvudtendens inom popul\u00e4rkulturen \u00e4r emellertid porren.<\/p>\n<p>J\u00e4mf\u00f6rt med massmediautbudet i \u00f6vrigt utg\u00f6r porren n\u00e5got som n\u00e4rmast kan beskrivas som en fredad zon vad g\u00e4ller v\u00e5ld mot kvinnor. Detta betyder givetvis inte att porren \u00e4r fri fr\u00e5n v\u00e5ld &#8211; absolut inte. Man beh\u00f6ver inte anstr\u00e4nga sig f\u00f6r att hitta exempel p\u00e5 porrfilmer med v\u00e5ldsinslag.<\/p>\n<p>Ska man d\u00e4remot f\u00f6rs\u00f6ka leta fram filmer i s\u00e5dana genrer som polisserier, thrillers eller s k actionfilmer som inte fokuserar p\u00e5 v\u00e5ld mot kvinnor, d\u00e5 tror jag man tvingas l\u00e4gga ner \u00e5tskillig m\u00f6da.S\u00e5 den som i sin TV-soffa s\u00f6ker l\u00e4mplig f\u00f6rstr\u00f6else, men vill undvika v\u00e5ld mot kvinnor, b\u00f6r antagligen hellre v\u00e4lja en porrfilm \u00e4n n\u00e5gon av de mest popul\u00e4ra polisserierna.<\/p>\n<p>Min bed\u00f6mning grundar sig p\u00e5 att jag (till skillnad fr\u00e5n m\u00e5nga andra som tar del i debatten) sett hundratals porrfilmer &#8211; f\u00f6r valfrihetens skull f\u00f6rmedlade p\u00e5 annat s\u00e4tt \u00e4n via TV.<\/p>\n<p><strong>Uttolkare av porr<\/strong> brukar beskriva denna som n\u00e5got som \u00e4r gjort av m\u00e4n f\u00f6r m\u00e4n. &#8221;Det manliga perspektivet&#8221; \u00e4r vad som fr\u00e4mst k\u00e4nnetecknar porren. Och visst \u00e4r det s\u00e5. Men vad handlar porren oftast om? Jo, detta: mannens dr\u00f6m om den sexuellt om\u00e5ttliga och om\u00e4ttliga kvinnan. Hon som aldrig f\u00e5r nog. Men nog av vad?<\/p>\n<p>De erotiska dr\u00f6mbilder som framtr\u00e4der i porren utg\u00f6rs av en organiserad torftighet. Men denna torftighet har inte alls \u00e5stadkommits av porren. Denna torftighet har en historia som str\u00e4cker sig l\u00e5ngt tillbaka i tiden. L\u00e5ngt innan TV- och videoapparaternas tillkomst. \u00c4nda tillbaka till Hedenh\u00f6s. Den \u00e4r en del av det manssamh\u00e4lle vi alla lever i &#8211; kvinnor s\u00e5v\u00e4l som m\u00e4n.<\/p>\n<p>Porrmotst\u00e5ndaren h\u00e4vdar att porren ger &#8221;fel bild&#8221; av vad sex \u00e4r. Jag skulle ist\u00e4llet vilja s\u00e4ga att porren ger en f\u00f6rf\u00e4rligt sanningsenlig bild av en viss form av sex. Dvs, vilka id\u00e9er, vanor och medel som \u00e4r aktuella vid sexuell sj\u00e4lvstimulering. Bland m\u00e4n.<\/p>\n<p>En annan fr\u00e5ga g\u00e4ller det fr\u00e5n alla h\u00e5ll samst\u00e4mmiga p\u00e5pekandet att porrens sexskildringar har v\u00e4ldigt lite gemensamt med hur det g\u00e5r till i den s k verkligheten. Men \u00e4r egentligen bristande verklighetsf\u00f6rankring s\u00e5 s\u00e4rskilt graverande? Fiktionsber\u00e4ttelser har ofta den karakt\u00e4ren. N\u00e5got som i andra sammanhang inte \u00e4r det minsta kontroversiellt. Det \u00e4r s\u00e4llan det riktas kritik mot att R\u00f6dluvan eller St\u00e5lmannen kan ge unga m\u00e4nniskor en f\u00f6rvriden verklighetsuppfattning g\u00e4llande s\u00e5dant som vargars matsm\u00e4ltningsapparat respektive aerodynamik och h\u00e5llfasthetsl\u00e4ra.<\/p>\n<p>Nej, dr\u00f6m och verklighet brukar oftast samsas gott. Och mitt f\u00f6rslag \u00e4r att denna typ av kluvenhet ska till\u00e5tas r\u00e5da \u00e4ven p\u00e5 erotikens omr\u00e5de. Jag gillar sagor &#8211; s\u00e4rskilt s\u00e5dana som g\u00f6r mig k\u00e5t.<\/p>\n<p><strong>De flesta typer av sexskildringar<\/strong> \u00e4r, mer eller mindre dolt, f\u00f6rknippade med skuld- och skamk\u00e4nslor &#8211; hos s\u00e5v\u00e4l producenter som konsumenter. Ett eventuellt deltagande i en porrfilm \u00e4r inget man ber\u00e4ttar om p\u00e5 sl\u00e4ktmiddagen. Och porrbetraktaren f\u00f6rvarar helst sitt f\u00f6rr\u00e5d av massmediala sinnesretningar ett gott stycke in i garderoben.<\/p>\n<p>Mot bakgrund av denna mentalitet \u00e4r det inte annat att v\u00e4nta \u00e4n att de akt\u00f6rer som rekryteras till porrbranschen i m\u00e5nga fall \u00e4r m\u00e4nniskor med sm\u00e4rtsamma sexuella upplevelser bakom sig. N\u00e4r en m\u00e4nniska som varit utsatt f\u00f6r sexuella \u00f6vergrepp inl\u00e5ter sig med den form av porrproduktion, som \u00e4r den f\u00f6rh\u00e4rskande, \u00e4r risken \u00f6verh\u00e4ngande att han eller hon f\u00f6rs in i en situation som inneb\u00e4r ett upprepat sexuellt utnyttjande. H\u00e4r kan man verkligen tala om en ond cirkel.<\/p>\n<p>Men hur kan denna kretsg\u00e5ng brytas? Sker det b\u00e4st genom att produktionen av erotiska dr\u00f6mbilder upph\u00f6r? F\u00f6r porrmotst\u00e5ndare \u00e4r svaret givet. De drar f\u00f6rbeh\u00e5llsl\u00f6st alla porrakt\u00f6rer \u00f6ver en kam, och ser dem som viljel\u00f6sa, f\u00f6rskr\u00e4mda eller f\u00f6rs\u00e5tligt f\u00f6rledda m\u00e4nniskor som g\u00e5tt med p\u00e5 n\u00e5got de egentligen ville bli f\u00f6rskonade fr\u00e5n. Porrakt\u00f6rer ses undantagsl\u00f6st som offer f\u00f6r ett exploaterande och f\u00f6rnedrande sexistiskt system.<\/p>\n<p>Den v\u00e4mjelse de protesterande sj\u00e4lva k\u00e4nner inf\u00f6r tanken att agera i en porrfilm planterar de utan minsta tvekan in i porrsk\u00e5disens hj\u00e4rta och hj\u00e4rna. F\u00f6ljaktligen ser de sj\u00e4lva inspelningssituationen, \u00e5tminstone f\u00f6r kvinnors del, som ett tvekl\u00f6st \u00f6vergrepp.<\/p>\n<p><strong>Men \u00e4r d\u00e5 inte sex<\/strong> n\u00e5got som \u00e4r f\u00f6r <em>fint<\/em> f\u00f6r att f\u00e5 lov att bli till en vara p\u00e5 marknaden?<\/p>\n<p>Det \u00e4r inte min mening. Och absolut inte min praktik &#8211; jag \u00e4r g\u00e4rna \u00e5sk\u00e5dare till sexskildringar i en rad olika genrer. Jag har inga bet\u00e4nkligheter mot att se sex fungera som en vara, ett levebr\u00f6d &#8211; och varf\u00f6r inte ett yrke? En s\u00e5dan &#8221;profanering&#8221; betraktar jag inte som det minsta riskabel. Tv\u00e4rtom. Att g\u00f6ra sex till n\u00e5got heligt tror jag d\u00e4remot kan vara mycket farligt. Lika farligt som allt annat heligg\u00f6rande.<\/p>\n<p>Att det skulle kunna finnas m\u00e4nniskor som m\u00e5r v\u00e4l av att upptr\u00e4da som <strong>erotikartister<\/strong> i ett eller annat medium, och kanske ocks\u00e5 &#8221;live&#8221; (n\u00e5got som sedan flera \u00e5r \u00e4r f\u00f6rbjudet i Sverige), \u00e4r en fr\u00e4mmande tanke f\u00f6r de allra flesta. De tar f\u00f6r givet att en s\u00e5dan syssla m\u00e5ste vara skadlig f\u00f6r ut\u00f6varen; att den skadar vederb\u00f6randes innersta och mest \u00f6mt\u00e5liga k\u00e4rna.<\/p>\n<p>Det \u00e4r sj\u00e4lva grunden f\u00f6r en s\u00e5dan uppfattning jag vill ifr\u00e5gas\u00e4tta. Kanske \u00e4r jag n\u00e5got av en mission\u00e4r f\u00f6r den &#8221;opersonliga&#8221;, eller som jag hellre uttrycker det, &#8221;\u00f6verpersonliga&#8221; sexualiteten. Dels f\u00f6r att jag sj\u00e4lv finner nytta och gl\u00e4dje med olika varianter av sex, dels f\u00f6r att jag har den tron att den &#8221;privata&#8221; sexualiteten i de flesta fall inte m\u00e4ktar med att uppb\u00e4ra trycket av all v\u00e5r l\u00e4ngtan efter njutning, \u00f6mhet, sk\u00f6nhet, stimulans, energi, sp\u00e4nning, utlevelse, rus, extas, \u00e4ventyr, avsp\u00e4nning, stillhet, vila, trygghet, sj\u00e4lvh\u00e4vdelse, sj\u00e4lvbekr\u00e4ftelse, identitetsutveckling, tillh\u00f6righet, gemenskap &#8211; name it!<\/p>\n<p>S\u00e4kerligen kommer det s\u00e5 sm\u00e5ningom att uppst\u00e5 en socialt etablerad profession som tillhandah\u00e5ller fiktiv erotik till gl\u00e4dje f\u00f6r entusiastiska \u00e5sk\u00e5darskaror; en publik som ser ut\u00f6varna som hederv\u00e4rda, till och med beundransv\u00e4rda yrkesm\u00e4nniskor.<\/p>\n<p>F\u00f6r mig \u00e4r porrens vara eller icke vara minst av allt en fr\u00e5ga om yttrande- och tryckfrihet &#8211; det r\u00f6r en n\u00e4rmast existentiell fr\u00e5ga. Om den moralism som avtecknat sig i den senaste tidens porrdebatt \u00e5ter skulle f\u00e5 regera v\u00e5r tillvaro, s\u00e5 som den gjort i \u00e5rhundraden, d\u00e5 skulle jag k\u00e4nna mig oerh\u00f6rt f\u00f6rnedrad. Lyckligtvis bed\u00f6mer jag sannolikheten f\u00f6r att detta ska intr\u00e4ffa som minimal; helt f\u00f6rsumbar.<\/p>\n<p>F\u00f6r mig \u00e4r det ett tecken p\u00e5 en optimistisk livsinst\u00e4llning att r\u00e4kna med att vi \u00e4r inne i en utveckling d\u00e4r r\u00e4dslan f\u00f6r offentliga erotiska utspel \u00e4r i avtagande &#8211; \u00e4ven vad g\u00e4ller s\u00e5dana utan &#8221;konstn\u00e4rliga&#8221; anspr\u00e5k eller f\u00f6rev\u00e4ndningar, dvs <em>rent<\/em> erotiska.<\/p>\n<p>&nbsp;<\/p>\n<p>\u00a9 Ulf Widestr\u00f6m, sexolog<\/p>\n<p><img decoding=\"async\" loading=\"lazy\" src=\"https:\/\/i1.wp.com\/www.cirkuseros.nu\/app\/uploads\/2016\/11\/tunnlinjeoriginal_584.gif?resize=584%2C8&#038;ssl=1\" alt=\"linje\" data-recalc-dims=\"1\" \/><br \/>\n<a href=\"https:\/\/www.cirkuseros.nu\/index.php\/text\/artiklar\/artiklar-av-gastartister-andra-skribenter\/\"><strong><span style=\"font-family: Verdana, Geneva, Arial, Helvetica, Sans serif; font-size: small;\">Tillbaka till Artiklar av g\u00e4startister \u00bb<\/span><\/strong><\/a><br \/>\n<img decoding=\"async\" loading=\"lazy\" src=\"https:\/\/i0.wp.com\/www.cirkuseros.nu\/app\/uploads\/2017\/01\/heartline_584.gif?resize=584%2C20&#038;ssl=1\" alt=\"Heartline\" data-recalc-dims=\"1\" \/><\/p>\n<p><img decoding=\"async\" loading=\"lazy\" src=\"https:\/\/i2.wp.com\/www.cirkuseros.nu\/app\/uploads\/2016\/10\/fri_kursbanner_ani.gif?resize=584%2C140&#038;ssl=1\" alt=\"Cirkus Eros - erotik f\u00f6r finsmakare\" data-recalc-dims=\"1\" \/><\/p>\n","protected":false},"excerpt":{"rendered":"<p>I folkmun kallas sex f\u00f6r &#8221;snusk&#8221;. Och k\u00f6nsord anv\u00e4nds flitigt som sk\u00e4llsord. F\u00f6rutom att skuld- och skamk\u00e4nslor \u00e4r h\u00f6gst p\u00e5tagliga i f\u00f6rbindelse med sex \u00e4r vi utsatta f\u00f6r en s\u00e4rskilt tragisk omst\u00e4ndighet: sex \u00e4r starkt f\u00f6rknippat med f\u00f6rnedring och v\u00e5ld. &hellip; <a href=\"https:\/\/www.cirkuseros.nu\/index.php\/text\/artiklar\/artiklar-av-gastartister-andra-skribenter\/porr-fornedring-och-vald\/\">Forts\u00e4tt l\u00e4sa <span class=\"meta-nav\">&rarr;<\/span><\/a><\/p>\n","protected":false},"author":2,"featured_media":0,"parent":1022,"menu_order":4,"comment_status":"closed","ping_status":"closed","template":"sidebar-page.php","meta":[],"_links":{"self":[{"href":"https:\/\/www.cirkuseros.nu\/index.php\/wp-json\/wp\/v2\/pages\/1966"}],"collection":[{"href":"https:\/\/www.cirkuseros.nu\/index.php\/wp-json\/wp\/v2\/pages"}],"about":[{"href":"https:\/\/www.cirkuseros.nu\/index.php\/wp-json\/wp\/v2\/types\/page"}],"author":[{"embeddable":true,"href":"https:\/\/www.cirkuseros.nu\/index.php\/wp-json\/wp\/v2\/users\/2"}],"replies":[{"embeddable":true,"href":"https:\/\/www.cirkuseros.nu\/index.php\/wp-json\/wp\/v2\/comments?post=1966"}],"version-history":[{"count":1,"href":"https:\/\/www.cirkuseros.nu\/index.php\/wp-json\/wp\/v2\/pages\/1966\/revisions"}],"predecessor-version":[{"id":7102,"href":"https:\/\/www.cirkuseros.nu\/index.php\/wp-json\/wp\/v2\/pages\/1966\/revisions\/7102"}],"up":[{"embeddable":true,"href":"https:\/\/www.cirkuseros.nu\/index.php\/wp-json\/wp\/v2\/pages\/1022"}],"wp:attachment":[{"href":"https:\/\/www.cirkuseros.nu\/index.php\/wp-json\/wp\/v2\/media?parent=1966"}],"curies":[{"name":"wp","href":"https:\/\/api.w.org\/{rel}","templated":true}]}}