{"id":2170,"date":"2016-11-24T14:41:45","date_gmt":"2016-11-24T13:41:45","guid":{"rendered":"https:\/\/cirkuseros.wordpress.com\/?page_id=2170"},"modified":"2023-09-27T02:39:36","modified_gmt":"2023-09-27T00:39:36","slug":"uttryck-din-karlek-alltid","status":"publish","type":"page","link":"https:\/\/www.cirkuseros.nu\/index.php\/text\/artiklar\/artiklar-erotik-inspiration\/uttryck-din-karlek-alltid\/","title":{"rendered":"Uttryck din k\u00e4rlek &#8211; alltid!"},"content":{"rendered":"<p><img decoding=\"async\" loading=\"lazy\" src=\"https:\/\/i2.wp.com\/www.cirkuseros.nu\/app\/uploads\/2016\/11\/dubbelpuss.jpg?resize=584%2C361&#038;ssl=1\" alt=\"dubbelpuss\" data-recalc-dims=\"1\" \/><\/p>\n<p><strong>Jag har gjort det till en hj\u00e4rtesak att ofta, ofta tala om f\u00f6r mina v\u00e4nner hur mycket jag uppskattar dem, hur fina de \u00e4r, hur underbara och h\u00e4rliga de \u00e4r.<\/strong><\/p>\n<p>Det \u00e4r magiskt.<br \/>\nMirakel kan uppst\u00e5.<br \/>\nSann k\u00e4rlek vibrerar i luften n\u00e4r man talar om den.<br \/>\nSann k\u00e4rlek v\u00e4xer och skapas i samma stund vi erk\u00e4nner den, ger den form, uttalar den, l\u00e5ter den finnas.<\/p>\n<p>Att ge en v\u00e4n en enda liten uppskattande puff d\u00e5 och d\u00e5 kan vara skillnaden mellan seger och nederlag, mellan storstilade projekt och sj\u00e4lvf\u00f6rnedring.<\/p>\n<p>Vi lider alla mer eller mindre av os\u00e4kerhet, d\u00e5lig sj\u00e4lvk\u00e4nsla, r\u00e4dsla inf\u00f6r det ok\u00e4nda.<br \/>\nD\u00e4rf\u00f6r kan det vara ov\u00e4rderligt att f\u00e5 h\u00f6ra att man \u00e4r \u00e4lskad, omtyckt och uppskattad.<br \/>\nS\u00e4rskilt vid tillf\u00e4llen d\u00e5 man inte \u201df\u00f6rtj\u00e4nar\u201d det.<br \/>\nDet \u00e4r d\u00e5 vi beh\u00f6ver det mest.<\/p>\n<p>Och alla, ALLA, f\u00f6rtj\u00e4nar gr\u00e4nsl\u00f6s k\u00e4rlek och respekt.<br \/>\nDet \u00e4r avsaknaden av k\u00e4rlek som skapar r\u00e4dsla, krig och mots\u00e4ttningar.<\/p>\n<p>\u00c4lska \u2013 och ge uttryck f\u00f6r det.<br \/>\nAlla har allt att vinna p\u00e5 det.<\/p>\n<p><img decoding=\"async\" loading=\"lazy\" src=\"https:\/\/i1.wp.com\/www.cirkuseros.nu\/app\/uploads\/2016\/11\/kram.jpg?resize=584%2C407&#038;ssl=1\" alt=\"kram\" data-recalc-dims=\"1\" \/><\/p>\n<p>Pr\u00f6va att ge minst en komplimang om dagen.<br \/>\nPr\u00f6va att se n\u00e5got positivt i varje m\u00e4nniska du m\u00f6ter.<br \/>\nOM du inte kan se en endaste positiv sak hos en m\u00e4nniska du m\u00f6ter, s\u00e5 \u00e4r det h\u00f6gst troligt dig sj\u00e4lv det \u00e4r fel p\u00e5 &#8211; inte den du betraktar.<br \/>\nDitt s\u00e4tt att betrakta v\u00e4rlden \u00e4r det som skapar v\u00e4rlden.<\/p>\n<p>Om du f\u00f6rs\u00f6ker se mer uppskattande p\u00e5 v\u00e4rlden kommer den att bli vackrare.<br \/>\nDetta \u00e4r ett faktum.<br \/>\nDet \u00e4r inte flum, inte sj\u00e4lvbedr\u00e4geri, inte verklighetsflykt.<br \/>\nDet \u00e4r en absolut sanning.<\/p>\n<p>Din upplevelse av sanningen \u00c4R sanning &#8211; f\u00f6r dig.<br \/>\nDu skapar v\u00e4rlden som den \u00e4r.<\/p>\n<p>S\u00e5 om du betraktar v\u00e4rlden som en hemsk plats, fylld av hat, s\u00e5 blir den det.<br \/>\nOch om du betraktar v\u00e4rlden som en vacker plats, fylld av k\u00e4rlek, s\u00e5 blir den det.<\/p>\n<p><strong>\u00c4lska \u2013 och ge uttryck f\u00f6r det.<\/strong><br \/>\n<strong> Alla har allt att vinna p\u00e5 det.<\/strong><\/p>\n<p>&nbsp;<\/p>\n<p>Carl Johan Rehbinder 2002<\/p>\n<p><img decoding=\"async\" loading=\"lazy\" src=\"https:\/\/i1.wp.com\/www.cirkuseros.nu\/app\/uploads\/2016\/11\/gladaparad.jpg?resize=584%2C192&#038;ssl=1\" alt=\"gladaparad\" data-recalc-dims=\"1\" \/><\/p>\n<p><img decoding=\"async\" loading=\"lazy\" src=\"https:\/\/i1.wp.com\/www.cirkuseros.nu\/app\/uploads\/2016\/11\/tunnlinjeoriginal_584.gif?resize=584%2C8&#038;ssl=1\" alt=\"\" data-recalc-dims=\"1\" \/><a href=\"https:\/\/www.cirkuseros.nu\/index.php\/text\/artiklar\/artiklar-erotik-inspiration\/\"><strong>Tillbaka till Artiklar \u2022 Erotik &amp; inspiration \u00bb<\/strong><\/a><\/p>\n<p><img decoding=\"async\" loading=\"lazy\" src=\"https:\/\/i0.wp.com\/www.cirkuseros.nu\/app\/uploads\/2017\/01\/heartline_584.gif?resize=584%2C20&#038;ssl=1\" alt=\"Heartline\" data-recalc-dims=\"1\" \/><\/p>\n<p><img decoding=\"async\" loading=\"lazy\" src=\"https:\/\/i2.wp.com\/www.cirkuseros.nu\/app\/uploads\/2016\/10\/fri_kursbanner_ani.gif?resize=584%2C140&#038;ssl=1\" alt=\"\" data-recalc-dims=\"1\" \/><\/p>\n","protected":false},"excerpt":{"rendered":"<p>Jag har gjort det till en hj\u00e4rtesak att ofta, ofta tala om f\u00f6r mina v\u00e4nner hur mycket jag uppskattar dem, hur fina de \u00e4r, hur underbara och h\u00e4rliga de \u00e4r. Det \u00e4r magiskt. Mirakel kan uppst\u00e5. Sann k\u00e4rlek vibrerar i &hellip; <a href=\"https:\/\/www.cirkuseros.nu\/index.php\/text\/artiklar\/artiklar-erotik-inspiration\/uttryck-din-karlek-alltid\/\">Forts\u00e4tt l\u00e4sa <span class=\"meta-nav\">&rarr;<\/span><\/a><\/p>\n","protected":false},"author":2,"featured_media":0,"parent":6548,"menu_order":15,"comment_status":"closed","ping_status":"closed","template":"sidebar-page.php","meta":[],"_links":{"self":[{"href":"https:\/\/www.cirkuseros.nu\/index.php\/wp-json\/wp\/v2\/pages\/2170"}],"collection":[{"href":"https:\/\/www.cirkuseros.nu\/index.php\/wp-json\/wp\/v2\/pages"}],"about":[{"href":"https:\/\/www.cirkuseros.nu\/index.php\/wp-json\/wp\/v2\/types\/page"}],"author":[{"embeddable":true,"href":"https:\/\/www.cirkuseros.nu\/index.php\/wp-json\/wp\/v2\/users\/2"}],"replies":[{"embeddable":true,"href":"https:\/\/www.cirkuseros.nu\/index.php\/wp-json\/wp\/v2\/comments?post=2170"}],"version-history":[{"count":7,"href":"https:\/\/www.cirkuseros.nu\/index.php\/wp-json\/wp\/v2\/pages\/2170\/revisions"}],"predecessor-version":[{"id":13349,"href":"https:\/\/www.cirkuseros.nu\/index.php\/wp-json\/wp\/v2\/pages\/2170\/revisions\/13349"}],"up":[{"embeddable":true,"href":"https:\/\/www.cirkuseros.nu\/index.php\/wp-json\/wp\/v2\/pages\/6548"}],"wp:attachment":[{"href":"https:\/\/www.cirkuseros.nu\/index.php\/wp-json\/wp\/v2\/media?parent=2170"}],"curies":[{"name":"wp","href":"https:\/\/api.w.org\/{rel}","templated":true}]}}