{"id":2229,"date":"2016-11-24T16:29:03","date_gmt":"2016-11-24T15:29:03","guid":{"rendered":"https:\/\/cirkuseros.wordpress.com\/?page_id=2229"},"modified":"2023-09-27T11:36:02","modified_gmt":"2023-09-27T09:36:02","slug":"porr-och-yttrandefrihet","status":"publish","type":"page","link":"https:\/\/www.cirkuseros.nu\/index.php\/text\/artiklar\/artiklar-av-calle-rehbinder\/porr-och-yttrandefrihet\/","title":{"rendered":"Porr och yttrandefrihet"},"content":{"rendered":"<p><img decoding=\"async\" loading=\"lazy\" src=\"https:\/\/i2.wp.com\/www.cirkuseros.nu\/app\/uploads\/2016\/11\/censur.jpg?resize=584%2C368&#038;ssl=1\" alt=\"censur\" data-recalc-dims=\"1\" \/><\/p>\n<p><strong>Hur \u00e4r det egentligen fatt med porren och yttrandefriheten?<\/strong><\/p>\n<p>V\u00e4nsterpartiet Opportunisterna har sedan en tid tillbaka gjort gemensam sak med Kristdemokraterna i en ohelig allians runt fr\u00e5gan om pornografi.<br \/>\nVisserligen till synes med helt olika motivation &#8211; K\u00e5disarna av gammal klassisk kristen kroppsfientlighet och sexualskr\u00e4ck, och V\u00e4nsterprasslarna p\u00e5 grund av n\u00e5gra grumliga id\u00e9er om att porr per automatik \u00e4r kvinnof\u00f6rnedrande, n\u00e5got som i sig \u00e4r helt absurt.<\/p>\n<p>Att just kommunister och fanatiskt kyrkliga kristna vill f\u00f6rbjuda en viss typ av kulturyttring \u00e4r v\u00e4l i och f\u00f6r sig inget att f\u00f6rv\u00e5nas \u00f6ver &#8211; liksom andra totalit\u00e4ra ideologier som t.ex. fascism och nazism m\u00e5ste det fria ordet (och bilden) stoppas. \u00c5tminstone s\u00e5 l\u00e4nge det fria ordet s\u00e4ger n\u00e5got annat \u00e4n den officiellt godk\u00e4nda sanningen.<\/p>\n<p>Vad jag undrar \u00e4r vad som egentligen r\u00e4knas som porr nuf\u00f6rtiden.<\/p>\n<p>D. H. Lawrence bok om Lady Chatterleys \u00c4lskare, liksom Casanovas memoarer b\u00f6r sj\u00e4lvklart r\u00e4knas som pornografiska &#8211; eftersom de ju alltid har varit det &#8211; liksom Henry Millers och Ana\u00efs Nins b\u00f6cker. Dessa b\u00f6cker borde (om man nu \u00e4r mot porr) omedelbart rensas ut fr\u00e5n alla bibliotek och bokhandlare, som degenererade och kvinnofientliga &#8211; och br\u00e4nnas p\u00e5 stora bokb\u00e5l.<\/p>\n<p>Det finns ju en hel del konst som \u00e4r pornografisk ocks\u00e5.<br \/>\nVi f\u00e5r f\u00f6rst\u00e5s lov att rensa en hel del p\u00e5 v\u00e5ra konstmuseer &#8211; fr\u00e5n Rembrandt till Picasso, Rodin och Ingres, Gustav Klimt och Anders Zorn &#8211; alla har de m\u00e5lat pornografiskt. Dessutom var de s\u00e4kert kvinnof\u00f6rnedrande mansgrisar allihop. Vilket i puritanernas \u00f6gon f\u00f6rst\u00e5s \u00e4r en s\u00e4ker garanti f\u00f6r censur.<\/p>\n<p><strong>Ett f\u00f6rslag:<\/strong><br \/>\nVi kanske borde ordna en s\u00e4rskild konstutst\u00e4llning, med degenererad konst, en utst\u00e4llning d\u00e4r all pornografisk konst samlas p\u00e5 ett och samma st\u00e4lle, s\u00e5 att vanligt folk f\u00e5r se vad staten tycker \u00e4r omoralisk och d\u00e5lig konst, s\u00e5 att vi sen kan v\u00e4lja r\u00e4tt?<\/p>\n<p>Ja, jag raljerar.<br \/>\nOch parallellen \u00e4r kanske inte helt r\u00e4ttvis.<br \/>\nMen det \u00e4r en viktig fr\u00e5ga.<br \/>\nVar g\u00e5r gr\u00e4nsen f\u00f6r vad som skall r\u00e4knas som otill\u00e5ten pornografi i V\u00e4nstrarnas och K\u00e5disarnas Sverige? Vad \u00e4r porr, och vad \u00e4r inte porr?<br \/>\nHur mycket ska vi inskr\u00e4nka p\u00e5 medborgarnas yttrandefrihet?<\/p>\n<p>I alla tider &#8211; s\u00e5 l\u00e4nge som m\u00e4nniskor har skapat bilder av olika aspekter av m\u00e4nskligt liv &#8211; har det ocks\u00e5 alltid funnits erotiska skildringar i bild. Det g\u00e5r inte att komma ifr\u00e5n.<br \/>\nOch vi har anv\u00e4nt oss av den teknologi som funnits tillhanda.<\/p>\n<p>F\u00f6r 10.000 \u00e5r sedan m\u00e5lade man i grottor, f\u00f6r 5000 \u00e5r sedan knackade man in sexscener i bergh\u00e4llar, f\u00f6r 500 \u00e5r sedan m\u00e5lade man med olja, f\u00f6r hundra \u00e5r sedan fotograferade man sex och naket med l\u00e5dkamera p\u00e5 glaspl\u00e5tar, och idag fotograferar vi med digitalkamera.<\/p>\n<p>Ytterst sett \u00e4r det bara en teknisk skillnad.<\/p>\n<p>Dessutom finns det m\u00e5nga kvinnor och m\u00e4n som tycker att det \u00e4r j\u00e4ttel\u00e4ckert att visa upp sig i sexuella situationer p\u00e5 bild, och som g\u00f6r det frivilligt oavsett om de f\u00e5r betalt f\u00f6r det eller ej.<\/p>\n<p>S\u00e5 \u00e4ven om man skulle f\u00f6rs\u00f6ka lagstifta bort porren med hj\u00e4lp av kopplerilagar o.dyl. s\u00e5 kommer det \u00e4nd\u00e5 att framst\u00e4llas porr.<br \/>\nV\u00e4ldigt m\u00e5nga m\u00e4nniskor vill ha porr.<br \/>\nS\u00e5 enkelt \u00e4r det.<\/p>\n<p>Att somliga vill legitimera sin specifika smakriktning av porr genom att kalla det \u201derotik\u201d \u00e4r bara sj\u00e4lvbedr\u00e4geri.<br \/>\nPorr = erotik = erotik = porr.<br \/>\nDet finns ingen skillnad.<br \/>\nDet handlar bara om tycke och smak.<\/p>\n<p>Min fr\u00e5ga \u00e4r ytterst sett f\u00f6ljande:<br \/>\nVad \u00e4r det f\u00f6r en porr som borde f\u00f6rbjudas?<br \/>\nAllt som faktiskt \u00e4r pornografiskt, eller bara det som vi enligt ett f\u00e5tal statligt utsedda myndighetspersoner b\u00f6r tycka \u00e4r d\u00e5ligt just nu?<\/p>\n<p>Eller ska vi faktiskt acceptera att verklig yttrandefrihet \u00e4ven m\u00e5ste omfatta de yttringar som inte tillfredsst\u00e4ller v\u00e5r individuella smakriktning?<\/p>\n<p>&nbsp;<\/p>\n<p>Carl Johan Rehbinder 2001<\/p>\n<p><img decoding=\"async\" loading=\"lazy\" src=\"https:\/\/i1.wp.com\/www.cirkuseros.nu\/app\/uploads\/2016\/11\/tunnlinjeoriginal_584.gif?resize=584%2C8&#038;ssl=1\" alt=\"\" data-recalc-dims=\"1\" \/><a href=\"https:\/\/www.cirkuseros.nu\/index.php\/text\/artiklar\/artiklar-av-calle-rehbinder\/\"><strong>Tillbaka till Artiklar \u2022 Politik &amp; debatt \u00bb<\/strong><\/a><\/p>\n<p><img decoding=\"async\" loading=\"lazy\" src=\"https:\/\/i0.wp.com\/www.cirkuseros.nu\/app\/uploads\/2017\/01\/heartline_584.gif?resize=584%2C20&#038;ssl=1\" alt=\"Heartline\" data-recalc-dims=\"1\" \/><\/p>\n<p><img decoding=\"async\" loading=\"lazy\" src=\"https:\/\/i2.wp.com\/www.cirkuseros.nu\/app\/uploads\/2016\/10\/fri_kursbanner_ani.gif?resize=584%2C140&#038;ssl=1\" alt=\"\" data-recalc-dims=\"1\" \/><\/p>\n","protected":false},"excerpt":{"rendered":"<p>Hur \u00e4r det egentligen fatt med porren och yttrandefriheten? V\u00e4nsterpartiet Opportunisterna har sedan en tid tillbaka gjort gemensam sak med Kristdemokraterna i en ohelig allians runt fr\u00e5gan om pornografi. Visserligen till synes med helt olika motivation &#8211; K\u00e5disarna av gammal &hellip; <a href=\"https:\/\/www.cirkuseros.nu\/index.php\/text\/artiklar\/artiklar-av-calle-rehbinder\/porr-och-yttrandefrihet\/\">Forts\u00e4tt l\u00e4sa <span class=\"meta-nav\">&rarr;<\/span><\/a><\/p>\n","protected":false},"author":2,"featured_media":0,"parent":1021,"menu_order":12,"comment_status":"closed","ping_status":"closed","template":"sidebar-page.php","meta":[],"_links":{"self":[{"href":"https:\/\/www.cirkuseros.nu\/index.php\/wp-json\/wp\/v2\/pages\/2229"}],"collection":[{"href":"https:\/\/www.cirkuseros.nu\/index.php\/wp-json\/wp\/v2\/pages"}],"about":[{"href":"https:\/\/www.cirkuseros.nu\/index.php\/wp-json\/wp\/v2\/types\/page"}],"author":[{"embeddable":true,"href":"https:\/\/www.cirkuseros.nu\/index.php\/wp-json\/wp\/v2\/users\/2"}],"replies":[{"embeddable":true,"href":"https:\/\/www.cirkuseros.nu\/index.php\/wp-json\/wp\/v2\/comments?post=2229"}],"version-history":[{"count":3,"href":"https:\/\/www.cirkuseros.nu\/index.php\/wp-json\/wp\/v2\/pages\/2229\/revisions"}],"predecessor-version":[{"id":13383,"href":"https:\/\/www.cirkuseros.nu\/index.php\/wp-json\/wp\/v2\/pages\/2229\/revisions\/13383"}],"up":[{"embeddable":true,"href":"https:\/\/www.cirkuseros.nu\/index.php\/wp-json\/wp\/v2\/pages\/1021"}],"wp:attachment":[{"href":"https:\/\/www.cirkuseros.nu\/index.php\/wp-json\/wp\/v2\/media?parent=2229"}],"curies":[{"name":"wp","href":"https:\/\/api.w.org\/{rel}","templated":true}]}}