{"id":2261,"date":"2016-11-24T19:10:50","date_gmt":"2016-11-24T18:10:50","guid":{"rendered":"https:\/\/cirkuseros.wordpress.com\/?page_id=2261"},"modified":"2023-09-26T16:52:14","modified_gmt":"2023-09-26T14:52:14","slug":"kulinarisk-erotik-mat-och-sex","status":"publish","type":"page","link":"https:\/\/www.cirkuseros.nu\/index.php\/text\/artiklar\/artiklar-erotik-inspiration\/kulinarisk-erotik-mat-och-sex\/","title":{"rendered":"Kulinarisk Erotik \u2013 Mat och Sex"},"content":{"rendered":"<p><img decoding=\"async\" loading=\"lazy\" src=\"https:\/\/i0.wp.com\/www.cirkuseros.nu\/app\/uploads\/2016\/11\/mm.jpg?resize=584%2C377&#038;ssl=1\" alt=\"mm\" data-recalc-dims=\"1\" \/><\/p>\n<p><span style=\"font-family:AGaramond, Garamond, Jenson, serif;font-size:x-large;\"><span style=\"color:#800000;\"><strong>Det sj\u00e4lvklara sambandet<\/strong><br \/>\n<\/span><\/span><\/p>\n<p><strong>F\u00f6r alla sanna livsnjutare<\/strong> \u00e4r kopplingen mellan dessa tv\u00e5 \u00f6verlevnadsdrifter sj\u00e4lvklar. En verkligt kryddig och het m\u00e5ltid \u00e4r i sanning erotisk &#8211; och vem har inte velat &#8221;\u00e4ta upp&#8221; sin k\u00e4rlekspartner? Att suga, slicka, smaka, nafsa, lapa, sniffa, bita och sv\u00e4lja \u00e4r aktiviteter som g\u00e5r lika bra att \u00e4gna sin partner s\u00e5v\u00e4l som mat.<\/p>\n<p><img decoding=\"async\" loading=\"lazy\" src=\"https:\/\/i0.wp.com\/www.cirkuseros.nu\/app\/uploads\/2016\/11\/161008_paprikor.jpg?resize=584%2C390&#038;ssl=1\" alt=\"161008_paprikor\" data-recalc-dims=\"1\" \/><\/p>\n<p><strong><span style=\"font-family:AGaramond, Garamond, Jenson, serif;font-size:x-large;\"><span style=\"color:#800000;\">F\u00f6rspel i mataff\u00e4ren<\/span><\/span><\/strong><\/p>\n<p><strong>Alla kockar vet att r\u00e5varorna \u00e4r det viktigaste<\/strong> i tillredandet av en god m\u00e5ltid. Handla d\u00e4rf\u00f6r g\u00e4rna tillsammans, och se till att ni tar god tid p\u00e5 er i mataff\u00e4ren. Detta kan i sj\u00e4lva verket bli en oerh\u00f6rt rolig och lustfylld del av det goda arbetet. Att g\u00e5 runt i aff\u00e4ren, t\u00e4nka, fundera och f\u00f6rest\u00e4lla sig hur diverse matvaror skulle g\u00f6ra sig p\u00e5 partnerns kropp &#8211; eller ens egen &#8211; kan bli ett verkligt sp\u00e4nnande och upphetsande f\u00f6rspel. Du kan naturligtvis \u00e4ven f\u00f6rbereda dig p\u00e5 egen hand, och s\u00e5lunda \u00f6verraska din partner hemma, med allehanda fantasieggande godsaker.<\/p>\n<p><img decoding=\"async\" loading=\"lazy\" src=\"https:\/\/i0.wp.com\/www.cirkuseros.nu\/app\/uploads\/2016\/11\/dessert.jpg?resize=584%2C393&#038;ssl=1\" alt=\"dessert\" data-recalc-dims=\"1\" \/><\/p>\n<p><strong><span style=\"font-family:AGaramond, Garamond, Jenson, serif;font-size:x-large;\"><span style=\"color:#800000;\">\u00c4lska i k\u00f6ket<\/span><\/span><\/strong><\/p>\n<p><strong>Den sj\u00e4lvklara platsen f\u00f6r matsex<\/strong> \u00e4r naturligtvis i k\u00f6ket. Men det f\u00f6ruts\u00e4tter att man har ett hyfsat utrymme, och ett stadigt matbord. Tycker du att bordet \u00e4r f\u00f6r h\u00e5rt &#8211; l\u00e4gg en filt p\u00e5 bordet, och en duk ovanp\u00e5. Om du inte vill kladda ner filten, kan du l\u00e4gga en vaxduk emellan. Badlakan \u00e4r ocks\u00e5 alldeles utm\u00e4rkta underlag.<\/p>\n<p><strong>Men k\u00f6ket \u00e4r f\u00f6rst\u00e5s inte<\/strong> den enda m\u00f6jliga platsen. Det g\u00e5r alldeles utm\u00e4rkt att g\u00f6ra i ordning en bricka med allehanda s\u00e5ser, frukt, glass eller vad man nu vill anv\u00e4nda p\u00e5 varandra, och s\u00e5 kan man vara varsomhelst. Vill man g\u00f6ra detta utomhus i sommarv\u00e4rmen kan det vara bra att ha vatten tillg\u00e4ngligt &#8211; en sj\u00f6 att bada i, eller kanske bara en dusch. Hur noggrant man \u00e4n slickar varandra rena, s\u00e5 finns det alltid lite kvar &#8211; mat \u00e4r ofta mycket kladdigt.<\/p>\n<p><span style=\"font-family:AGaramond, Garamond, Jenson, serif;font-size:x-large;\"><span style=\"color:#800000;\"><strong>Att bli en t\u00e5rta<\/strong><\/span><\/span><\/p>\n<p><strong>En kul \u00f6verraskning p\u00e5 f\u00f6delsedagen<\/strong> kan ju vara att ge sig sj\u00e4lv som t\u00e5rta. Den mest praktiska l\u00f6sningen p\u00e5 detta \u00e4r att man ger t\u00e5rtan som &#8221;byggsats&#8221; &#8211; att du dukar ett bord med levande ljus, och plats f\u00f6r dig sj\u00e4lv i mitten. S\u00e5 st\u00e4ller du fram sk\u00e5lar, tuber och burkar med allehanda kul saker du f\u00f6rberett, och s\u00e5 l\u00e4gger du dig naken p\u00e5 bordet &#8211; voil\u00e1! Dags f\u00f6r din partner att komma och dekorera, och sen naturligtvis njuta av anr\u00e4ttningen p\u00e5 alla s\u00e4tt och vis. En annan variant \u00e4r att dekorera sig sj\u00e4lv \u2013 eller som var fallet p\u00e5 bilderna h\u00e4r nedanf\u00f6r, att n\u00e5gra v\u00e4nner hj\u00e4lptes \u00e5t att dekorera t\u00e5rtan!<\/p>\n<p><img decoding=\"async\" loading=\"lazy\" src=\"https:\/\/i2.wp.com\/www.cirkuseros.nu\/app\/uploads\/2016\/11\/birthdaycake.jpg?resize=584%2C534&#038;ssl=1\" alt=\"birthdaycake\" data-recalc-dims=\"1\" \/><\/p>\n<p><strong>Vill man vara riktigt avancerad<\/strong> kanske man kan dit sm\u00e5 t\u00e5rtljus och allting, och s\u00e5 f\u00e5r din partner bl\u00e5sa ut ljusen innan det blir dags att \u00e4ta. Glass p\u00e5 het hud \u00e4r en sp\u00e4nnande kombination. Skivar man dessutom lite banan \u00f6ver, och h\u00e4ller varm choklads\u00e5s \u00f6ver, f\u00e5r man en alldeles s\u00e4rskilt l\u00e4cker Banana Split. En st\u00e5kuk med choklads\u00e5s och kokosflingor p\u00e5 blir en perfekt sexversion av Augusta Janssons Kokostoppar. Att bli avslickad, med kokosflingor som river l\u00e4tt mot ollonet \u00e4r inte helt fel &#8211; och det blir definitivt godare att \u00e4ta jordgubbar med vispgr\u00e4dde om den ligger p\u00e5 din \u00e4lskades k\u00f6n. Och aldrig blir det s\u00e5 trevligt att ta hand om disken efter\u00e5t&#8230;<\/p>\n<p><span style=\"font-family:AGaramond, Garamond, Jenson, serif;font-size:x-large;\"><span style=\"color:#800000;\"><strong>Tycke och smak<\/strong><\/span><\/span><\/p>\n<p><strong>Det finns dock inget som s\u00e4ger<\/strong> att du m\u00e5ste anv\u00e4nda s\u00f6tsaker och godis. Du kanske vill \u00e4ta sushi p\u00e5 din \u00e4lskades mage, eller sallad. N\u00e5gon kanske tycker om majonn\u00e4s, eller jordn\u00f6tssm\u00f6r. Du b\u00f6r dock t\u00e4nka lite p\u00e5 vad du l\u00e4gger p\u00e5 kroppen, eftersom vissa ingredienser, som t.ex. starka kryddor, kan irritera huden. Men Brie-ost p\u00e5 br\u00f6sten och Guacamole p\u00e5 sk\u00f6tet kan vara en h\u00e4rlig kombination. S\u00e4rskilt om man rispar och retas lite med Taco-chips. Eller b\u00e4r som du plockat utomhus!<\/p>\n<p><img decoding=\"async\" loading=\"lazy\" src=\"https:\/\/i2.wp.com\/www.cirkuseros.nu\/app\/uploads\/2016\/11\/hallonkon.jpg?resize=584%2C660&#038;ssl=1\" alt=\"hallonkon\" data-recalc-dims=\"1\" \/><\/p>\n<p><span style=\"font-family:AGaramond, Garamond, Jenson, serif;font-size:x-large;\"><span style=\"color:#800000;\"><strong>Alkohol<\/strong><\/span><\/span><\/p>\n<p><strong>Ett gott vin \u00e4r f\u00f6r de flesta en sj\u00e4lvklarhet<\/strong> vid en romantisk m\u00e5ltid &#8211; men vem har sagt att glas p\u00e5 fot \u00e4r det enda s\u00e4ttet att inmundiga den ljuvliga drycken? Jag kan till exempel dricka ur min \u00e4lskades mun. Eller s\u00e5 st\u00e4ller jag mig p\u00e5 kn\u00e4 vid hennes sk\u00f6te, och s\u00e5 h\u00e4ller hon vinet mellan sina br\u00f6st, varvid det rinner ner \u00f6ver magen, passerar sk\u00f6tet, och sedan vidare ner i min mun. Mums! S\u00f6ta dessertviner och lik\u00f6rer \u00e4r ocks\u00e5 trevliga att slicka fr\u00e5n en kropp.<\/p>\n<p><img decoding=\"async\" loading=\"lazy\" src=\"https:\/\/i0.wp.com\/www.cirkuseros.nu\/app\/uploads\/2016\/11\/vinorgie.jpg?resize=584%2C437&#038;ssl=1\" alt=\"vinorgie\" data-recalc-dims=\"1\" \/><\/p>\n<p><span style=\"font-family:AGaramond, Garamond, Jenson, serif;font-size:x-large;\"><span style=\"color:#800000;\"><strong>G\u00f6r det enkelt<\/strong><\/span><\/span><\/p>\n<p><strong>Det m\u00e5ste inte heller vara s\u00e5 pretenti\u00f6st<\/strong> och \u00f6verd\u00e5digt. Du kan alltid ha honung, choklad- eller kolas\u00e5s hemma i skafferiet. I m\u00e5nga butiker finns det en m\u00e4ngd olika s\u00e5ser att v\u00e4lja p\u00e5, f\u00f6r att inte tala om gr\u00e4ddsprej, som \u00e4r f\u00e4rdigvispad n\u00e4r den kommer ur burken. Frysta b\u00e4r kan man alltid ha tillg\u00e4ngligt i sin frysbox. P\u00e5 s\u00e5 s\u00e4tt \u00e4r du alltid redo f\u00f6r en v\u00e4lsmakande k\u00e4rleksstund.<\/p>\n<p><img decoding=\"async\" loading=\"lazy\" src=\"https:\/\/i0.wp.com\/www.cirkuseros.nu\/app\/uploads\/2016\/11\/bakelse.jpg?resize=584%2C316&#038;ssl=1\" alt=\"bakelse\" data-recalc-dims=\"1\" \/><\/p>\n<p><span style=\"font-family:AGaramond, Garamond, Jenson, serif;font-size:x-large;\"><span style=\"color:#800000;\"><strong>Det viktigaste av allt<\/strong><\/span><\/span><\/p>\n<p><strong>Det enda som egentligen begr\u00e4nsar dig<\/strong> \u00e4r din fantasi \u2013 eller snarare bristen p\u00e5 fantasi. Att leka med maten har vi f\u00e5tt l\u00e4ra oss \u00e4r fult, och det kan k\u00e4nnas lite syndigt att b\u00e4ra sig \u00e5t p\u00e5 det d\u00e4r viset. Men inget beh\u00f6ver ju faktiskt g\u00e5 till spillo. Det viktigaste \u00e4r dock att ni har riktigt roligt &#8211; att ni till\u00e5ter er att leka och njuta i fulla drag.<\/p>\n<p><img decoding=\"async\" loading=\"lazy\" src=\"https:\/\/i1.wp.com\/www.cirkuseros.nu\/app\/uploads\/2016\/11\/mervin.jpg?resize=584%2C370&#038;ssl=1\" alt=\"mervin\" data-recalc-dims=\"1\" \/><\/p>\n<p><span style=\"font-family:AGaramond, Garamond, Jenson, serif;font-size:x-large;\"><span style=\"color:#800000;\"><strong>Smaklig M\u00e5ltid!<\/strong><\/span><\/span><\/p>\n<p><strong>P.S. Det \u00e4r till\u00e5tet att bli kladdig och fl\u00e4ckig! D.S.<\/strong><\/p>\n<p>Carl Johan Rehbinder 1997-98<\/p>\n<p><img decoding=\"async\" loading=\"lazy\" src=\"https:\/\/i1.wp.com\/www.cirkuseros.nu\/app\/uploads\/2016\/11\/tunnlinjeoriginal_584.gif?resize=584%2C8&#038;ssl=1\" alt=\"\" data-recalc-dims=\"1\" \/><a href=\"https:\/\/www.cirkuseros.nu\/index.php\/text\/artiklar\/artiklar-erotik-inspiration\/\"><strong>Tillbaka till Artiklar \u2022 Erotik &amp; inspiration \u00bb<\/strong><\/a><\/p>\n<p><img decoding=\"async\" loading=\"lazy\" src=\"https:\/\/i0.wp.com\/www.cirkuseros.nu\/app\/uploads\/2017\/01\/heartline_584.gif?resize=584%2C20&#038;ssl=1\" alt=\"Heartline\" data-recalc-dims=\"1\" \/><\/p>\n<p><img decoding=\"async\" loading=\"lazy\" src=\"https:\/\/i2.wp.com\/www.cirkuseros.nu\/app\/uploads\/2016\/10\/fri_kursbanner_ani.gif?resize=584%2C140&#038;ssl=1\" alt=\"\" data-recalc-dims=\"1\" \/><\/p>\n","protected":false},"excerpt":{"rendered":"<p>Det sj\u00e4lvklara sambandet F\u00f6r alla sanna livsnjutare \u00e4r kopplingen mellan dessa tv\u00e5 \u00f6verlevnadsdrifter sj\u00e4lvklar. En verkligt kryddig och het m\u00e5ltid \u00e4r i sanning erotisk &#8211; och vem har inte velat &#8221;\u00e4ta upp&#8221; sin k\u00e4rlekspartner? Att suga, slicka, smaka, nafsa, lapa, &hellip; <a href=\"https:\/\/www.cirkuseros.nu\/index.php\/text\/artiklar\/artiklar-erotik-inspiration\/kulinarisk-erotik-mat-och-sex\/\">Forts\u00e4tt l\u00e4sa <span class=\"meta-nav\">&rarr;<\/span><\/a><\/p>\n","protected":false},"author":2,"featured_media":0,"parent":6548,"menu_order":2,"comment_status":"closed","ping_status":"closed","template":"sidebar-page.php","meta":[],"_links":{"self":[{"href":"https:\/\/www.cirkuseros.nu\/index.php\/wp-json\/wp\/v2\/pages\/2261"}],"collection":[{"href":"https:\/\/www.cirkuseros.nu\/index.php\/wp-json\/wp\/v2\/pages"}],"about":[{"href":"https:\/\/www.cirkuseros.nu\/index.php\/wp-json\/wp\/v2\/types\/page"}],"author":[{"embeddable":true,"href":"https:\/\/www.cirkuseros.nu\/index.php\/wp-json\/wp\/v2\/users\/2"}],"replies":[{"embeddable":true,"href":"https:\/\/www.cirkuseros.nu\/index.php\/wp-json\/wp\/v2\/comments?post=2261"}],"version-history":[{"count":4,"href":"https:\/\/www.cirkuseros.nu\/index.php\/wp-json\/wp\/v2\/pages\/2261\/revisions"}],"predecessor-version":[{"id":14439,"href":"https:\/\/www.cirkuseros.nu\/index.php\/wp-json\/wp\/v2\/pages\/2261\/revisions\/14439"}],"up":[{"embeddable":true,"href":"https:\/\/www.cirkuseros.nu\/index.php\/wp-json\/wp\/v2\/pages\/6548"}],"wp:attachment":[{"href":"https:\/\/www.cirkuseros.nu\/index.php\/wp-json\/wp\/v2\/media?parent=2261"}],"curies":[{"name":"wp","href":"https:\/\/api.w.org\/{rel}","templated":true}]}}