{"id":497,"date":"2016-11-05T14:16:13","date_gmt":"2016-11-05T13:16:13","guid":{"rendered":"https:\/\/cirkuseros.wordpress.com\/?page_id=497"},"modified":"2022-12-23T23:11:10","modified_gmt":"2022-12-23T22:11:10","slug":"noveller-av-calle-rehbinder","status":"publish","type":"page","link":"https:\/\/www.cirkuseros.nu\/index.php\/text\/noveller\/noveller-av-calle-rehbinder\/","title":{"rendered":"Noveller av Calle Rehbinder"},"content":{"rendered":"<p><img decoding=\"async\" loading=\"lazy\" src=\"https:\/\/i1.wp.com\/www.cirkuseros.nu\/app\/uploads\/2016\/12\/sidtoppvinjett_text1.jpg?resize=584%2C86&#038;ssl=1\" alt=\"Noveller, poesi, artiklar\" data-recalc-dims=\"1\" \/><br \/>\n<strong>Mina allra f\u00f6rsta skrivna alster<\/strong> som jag f\u00e5tt betalt f\u00f6r, var faktiskt ett par korta erotiska noveller jag skrev i mina sp\u00e4da ton\u00e5r, n\u00e5n g\u00e5ng p\u00e5 slutet av 1970-talet \u2013 utan att ha haft n\u00e5gon erotisk erfarenhet med n\u00e5gon annan \u00e4n mig sj\u00e4lv. Den d\u00e5 mycket popul\u00e4ra herrtidningen Lektyr hade en st\u00e4ndigt \u00e5terkommande del med ins\u00e4nda ber\u00e4ttelser, under rubriken &#8221;Svenska folkets sexvanor&#8221;. Dessa noveller finns inte kvar, och det \u00e4r nog lika bra det.<\/p>\n<p><strong>Mitt novellskrivande b\u00f6rjade p\u00e5 allvar 1991<\/strong>, d\u00e5 den norska tidskriften Cupido under n\u00e5gra f\u00e5 \u00e5r \u00e4ven fanns i en svensk version. Den s\u00e5lde tyv\u00e4rr inte tillr\u00e4ckligt bra i Sverige, men \u00e4ven efter att den svenska upplagan lades ner fick jag forts\u00e4tta skriva till norska och danska Cupido.<\/p>\n<p><strong>1999 skapade jag f\u00f6rsta versionen av denna hemsida<\/strong>, Cirkus Eros, med syfte att visa texter och bilder som jag producerat genom \u00e5ren, n\u00e5got som har givit mig miljontals bes\u00f6kare genom \u00e5ren, och 2008 fick jag \u00e4ven mina noveller publicerade i bokform, hos f\u00f6rlaget Lind &amp; Co, p\u00e5 deras erotiska label XStory, och 2018 kom samma noveller ut som ljudb\u00f6cker via det danska f\u00f6rlaget SAGA Egmont (n\u00e5got du kan l\u00e4sa mer om p\u00e5 sidan <strong>Ljudb\u00f6cker<\/strong>).<\/p>\n<p><strong>De senaste \u00e5ren har jag kommit ig\u00e5ng med novellskrivandet<\/strong> igen, och dessa noveller har jag omedelbart f\u00e5tt s\u00e4lja till ett f\u00f6rlag (\u00e5terigen SAGA Egmont), som g\u00f6r e-b\u00f6cker och ljudb\u00f6cker av mina ber\u00e4ttelser. P\u00e5 grund av detta l\u00e4gger jag inte upp novellerna h\u00e4r p\u00e5 Cirkus Eros, eftersom de \u00e4r bundna till ett kontrakt. Men du kan med f\u00f6rdel bes\u00f6ka <a href=\"https:\/\/www.storytel.com\/se\/sv\/authors\/101488-Carl-Johan-Rehbinder\" target=\"_blank\" rel=\"noopener noreferrer\"><strong>min sida p\u00e5 Storytel<\/strong><\/a>, d\u00e4r det finns ett stort antal noveller att lyssna p\u00e5, samt n\u00e5gra att l\u00e4sa som e-b\u00f6cker.<\/p>\n<p><img decoding=\"async\" loading=\"lazy\" src=\"https:\/\/i0.wp.com\/www.cirkuseros.nu\/app\/uploads\/2017\/01\/heartline_584.gif?resize=584%2C20&#038;ssl=1\" alt=\"Heartline\" data-recalc-dims=\"1\" \/><\/p>\n<p><a href=\"https:\/\/www.cirkuseros.nu\/index.php\/text\/noveller\/noveller-av-calle-rehbinder\/gymnastik\/\"><strong>Gymnastik<\/strong><\/a><br \/>\nHur det kan g\u00e5 i en gymnastiksal, med tv\u00e5 klasskamrater som b\u00e5da vill f\u00e5 bollen i m\u00e5l&#8230;<br \/>\n<span style=\"font-size: small;\">Publicerad i boken &#8221;Cirkus Eros och andra erotiska ber\u00e4ttelser&#8221;, 2008.<br \/>\n<a href=\"https:\/\/www.storytel.com\/se\/sv\/authors\/101488-Carl-Johan-Rehbinder\" target=\"_blank\" rel=\"noopener noreferrer\">Finns \u00e4ven som ljudbok p\u00e5 Storytel \u00bb<\/a><\/span><br \/>\n<img decoding=\"async\" loading=\"lazy\" src=\"https:\/\/i1.wp.com\/www.cirkuseros.nu\/app\/uploads\/2016\/11\/tunnlinjeoriginal_584.gif?resize=584%2C8&#038;ssl=1\" alt=\"linje\" data-recalc-dims=\"1\" \/><br \/>\n<strong><img decoding=\"async\" loading=\"lazy\" src=\"https:\/\/i2.wp.com\/www.cirkuseros.nu\/app\/uploads\/2016\/11\/pastranden_liten1.jpg?resize=120%2C77&#038;ssl=1\" alt=\"pastranden_liten\" align=\"right\" data-recalc-dims=\"1\" \/><a href=\"https:\/\/www.cirkuseros.nu\/index.php\/text\/noveller\/noveller-av-calle-rehbinder\/pa-stranden\/\">P\u00e5 stranden<\/a><\/strong><br \/>\nOm erotik p\u00e5 badstranden &#8211; med en ov\u00e4ntad utveckling&#8230;<br \/>\n<span style=\"font-size: small;\">Publicerad i norska Cupido 2002, samt i boken &#8221;Cirkus Eros och andra erotiska ber\u00e4ttelser&#8221;, 2008.<br \/>\n<a href=\"https:\/\/www.storytel.com\/se\/sv\/authors\/101488-Carl-Johan-Rehbinder\" target=\"_blank\" rel=\"noopener noreferrer\">Finns \u00e4ven som ljudbok p\u00e5 Storytel \u00bb<\/a><\/span><br \/>\n<img decoding=\"async\" loading=\"lazy\" src=\"https:\/\/i1.wp.com\/www.cirkuseros.nu\/app\/uploads\/2016\/11\/tunnlinjeoriginal_584.gif?resize=584%2C8&#038;ssl=1\" alt=\"linje\" data-recalc-dims=\"1\" \/><br \/>\n<img decoding=\"async\" loading=\"lazy\" src=\"https:\/\/i0.wp.com\/www.cirkuseros.nu\/app\/uploads\/2016\/11\/helbild_i_sangen_2_liten.jpg?resize=120%2C86&#038;ssl=1\" alt=\"helbild_i_sangen_2_liten\" align=\"right\" data-recalc-dims=\"1\" \/><a href=\"https:\/\/www.cirkuseros.nu\/index.php\/text\/noveller\/noveller-av-calle-rehbinder\/langtans-fullbordan\/\"><strong>L\u00e4ngtans fullbordan<\/strong><\/a><br \/>\nEn liten historia om att \u00e4lska p\u00e5 distans &#8211; och tr\u00e4ffas ibland&#8230;<br \/>\n<span style=\"font-size: small;\">Publicerad i norska Cupido 2002, samt i boken &#8221;Cirkus Eros och andra erotiska ber\u00e4ttelser&#8221;, 2008.<br \/>\n<a href=\"https:\/\/www.storytel.com\/se\/sv\/authors\/101488-Carl-Johan-Rehbinder\" target=\"_blank\" rel=\"noopener noreferrer\">Finns \u00e4ven som ljudbok p\u00e5 Storytel \u00bb<\/a><\/span><br \/>\n<img decoding=\"async\" loading=\"lazy\" src=\"https:\/\/i1.wp.com\/www.cirkuseros.nu\/app\/uploads\/2016\/11\/tunnlinjeoriginal_584.gif?resize=584%2C8&#038;ssl=1\" alt=\"linje\" data-recalc-dims=\"1\" \/><br \/>\n<a href=\"https:\/\/www.cirkuseros.nu\/index.php\/text\/noveller\/noveller-av-calle-rehbinder\/det-tomma-rummet\/\"><strong>Det tomma rummet<\/strong><\/a><br \/>\nEn liten historia om dominans och underkastelse. Men vem dominerar egentligen vem&#8230;?<br \/>\n<span style=\"font-size: small;\">Publicerad i norska Cupido 2002, samt i boken &#8221;Cirkus Eros och andra erotiska ber\u00e4ttelser&#8221;, 2008.<br \/>\n<a href=\"https:\/\/www.storytel.com\/se\/sv\/authors\/101488-Carl-Johan-Rehbinder\" target=\"_blank\" rel=\"noopener noreferrer\">Finns \u00e4ven som ljudbok p\u00e5 Storytel \u00bb<\/a><\/span><br \/>\n<img decoding=\"async\" loading=\"lazy\" src=\"https:\/\/i1.wp.com\/www.cirkuseros.nu\/app\/uploads\/2016\/11\/tunnlinjeoriginal_584.gif?resize=584%2C8&#038;ssl=1\" alt=\"linje\" data-recalc-dims=\"1\" \/><br \/>\n<img decoding=\"async\" loading=\"lazy\" src=\"https:\/\/i1.wp.com\/www.cirkuseros.nu\/app\/uploads\/2016\/11\/blodmane_liten.jpg?resize=120%2C77&#038;ssl=1\" alt=\"blodmane_liten\" align=\"right\" data-recalc-dims=\"1\" \/><a href=\"https:\/\/www.cirkuseros.nu\/index.php\/text\/noveller\/noveller-av-calle-rehbinder\/varblot-till-frej-freja\/\"><strong>V\u00e5rblot &#8211; till Frej &amp; Freja<\/strong><\/a><br \/>\nEn ung man och en ung kvinna upplever stor magi, och f\u00f6rkroppsligar i m\u00e5nens sken det Heliga Br\u00f6llopet mellan Guden och Gudinnan.<br \/>\n<span style=\"font-size: small;\">Publicerad i norska Cupido 9\/2002, samt i boken &#8221;Cirkus Eros och andra erotiska ber\u00e4ttelser&#8221;, 2008.<br \/>\n<a href=\"https:\/\/www.storytel.com\/se\/sv\/authors\/101488-Carl-Johan-Rehbinder\" target=\"_blank\" rel=\"noopener noreferrer\">Finns \u00e4ven som ljudbok p\u00e5 Storytel \u00bb<\/a><\/span><br \/>\n<img decoding=\"async\" loading=\"lazy\" src=\"https:\/\/i1.wp.com\/www.cirkuseros.nu\/app\/uploads\/2016\/11\/tunnlinjeoriginal_584.gif?resize=584%2C8&#038;ssl=1\" alt=\"linje\" data-recalc-dims=\"1\" \/><br \/>\n<img decoding=\"async\" loading=\"lazy\" src=\"https:\/\/i1.wp.com\/www.cirkuseros.nu\/app\/uploads\/2016\/11\/pompeji_erotica_liten.jpg?resize=120%2C86&#038;ssl=1\" alt=\"pompeji_erotica_liten\" align=\"right\" data-recalc-dims=\"1\" \/><a href=\"https:\/\/www.cirkuseros.nu\/index.php\/text\/noveller\/noveller-av-calle-rehbinder\/den-pompejanska-skokan\/\"><strong>Den Pompejanska Sk\u00f6kan<\/strong><\/a><br \/>\nAnneli \u00e4r p\u00e5 semester i Italien, och efter en teaterf\u00f6rest\u00e4llning i Pompejii upplever hon historiens vingslag p\u00e5 fler \u00e4n ett s\u00e4tt.<br \/>\n<span style=\"font-size: small;\">Publicerad i norska Cupido 7\/98, samt i boken &#8221;Cirkus Eros och andra erotiska ber\u00e4ttelser&#8221;, 2008.<br \/>\n<a href=\"https:\/\/www.storytel.com\/se\/sv\/authors\/101488-Carl-Johan-Rehbinder\" target=\"_blank\" rel=\"noopener noreferrer\">Finns \u00e4ven som ljudbok p\u00e5 Storytel \u00bb<\/a><\/span><br \/>\n<img decoding=\"async\" loading=\"lazy\" src=\"https:\/\/i1.wp.com\/www.cirkuseros.nu\/app\/uploads\/2016\/11\/tunnlinjeoriginal_584.gif?resize=584%2C8&#038;ssl=1\" alt=\"linje\" data-recalc-dims=\"1\" \/><br \/>\n<a href=\"https:\/\/www.cirkuseros.nu\/index.php\/text\/noveller\/noveller-av-calle-rehbinder\/telefon\/\"><strong>Telefon<\/strong><\/a><br \/>\nEn kort novell om sex genom telefonen&#8230;<br \/>\n<span style=\"font-size: small;\">Publicerad i boken &#8221;Cirkus Eros och andra erotiska ber\u00e4ttelser&#8221;, 2008.<br \/>\n<a href=\"https:\/\/www.storytel.com\/se\/sv\/authors\/101488-Carl-Johan-Rehbinder\" target=\"_blank\" rel=\"noopener noreferrer\">Finns \u00e4ven som ljudbok p\u00e5 Storytel \u00bb<\/a><\/span><br \/>\n<img decoding=\"async\" loading=\"lazy\" src=\"https:\/\/i1.wp.com\/www.cirkuseros.nu\/app\/uploads\/2016\/11\/tunnlinjeoriginal_584.gif?resize=584%2C8&#038;ssl=1\" alt=\"linje\" data-recalc-dims=\"1\" \/><br \/>\n<a href=\"https:\/\/www.cirkuseros.nu\/index.php\/text\/noveller\/noveller-av-calle-rehbinder\/teaterrepetitionen-romeo-juliet\/\"><strong>Teaterrepetitionen \u2013 Romeo &amp; Juliet<\/strong><\/a><br \/>\nHuvudrollsinnehavarna i en teaterpj\u00e4s, som hittills varit som hund och katt, uppt\u00e4cker efter en repetition massagens f\u00f6rdelar, och blir pl\u00f6tsligt mycket goda v\u00e4nner.<br \/>\n<span style=\"font-size: small;\">Publicerad i boken &#8221;Cirkus Eros och andra erotiska ber\u00e4ttelser&#8221;, 2008.<br \/>\n<a href=\"https:\/\/www.storytel.com\/se\/sv\/authors\/101488-Carl-Johan-Rehbinder\" target=\"_blank\" rel=\"noopener noreferrer\">Finns \u00e4ven som ljudbok p\u00e5 Storytel \u00bb<\/a><\/span><br \/>\n<img decoding=\"async\" loading=\"lazy\" src=\"https:\/\/i1.wp.com\/www.cirkuseros.nu\/app\/uploads\/2016\/11\/tunnlinjeoriginal_584.gif?resize=584%2C8&#038;ssl=1\" alt=\"linje\" data-recalc-dims=\"1\" \/><br \/>\n<img decoding=\"async\" loading=\"lazy\" src=\"https:\/\/i2.wp.com\/www.cirkuseros.nu\/app\/uploads\/2016\/11\/piedestal_liten.jpg?resize=120%2C91&#038;ssl=1\" alt=\"piedestal_liten\" align=\"right\" data-recalc-dims=\"1\" \/><a href=\"https:\/\/www.cirkuseros.nu\/index.php\/text\/noveller\/noveller-av-calle-rehbinder\/eld-vatten\/\"><strong>Eld &amp; Vatten<\/strong><\/a><br \/>\nJenny, en ung journalist, bes\u00f6ker en smed i hans smedja ute i skogen, och uppt\u00e4cker nya v\u00e4rden h\u00e4r i livet.<br \/>\n<span style=\"font-size: small;\">Publicerad i norska Cupido 3\/96, samt i boken &#8221;Cirkus Eros och andra erotiska ber\u00e4ttelser&#8221;, 2008.<br \/>\n<a href=\"https:\/\/www.storytel.com\/se\/sv\/authors\/101488-Carl-Johan-Rehbinder\" target=\"_blank\" rel=\"noopener noreferrer\">Finns \u00e4ven som ljudbok p\u00e5 Storytel \u00bb<\/a><\/span><br \/>\n<img decoding=\"async\" loading=\"lazy\" src=\"https:\/\/i1.wp.com\/www.cirkuseros.nu\/app\/uploads\/2016\/11\/tunnlinjeoriginal_584.gif?resize=584%2C8&#038;ssl=1\" alt=\"linje\" data-recalc-dims=\"1\" \/><br \/>\n<a href=\"https:\/\/www.cirkuseros.nu\/index.php\/text\/noveller\/noveller-av-calle-rehbinder\/tittaren\/\"><strong>Tittaren<\/strong><\/a><br \/>\nEn historia om exhibitionism och voyeurism, som utvecklar sig till en veritabel mat- och sexorgie.<br \/>\n<span style=\"font-size: small;\">Publicerad i norska Cupido 10\/95, samt i boken &#8221;Cirkus Eros och andra erotiska ber\u00e4ttelser&#8221;, 2008. \u00c4ven s\u00e5ld till Kvinnors Aff\u00e4rer h\u00f6sten 1997, men tidningen lades ner innan novellen hann tryckas.<br \/>\n<a href=\"https:\/\/www.storytel.com\/se\/sv\/authors\/101488-Carl-Johan-Rehbinder\" target=\"_blank\" rel=\"noopener noreferrer\">Finns \u00e4ven som ljudbok p\u00e5 Storytel \u00bb<\/a><\/span><br \/>\n<img decoding=\"async\" loading=\"lazy\" src=\"https:\/\/i1.wp.com\/www.cirkuseros.nu\/app\/uploads\/2016\/11\/tunnlinjeoriginal_584.gif?resize=584%2C8&#038;ssl=1\" alt=\"linje\" data-recalc-dims=\"1\" \/><br \/>\n<a href=\"https:\/\/www.cirkuseros.nu\/index.php\/text\/noveller\/noveller-av-calle-rehbinder\/faktlektionen\/\"><strong>F\u00e4ktlektionen<\/strong><\/a><br \/>\nMikael \u00e4r elitf\u00e4ktare, och ger den sk\u00f6na Anna en florettlektion, som slutar i en duell av s\u00e4llan sk\u00e5dat slag.<br \/>\n<span style=\"font-size: small;\">Publicerad i norska Cupido 1\/97, samt i boken &#8221;Cirkus Eros och andra erotiska ber\u00e4ttelser&#8221;, 2008.<br \/>\n<a href=\"https:\/\/www.storytel.com\/se\/sv\/authors\/101488-Carl-Johan-Rehbinder\" target=\"_blank\" rel=\"noopener noreferrer\">Finns \u00e4ven som ljudbok p\u00e5 Storytel \u00bb<\/a><\/span><br \/>\n<img decoding=\"async\" loading=\"lazy\" src=\"https:\/\/i1.wp.com\/www.cirkuseros.nu\/app\/uploads\/2016\/11\/tunnlinjeoriginal_584.gif?resize=584%2C8&#038;ssl=1\" alt=\"linje\" data-recalc-dims=\"1\" \/><br \/>\n<img decoding=\"async\" loading=\"lazy\" src=\"https:\/\/i1.wp.com\/www.cirkuseros.nu\/app\/uploads\/2016\/11\/naken_pianist_liten.jpg?resize=120%2C102&#038;ssl=1\" alt=\"naken_pianist_liten\" align=\"right\" data-recalc-dims=\"1\" \/><a href=\"https:\/\/www.cirkuseros.nu\/index.php\/text\/noveller\/noveller-av-calle-rehbinder\/pianot\/\"><strong>Pianot<\/strong><\/a><br \/>\nEtt romantiskt och erotiskt m\u00f6te i ett gammalt hus om sommaren &#8211; pianolektioner, och andra lektioner&#8230;<br \/>\n<span style=\"font-size: small;\">Publicerad i norska Cupido 5\/96, samt i boken &#8221;Cirkus Eros och andra erotiska ber\u00e4ttelser&#8221;, 2008.<br \/>\n<a href=\"https:\/\/www.storytel.com\/se\/sv\/authors\/101488-Carl-Johan-Rehbinder\" target=\"_blank\" rel=\"noopener noreferrer\">Finns \u00e4ven som ljudbok p\u00e5 Storytel \u00bb<\/a><\/span><br \/>\n<img decoding=\"async\" loading=\"lazy\" src=\"https:\/\/i1.wp.com\/www.cirkuseros.nu\/app\/uploads\/2016\/11\/tunnlinjeoriginal_584.gif?resize=584%2C8&#038;ssl=1\" alt=\"linje\" data-recalc-dims=\"1\" \/><br \/>\n<img decoding=\"async\" loading=\"lazy\" src=\"https:\/\/i0.wp.com\/www.cirkuseros.nu\/app\/uploads\/2016\/11\/cirkuseros_1_liten.jpg?resize=120%2C86&#038;ssl=1\" alt=\"cirkuseros_1_liten\" align=\"right\" data-recalc-dims=\"1\" \/><a href=\"https:\/\/www.cirkuseros.nu\/index.php\/text\/noveller\/noveller-av-calle-rehbinder\/cirkus-eros\/\"><strong>Cirkus Eros<\/strong><\/a><br \/>\nVad som kan h\u00e4nda en sen kv\u00e4ll p\u00e5 en fest med teaterelever, i en sm\u00e5stad n\u00e5gonstans i Sverige.<br \/>\n<span style=\"font-size: small;\">Publicerad i danska Cupido 3\/95, norska Cupido 4\/95, samt i boken &#8221;Cirkus Eros och andra erotiska ber\u00e4ttelser&#8221;, 2008.<br \/>\n<a href=\"https:\/\/www.storytel.com\/se\/sv\/authors\/101488-Carl-Johan-Rehbinder\" target=\"_blank\" rel=\"noopener noreferrer\">Finns \u00e4ven som ljudbok p\u00e5 Storytel \u00bb<\/a><\/span><br \/>\n<img decoding=\"async\" loading=\"lazy\" src=\"https:\/\/i1.wp.com\/www.cirkuseros.nu\/app\/uploads\/2016\/11\/tunnlinjeoriginal_584.gif?resize=584%2C8&#038;ssl=1\" alt=\"linje\" data-recalc-dims=\"1\" \/><br \/>\n<img decoding=\"async\" loading=\"lazy\" src=\"https:\/\/i2.wp.com\/www.cirkuseros.nu\/app\/uploads\/2016\/11\/j_blotfitta_3_liten.jpg?resize=120%2C95&#038;ssl=1\" alt=\"j_blotfitta_3_liten\" align=\"right\" data-recalc-dims=\"1\" \/><a href=\"https:\/\/www.cirkuseros.nu\/index.php\/text\/noveller\/noveller-av-calle-rehbinder\/naken-hud\/\"><strong>Naken Hud<\/strong><\/a><br \/>\nEn historia om intim frisering, och en gammal ton\u00e5rsdr\u00f6m som blir verklighet.<br \/>\n<span style=\"font-size: small;\">Publicerad i danska Cupido 4\/95, norska Cupido 6\/95, samt i boken &#8221;Cirkus Eros och andra erotiska ber\u00e4ttelser&#8221;, 2008.<br \/>\n<a href=\"https:\/\/www.storytel.com\/se\/sv\/authors\/101488-Carl-Johan-Rehbinder\" target=\"_blank\" rel=\"noopener noreferrer\">Finns \u00e4ven som ljudbok p\u00e5 Storytel \u00bb<\/a><\/span><br \/>\n<img decoding=\"async\" loading=\"lazy\" src=\"https:\/\/i1.wp.com\/www.cirkuseros.nu\/app\/uploads\/2016\/11\/tunnlinjeoriginal_584.gif?resize=584%2C8&#038;ssl=1\" alt=\"linje\" data-recalc-dims=\"1\" \/><br \/>\n<img decoding=\"async\" loading=\"lazy\" src=\"https:\/\/i0.wp.com\/www.cirkuseros.nu\/app\/uploads\/2016\/11\/buick_liten.jpg?resize=120%2C72&#038;ssl=1\" alt=\"buick_liten\" align=\"right\" data-recalc-dims=\"1\" \/><a href=\"https:\/\/www.cirkuseros.nu\/index.php\/text\/noveller\/noveller-av-calle-rehbinder\/destination-new-york\/\"><strong>Destination New York<\/strong><\/a><br \/>\nEn ung man reser mot New York i sin gamla bil, och hamnar i en mycket m\u00e4rklig situation n\u00e5gonstans i Arizona.<br \/>\n<span style=\"font-size: small;\">Publicerad i danska Cupido 8\/92, svenska Cupido 8\/92, norska Cupido 2\/94, samt i boken &#8221;Cirkus Eros och andra erotiska ber\u00e4ttelser&#8221;, 2008.<br \/>\n<a href=\"https:\/\/www.storytel.com\/se\/sv\/authors\/101488-Carl-Johan-Rehbinder\" target=\"_blank\" rel=\"noopener noreferrer\">Finns \u00e4ven som ljudbok p\u00e5 Storytel \u00bb<\/a><\/span><br \/>\n<img decoding=\"async\" loading=\"lazy\" src=\"https:\/\/i1.wp.com\/www.cirkuseros.nu\/app\/uploads\/2016\/11\/tunnlinjeoriginal_584.gif?resize=584%2C8&#038;ssl=1\" alt=\"linje\" data-recalc-dims=\"1\" \/><br \/>\n<img decoding=\"async\" loading=\"lazy\" src=\"https:\/\/i1.wp.com\/www.cirkuseros.nu\/app\/uploads\/2016\/11\/katinka_i_ateljen_col_liten.jpg?resize=120%2C78&#038;ssl=1\" alt=\"katinka_i_ateljen_col_liten\" align=\"right\" data-recalc-dims=\"1\" \/><a href=\"https:\/\/www.cirkuseros.nu\/index.php\/text\/noveller\/noveller-av-calle-rehbinder\/photo-session\/\"><strong>Photo Session<\/strong><\/a><br \/>\nEn ung fotograf m\u00f6ter sin idealmodell, och det s\u00e4ger bara klick!<br \/>\n<span style=\"font-size: small;\">Publicerad i svenska CupidZero 1\/93, samt uppl\u00e4st i en kortad version i radions P3 1993, n\u00e4rmare best\u00e4mt programmet &#8221;Erotika&#8221;, samt i boken &#8221;Cirkus Eros och andra erotiska ber\u00e4ttelser&#8221;, 2008.<br \/>\n<a href=\"https:\/\/www.storytel.com\/se\/sv\/authors\/101488-Carl-Johan-Rehbinder\" target=\"_blank\" rel=\"noopener noreferrer\">Finns \u00e4ven som ljudbok p\u00e5 Storytel \u00bb<\/a><\/span><br \/>\n<img decoding=\"async\" loading=\"lazy\" src=\"https:\/\/i1.wp.com\/www.cirkuseros.nu\/app\/uploads\/2016\/11\/tunnlinjeoriginal_584.gif?resize=584%2C8&#038;ssl=1\" alt=\"linje\" data-recalc-dims=\"1\" \/><br \/>\n<a href=\"https:\/\/www.cirkuseros.nu\/index.php\/text\/noveller\/noveller-av-calle-rehbinder\/reskamraten\/\"><strong>Reskamraten<\/strong><\/a><br \/>\nEn kvinna p\u00e5 v\u00e4g hem i natten tar upp en ung liftare.<br \/>\n<span style=\"font-size: small;\">Publicerad i Svenska CupidZero 9\/91, Norska Cupido 7\/95, samt p\u00e5 Norska Cupidos hemsida; Cupido Online, fr.o.m. september 1998 \u2013 , samt i boken &#8221;Cirkus Eros och andra erotiska ber\u00e4ttelser&#8221;, 2008.<br \/>\n<a href=\"https:\/\/www.storytel.com\/se\/sv\/authors\/101488-Carl-Johan-Rehbinder\" target=\"_blank\" rel=\"noopener noreferrer\">Finns \u00e4ven som ljudbok p\u00e5 Storytel \u00bb<\/a><\/span><br \/>\n<img decoding=\"async\" loading=\"lazy\" src=\"https:\/\/i1.wp.com\/www.cirkuseros.nu\/app\/uploads\/2016\/11\/tunnlinjeoriginal_584.gif?resize=584%2C8&#038;ssl=1\" alt=\"linje\" data-recalc-dims=\"1\" \/><br \/>\n<img decoding=\"async\" loading=\"lazy\" src=\"https:\/\/i1.wp.com\/www.cirkuseros.nu\/app\/uploads\/2016\/11\/erektionkroki_4_liten.jpg?resize=120%2C83&#038;ssl=1\" alt=\"erektionkroki_4_liten\" align=\"right\" data-recalc-dims=\"1\" \/><a href=\"https:\/\/www.cirkuseros.nu\/index.php\/text\/noveller\/noveller-av-calle-rehbinder\/allt-for-konsten\/\"><strong>Allt f\u00f6r Konsten!<\/strong><\/a><br \/>\nEn ung man ber\u00e4ttar om sitt yrke som konstmodell, och vad som kan h\u00e4nda i en liten grupp med fyra konstn\u00e4rinnor.<br \/>\n<span style=\"font-size: small;\">Publicerad i Svenska CupidZero 4\/91, danska Cupido 4\/91, norska Cupido 4\/91, samt i boken &#8221;Cirkus Eros och andra erotiska ber\u00e4ttelser&#8221;, 2008.<br \/>\n<a href=\"https:\/\/www.storytel.com\/se\/sv\/authors\/101488-Carl-Johan-Rehbinder\" target=\"_blank\" rel=\"noopener noreferrer\">Finns \u00e4ven som ljudbok p\u00e5 Storytel \u00bb<\/a><\/span><\/p>\n<p><img decoding=\"async\" loading=\"lazy\" src=\"https:\/\/i0.wp.com\/www.cirkuseros.nu\/app\/uploads\/2017\/01\/heartline_584.gif?resize=584%2C20&#038;ssl=1\" alt=\"Heartline\" data-recalc-dims=\"1\" \/><strong><br \/>\n<a href=\"https:\/\/www.cirkuseros.nu\/index.php\/text\/noveller\/noveller-av-calle-rehbinder\/erotiska-karleksdikter\/\">Erotiska k\u00e4rleksdikter<\/a><\/strong><br \/>\nEn samling erotisk k\u00e4rlekspoesi, f\u00f6rfattad &#8221;fl\u00e4ckvis&#8221;, fr\u00e5n 1985 och fram\u00e5t.<br \/>\n<span style=\"font-size: small;\">Delvis publicerade i den lilla &#8221;Dikter till en Kvinna&#8221; 1996.<\/span><\/p>\n<p><img decoding=\"async\" loading=\"lazy\" src=\"https:\/\/i0.wp.com\/www.cirkuseros.nu\/app\/uploads\/2017\/01\/heartline_584.gif?resize=584%2C20&#038;ssl=1\" alt=\"Heartline\" data-recalc-dims=\"1\" \/><\/p>\n<p><strong><img decoding=\"async\" loading=\"lazy\" src=\"https:\/\/i2.wp.com\/www.cirkuseros.nu\/app\/uploads\/2017\/02\/cirkuserosbokdisplay_1.jpg?resize=210%2C275&#038;ssl=1\" alt=\"Cirkus Eros och andra erotiska ber\u00e4ttelser\" align=\"right\" data-recalc-dims=\"1\" \/>Cirkus Eros &#8211; ocks\u00e5 i bokhyllan!<\/strong><br \/>\nMina egna noveller finns \u00e4ven i bokform sedan 2008, under namnet &#8221;Cirkus Eros och andra erotiska ber\u00e4ttelser&#8221;, p\u00e5 f\u00f6rlaget Xstory, den erotiska grenen av f\u00f6rlaget Lind &amp; Co.<\/p>\n<p>Boken \u00e4r en samling med 18 noveller, de flesta skrivna p\u00e5 1990-talet, alla \u00e4ven publicerade h\u00e4r p\u00e5 Cirkus Eros. Men det \u00e4r ju lite mysigt att ha en riktig bok ocks\u00e5&#8230;<\/p>\n<p><a href=\"https:\/\/www.cirkuseros.nu\/index.php\/text\/cirkus-eros-boken\/\"><strong>L\u00e4s mer p\u00e5 sidan Cirkus Eros \u2013 boken\u00a0\u00bb<\/strong><\/a><\/p>\n<p><img decoding=\"async\" loading=\"lazy\" src=\"https:\/\/i0.wp.com\/www.cirkuseros.nu\/app\/uploads\/2017\/01\/heartline_584.gif?resize=584%2C20&#038;ssl=1\" alt=\"Heartline\" data-recalc-dims=\"1\" \/><\/p>\n<p><img decoding=\"async\" loading=\"lazy\" src=\"https:\/\/i2.wp.com\/www.cirkuseros.nu\/app\/uploads\/2016\/10\/fri_kursbanner_ani.gif?resize=584%2C140&#038;ssl=1\" alt=\"Cirkus Eros - erotik f\u00f6r finsmakare\" data-recalc-dims=\"1\" \/><\/p>\n<p><span style=\"border-radius: 2px; text-indent: 20px; width: auto; padding: 0 4px 0 0; text-align: center; font: bold 11px\/20px 'Helvetica Neue', Helvetica, sans-serif; color: #ffffff; background: #bd081c no-repeat scroll 3px 50% \/ 14px 14px; position: absolute; opacity: 1; z-index: 8675309; display: none; cursor: pointer;\">Spara<\/span><\/p>\n","protected":false},"excerpt":{"rendered":"<p>Mina allra f\u00f6rsta skrivna alster som jag f\u00e5tt betalt f\u00f6r, var faktiskt ett par korta erotiska noveller jag skrev i mina sp\u00e4da ton\u00e5r, n\u00e5n g\u00e5ng p\u00e5 slutet av 1970-talet \u2013 utan att ha haft n\u00e5gon erotisk erfarenhet med n\u00e5gon annan &hellip; <a href=\"https:\/\/www.cirkuseros.nu\/index.php\/text\/noveller\/noveller-av-calle-rehbinder\/\">Forts\u00e4tt l\u00e4sa <span class=\"meta-nav\">&rarr;<\/span><\/a><\/p>\n","protected":false},"author":2,"featured_media":0,"parent":8,"menu_order":1,"comment_status":"closed","ping_status":"closed","template":"sidebar-page.php","meta":[],"_links":{"self":[{"href":"https:\/\/www.cirkuseros.nu\/index.php\/wp-json\/wp\/v2\/pages\/497"}],"collection":[{"href":"https:\/\/www.cirkuseros.nu\/index.php\/wp-json\/wp\/v2\/pages"}],"about":[{"href":"https:\/\/www.cirkuseros.nu\/index.php\/wp-json\/wp\/v2\/types\/page"}],"author":[{"embeddable":true,"href":"https:\/\/www.cirkuseros.nu\/index.php\/wp-json\/wp\/v2\/users\/2"}],"replies":[{"embeddable":true,"href":"https:\/\/www.cirkuseros.nu\/index.php\/wp-json\/wp\/v2\/comments?post=497"}],"version-history":[{"count":10,"href":"https:\/\/www.cirkuseros.nu\/index.php\/wp-json\/wp\/v2\/pages\/497\/revisions"}],"predecessor-version":[{"id":12833,"href":"https:\/\/www.cirkuseros.nu\/index.php\/wp-json\/wp\/v2\/pages\/497\/revisions\/12833"}],"up":[{"embeddable":true,"href":"https:\/\/www.cirkuseros.nu\/index.php\/wp-json\/wp\/v2\/pages\/8"}],"wp:attachment":[{"href":"https:\/\/www.cirkuseros.nu\/index.php\/wp-json\/wp\/v2\/media?parent=497"}],"curies":[{"name":"wp","href":"https:\/\/api.w.org\/{rel}","templated":true}]}}