{"id":5498,"date":"2017-01-29T16:03:39","date_gmt":"2017-01-29T15:03:39","guid":{"rendered":"https:\/\/cirkuseros.wordpress.com\/?page_id=5498"},"modified":"2017-10-23T17:17:48","modified_gmt":"2017-10-23T15:17:48","slug":"extasstaven-recension-skona-grejer","status":"publish","type":"page","link":"https:\/\/www.cirkuseros.nu\/index.php\/recensioner\/skona-grejer-sexleksaker\/extasstaven-recension-skona-grejer\/","title":{"rendered":"Ylva Franz\u00e9ns extasstav"},"content":{"rendered":"<p><img decoding=\"async\" loading=\"lazy\" src=\"https:\/\/i0.wp.com\/www.cirkuseros.nu\/app\/uploads\/2016\/10\/banner_skonagrejer_584x90.jpg?resize=584%2C90&#038;ssl=1\" alt=\"Sk\u00f6na Grejer\" data-recalc-dims=\"1\" \/><br \/>\n<a href=\"https:\/\/www.cirkuseros.nu\/index.php\/text\/recensioner\/\"><strong>Tillbaka till Sk\u00f6na grejer \u00bb<\/strong><\/a><br \/>\n<a href=\"https:\/\/www.cirkuseros.nu\/index.php\/text\/recensioner\/skona-grejer-sexleksaker\/\"><strong>Tillbaka till Sk\u00f6na grejer \u2022 sexleksaker \u00bb<\/strong><\/a><br \/>\n<img decoding=\"async\" loading=\"lazy\" src=\"https:\/\/cirkuseros.files.wordpress.com\/2016\/11\/tunnlinjeoriginal_584.gif?resize=584%2C8\" alt=\"linje\" data-recalc-dims=\"1\" \/><br \/>\n<span style=\"color: #800000;\"><strong><span style=\"font-family: Verdana, Geneva, Arial, Helvetica, Sans serif; font-size: large;\">Ylva Franz\u00e9ns &#8221;Extasstav&#8221;<\/span><\/strong><\/span><\/p>\n<p><img decoding=\"async\" loading=\"lazy\" src=\"https:\/\/i0.wp.com\/www.cirkuseros.nu\/app\/uploads\/2017\/01\/trastav.gif?resize=450%2C216&#038;ssl=1\" alt=\"Ylva Franz\u00e9ns &quot;Extasstav&quot;. \" data-recalc-dims=\"1\" \/><\/p>\n<p><strong>Detta \u00e4r en fantastisk liten sak.<\/strong> En svarvad och lackad tr\u00e4stav f\u00f6r vaginal stimulans, \u00e4ven kallad &#8221;extasstav&#8221;. Upphovskvinna till denna nyttiga lilla sak \u00e4r <strong>Ylva Franz\u00e9n<\/strong>, som \u00e4r sexterapeut, k\u00e4nd bl.a. f\u00f6r sina orgasmkurser. Hon har \u00e4ven en liten butik p\u00e5 S\u00f6dermalm i Stockholm \u2013 <a href=\"http:\/\/www.afroditesapotek.se\/\" target=\"_blank\"><strong>Afrodites Apotek<\/strong><\/a>.<\/p>\n<p><strong>Staven \u00e4r f\u00f6r det f\u00f6rsta v\u00e4ldigt vacker<\/strong> \u2013 den k\u00e4nns inte s\u00e5d\u00e4r syntetisk och plastig som mycket annat i sexleksaksv\u00e4g. Den finns lackad i svart ocks\u00e5, men den klarlackade \u00e4r finast &#8211; man ser alla tr\u00e4\u00e5dringarna. Den k\u00e4nns v\u00e4ldigt sk\u00f6n att h\u00e5lla i, \u00e4r l\u00e4tt och elegant. Den kan ligga framme utan att se &#8221;porrig&#8221; ut, som t.ex. en plastvibrator, som verkligen kan se porrig ut \u2013 inget man lika g\u00e4rna l\u00e5ter ligga framme, kanske.<\/p>\n<p><img decoding=\"async\" loading=\"lazy\" src=\"https:\/\/i2.wp.com\/www.cirkuseros.nu\/app\/uploads\/2017\/01\/stavtest.gif?resize=450%2C234&#038;ssl=1\" alt=\"Extasstaven\" data-recalc-dims=\"1\" \/><\/p>\n<p><strong>Staven kan f\u00f6rst\u00e5s anv\u00e4ndas p\u00e5 egen hand<\/strong>, g\u00e4rna i kombination med en vibrator p\u00e5 klitoris \u2013 men det kan vara v\u00e4ldigt roligt och l\u00e4rorikt att s\u00e4tta staven i sin partners hand. Jag kan vittna f\u00f6r egen del att det kan vara v\u00e4ldigt trevligt att hantera staven i min kvinnas h\u00e4rliga fitta. Jag kunde b\u00e5de slicka klitoris och stimulera med staven samtidigt \u2013 \u00e4ven om jag nu personligen f\u00f6redrar att anv\u00e4nda mina fingrar. Men man kan ju bli tr\u00f6tt i handen ocks\u00e5&#8230;<\/p>\n<blockquote><p>Verkligen sk\u00f6n! Den lilla \u00e4nden var b\u00e4st f\u00f6r att komma \u00e5t k\u00e4nsliga punkter inne i fittan. Och kombinationen av att min man \u00e5 ena sidan slickade mig p\u00e5 utsidan, och masserade mig inifr\u00e5n med staven \u2013 det var otroligt sk\u00f6nt. Vilken orgasm jag fick!<\/p><\/blockquote>\n<p><strong>Ett mycket bra tips<\/strong> om man vill stimulera G-punkten ordentligt, \u00e4r att vinkla staven ner\u00e5t, och ta tag i den med handen underifr\u00e5n &#8211; p\u00e5 s\u00e5 s\u00e4tt f\u00e5r man ett kraftigare tryck mot G-fl\u00e4cken, vilket kan beh\u00f6vas f\u00f6r \u00f6nskad effekt. Ylva Franz\u00e9n, som formgivit denna stav, rekommenderar ett tryck p\u00e5 ca 4-5 kg mot G-punkten. Det l\u00e5ter mycket, och det \u00e4r det ocks\u00e5. M\u00e4rk v\u00e4l att ett s\u00e5 h\u00e5rt tryck \u00e4r som regel inget man kan s\u00e4tta fr\u00e5n b\u00f6rjan. D\u00e5 g\u00f6r det nog bara ont. Man \u00f6kar trycket sakta, med \u00f6kande upphetsningsgrad.<\/p>\n<p><img data-attachment-id=\"5519\" data-permalink=\"https:\/\/www.cirkuseros.nu\/index.php\/recensioner\/skona-grejer-sexleksaker\/extasstaven-recension-skona-grejer\/stavtest_2\/\" data-orig-file=\"https:\/\/i1.wp.com\/www.cirkuseros.nu\/app\/uploads\/2017\/01\/stavtest_2.gif?fit=215%2C281&amp;ssl=1\" data-orig-size=\"215,281\" data-comments-opened=\"1\" data-image-meta=\"{&quot;aperture&quot;:&quot;0&quot;,&quot;credit&quot;:&quot;&quot;,&quot;camera&quot;:&quot;&quot;,&quot;caption&quot;:&quot;&quot;,&quot;created_timestamp&quot;:&quot;0&quot;,&quot;copyright&quot;:&quot;&quot;,&quot;focal_length&quot;:&quot;0&quot;,&quot;iso&quot;:&quot;0&quot;,&quot;shutter_speed&quot;:&quot;0&quot;,&quot;title&quot;:&quot;&quot;,&quot;orientation&quot;:&quot;0&quot;}\" data-image-title=\"stavtest_2\" data-image-description=\"\" data-medium-file=\"https:\/\/i1.wp.com\/www.cirkuseros.nu\/app\/uploads\/2017\/01\/stavtest_2.gif?fit=215%2C281&amp;ssl=1\" data-large-file=\"https:\/\/i1.wp.com\/www.cirkuseros.nu\/app\/uploads\/2017\/01\/stavtest_2.gif?fit=215%2C281&amp;ssl=1\" decoding=\"async\" loading=\"lazy\" class=\"alignright size-full wp-image-5519\" src=\"https:\/\/i1.wp.com\/www.cirkuseros.nu\/app\/uploads\/2017\/01\/stavtest_2.gif?resize=215%2C281&#038;ssl=1\" alt=\"stavtest_2\" data-recalc-dims=\"1\" \/><strong>G-fl\u00e4cken m\u00e5ste v\u00e4rmas upp.<\/strong> N\u00e4r man b\u00f6rjar stimulera denna magiska punkt \u2013 s\u00e4rskilt om man aldrig har gjort det f\u00f6rut \u2013 kan det f\u00f6rst t.o.m. k\u00e4nnas en smula stickigt och obehagligt, av den enkla anledningen att omr\u00e5det \u00e4r s\u00e5 otr\u00e4nat och ovant. Ovanp\u00e5 det kan du f\u00e5 k\u00e4nslan av att vara kissn\u00f6dig. D\u00e5 kan det vara bra att kissa en extra g\u00e5ng, bara f\u00f6r att du verkligen ska vara s\u00e4ker p\u00e5 att du inte \u00e4r kissn\u00f6dig. Sen \u00e4r det bara att &#8221;gnugga p\u00e5&#8221;.<\/p>\n<p><strong>Lycka till!<\/strong><\/p>\n<p><img decoding=\"async\" loading=\"lazy\" src=\"https:\/\/cirkuseros.files.wordpress.com\/2016\/11\/tunnlinjeoriginal_584.gif?resize=584%2C8\" alt=\"linje\" data-recalc-dims=\"1\" \/><br \/>\n<a href=\"https:\/\/www.cirkuseros.nu\/index.php\/text\/recensioner\/\"><strong>Tillbaka till Sk\u00f6na grejer \u00bb<\/strong><\/a><br \/>\n<a href=\"https:\/\/www.cirkuseros.nu\/index.php\/text\/recensioner\/skona-grejer-sexleksaker\/\"><strong>Tillbaka till Sk\u00f6na grejer \u2022 sexleksaker \u00bb<\/strong><\/a><br \/>\n<img decoding=\"async\" loading=\"lazy\" src=\"https:\/\/i0.wp.com\/www.cirkuseros.nu\/app\/uploads\/2017\/01\/heartline_584.gif?resize=584%2C20&#038;ssl=1\" alt=\"Heartline\" data-recalc-dims=\"1\" \/><\/p>\n<p><img decoding=\"async\" loading=\"lazy\" src=\"https:\/\/cirkuseros.files.wordpress.com\/2016\/10\/fri_kursbanner_ani.gif?resize=584%2C140\" alt=\"Cirkus Eros - erotik f\u00f6r finsmakare\" data-recalc-dims=\"1\" \/><\/p>\n","protected":false},"excerpt":{"rendered":"<p>Tillbaka till Sk\u00f6na grejer \u00bb Tillbaka till Sk\u00f6na grejer \u2022 sexleksaker \u00bb Ylva Franz\u00e9ns &#8221;Extasstav&#8221; Detta \u00e4r en fantastisk liten sak. En svarvad och lackad tr\u00e4stav f\u00f6r vaginal stimulans, \u00e4ven kallad &#8221;extasstav&#8221;. Upphovskvinna till denna nyttiga lilla sak \u00e4r Ylva &hellip; <a href=\"https:\/\/www.cirkuseros.nu\/index.php\/recensioner\/skona-grejer-sexleksaker\/extasstaven-recension-skona-grejer\/\">Forts\u00e4tt l\u00e4sa <span class=\"meta-nav\">&rarr;<\/span><\/a><\/p>\n","protected":false},"author":1,"featured_media":0,"parent":1229,"menu_order":8,"comment_status":"closed","ping_status":"closed","template":"sidebar-page.php","meta":[],"_links":{"self":[{"href":"https:\/\/www.cirkuseros.nu\/index.php\/wp-json\/wp\/v2\/pages\/5498"}],"collection":[{"href":"https:\/\/www.cirkuseros.nu\/index.php\/wp-json\/wp\/v2\/pages"}],"about":[{"href":"https:\/\/www.cirkuseros.nu\/index.php\/wp-json\/wp\/v2\/types\/page"}],"author":[{"embeddable":true,"href":"https:\/\/www.cirkuseros.nu\/index.php\/wp-json\/wp\/v2\/users\/1"}],"replies":[{"embeddable":true,"href":"https:\/\/www.cirkuseros.nu\/index.php\/wp-json\/wp\/v2\/comments?post=5498"}],"version-history":[{"count":4,"href":"https:\/\/www.cirkuseros.nu\/index.php\/wp-json\/wp\/v2\/pages\/5498\/revisions"}],"predecessor-version":[{"id":8786,"href":"https:\/\/www.cirkuseros.nu\/index.php\/wp-json\/wp\/v2\/pages\/5498\/revisions\/8786"}],"up":[{"embeddable":true,"href":"https:\/\/www.cirkuseros.nu\/index.php\/wp-json\/wp\/v2\/pages\/1229"}],"wp:attachment":[{"href":"https:\/\/www.cirkuseros.nu\/index.php\/wp-json\/wp\/v2\/media?parent=5498"}],"curies":[{"name":"wp","href":"https:\/\/api.w.org\/{rel}","templated":true}]}}