{"id":583,"date":"2016-11-05T18:43:22","date_gmt":"2016-11-05T17:43:22","guid":{"rendered":"https:\/\/cirkuseros.wordpress.com\/?page_id=583"},"modified":"2023-09-26T23:06:26","modified_gmt":"2023-09-26T21:06:26","slug":"pa-stranden","status":"publish","type":"page","link":"https:\/\/www.cirkuseros.nu\/index.php\/text\/noveller\/noveller-av-calle-rehbinder\/pa-stranden\/","title":{"rendered":"P\u00e5 stranden"},"content":{"rendered":"<p>Det \u00e4r fullt p\u00e5 badstranden. Tjocka gamla tanter som klagar \u00f6ver v\u00e4rmen, sk\u00e4llande hundar, skrikande barn som kissar i badvattnet, springande 12-\u00e5ringar som skv\u00e4tter sand i medhavda picknickkorgar och tappar bollar och frisbees p\u00e5 intet ont anande soldyrkare.<\/p>\n<p>Jag blir en smula besviken, eftersom jag hoppats p\u00e5 en fridfull sommardag med sol och bad, i fred med dig. Uppenbarligen har vi valt fel st\u00e4lle. Vi promenerar dock vidare en bit, bort fr\u00e5n den allm\u00e4nna stranden, och hittar mot all f\u00f6rmodan en alldeles egen skreva mellan ett par klipputspr\u00e5ng, en fridfull plats d\u00e4r vi faktiskt kan f\u00e5 vara i fred.<\/p>\n<p>Platsen vi hittat k\u00e4nns s\u00e5pass avskild att vi kan b\u00e5de sola och bada nakna, n\u00e5got vi b\u00e5da absolut f\u00f6redrar framf\u00f6r att kl\u00e4mma in oss i idiotiska och obekv\u00e4ma badkl\u00e4der. Vi sprider ut den stora r\u00f6da filten, packar upp lite av v\u00e5ra medhavda saker, handdukar, solkr\u00e4m och andra livsn\u00f6dv\u00e4ndigheter, och tar av oss kl\u00e4derna. Jag njuter av att se din nakna kropp, din fortfarande v\u00e5rbleka hud gl\u00e4nsa och skina i solljuset, och vet att det ska bli en h\u00e4rlig dag med dig.<\/p>\n<p>Vi kastar oss i sj\u00f6n och simmar &#8211; du simmar fortare \u00e4n jag, och retas lite med mig &#8211; skv\u00e4tter vatten och plaskar med f\u00f6tterna i min riktning. Jag h\u00e4mnas effektivt &#8211; jag har tagit vatten i min mun, och n\u00e4r du kommer n\u00e4ra mig f\u00f6r att kyssas, sprutar jag i ditt ansikte. Du skrattar och g\u00f6r snabbt detsamma, och snart har vi satt ig\u00e5ng ett riktigt vattenkrig.<\/p>\n<p>N\u00e4r vi krigat f\u00e4rdigt omfamnar vi varandra och kysser varandra, hett, hungrigt och intensivt. Din h\u00e4rligt slanka, starka kropp glider mot mig, och g\u00f6r mig varm b\u00e5de inuti och utanp\u00e5. Du \u00e4r sannerligen en h\u00e4rlig kvinna &#8211; njutbar i varje tum.<\/p>\n<p>Uppfriskade av det svala vattnet g\u00e5r vi upp f\u00f6r att sola en stund. Jag l\u00e4gger mig p\u00e5 rygg, och letar efter en bok i min v\u00e4ska. Du har emellertid f\u00e5tt en annan id\u00e9. Du vill inte l\u00e4sa.<br \/>\nDu kliver fram och st\u00e4ller dig bredbent alldeles ovanf\u00f6r mitt huvud. Jag har full insyn i ditt delikat rosa, nyrakade sk\u00f6te, och blir lite pirrig i mellang\u00e4rdet. Du retas med mig. Du vet hur jag p\u00e5verkas av att se din vackra, v\u00e4lsmakande fitta. Du vet vad du vill, ler mjukt, och s\u00e4tter dig sakta grensle \u00f6ver mitt ansikte, min mun, min tunga.<\/p>\n<p>Jag fattar snabbt galoppen, greppar dina h\u00f6fter och drar dig ner den sista biten fram till min mun, och b\u00f6rjar slicka. Du \u00e4r redan bl\u00f6t &#8211; av s\u00e5v\u00e4l sj\u00f6vatten som fittsaft, och du smakar verkligen ljuvligt. Jag ger dig hela registret, suger, slickar, med spetsig tunga, bred tunga, runt sk\u00f6tet, mellan dina yttre och inre blygdl\u00e4ppar &#8211; jag suger in hela ditt sk\u00f6te i min mun, och fullkomligt \u00e4ter upp dig, glupskt, hungrigt, njutningsfullt. Jag tr\u00e4nger in med spetsig tunga i din l\u00e4ngtande klyfta &#8211; du st\u00f6nar, suckar och njuter h\u00e4mningsl\u00f6st av min behandling, och s\u00e4tter dig tillr\u00e4tta s\u00e5 att jag ska ha full tillg\u00e5ng till hela din ljuvliga \u00e4lskogsk\u00e4lla. Jag njuter n\u00e5got alldeles oerh\u00f6rt av att kyssa din p\u00e4rleport, din blomma fylld av h\u00e4rlig nektar, och kan h\u00e5lla p\u00e5 hur l\u00e4nge som helst.<\/p>\n<p>&#8212;&#8212;&#8212;&#8212;&#8212;&#8212;&#8211;<\/p>\n<p>Du ser dem f\u00f6rst. Ett par &#8211; en man och en kvinna som g\u00f6mt sig bakom en buske f\u00f6r att titta p\u00e5 oss. Och en bit bort, halvt dold bakom ett tr\u00e4d, st\u00e5r en ensam ung man med neddragna badbyxor och kuken i handen.<br \/>\nDu stannar upp en sekund, inser att vi inte \u00e4r ensamma, att vi har publik, viskar diskret vad du just sett till mig, och jag svarar tyst, \u201dS\u00e5 l\u00e5t oss ge dem en riktig f\u00f6rest\u00e4llning&#8230;\u201d.<\/p>\n<p>Jag ser p\u00e5 ditt ansikte att du blir kraftigt upphetsad av tanken p\u00e5 att \u00e4lska inf\u00f6r publik &#8211; vilt fr\u00e4mmande m\u00e4nniskor som i smyg betraktar oss n\u00e4r vi \u00e4lskar&#8230;<\/p>\n<p><img decoding=\"async\" loading=\"lazy\" src=\"https:\/\/i1.wp.com\/www.cirkuseros.nu\/app\/uploads\/2016\/11\/pastranden.jpg?resize=584%2C308&#038;ssl=1\" alt=\"pastranden\" data-recalc-dims=\"1\" \/><\/p>\n<p>Vi l\u00e5tsas som ingenting, och forts\u00e4tter v\u00e5r lek. Du suckar tyngre, kvider ljudligare, vrider dig av och an, och du b\u00f6rjar \u00e4ndra f\u00e4rg i ansiktet &#8211; d\u00e5 vet jag att du \u00e4r n\u00e4ra.<br \/>\nDu lyfter p\u00e5 dig, l\u00e4mnar min glupska mun och s\u00e4tter dig ist\u00e4llet grensle \u00f6ver mina h\u00f6fter, och sjunker snabbt och effektivt ner \u00f6ver min nu stenh\u00e5rda lem. Intr\u00e4ngandet \u00e4r sk\u00f6nare \u00e4n n\u00e5gonsin, och jag suckar tungt. N\u00e5gonstans i bakgrunden h\u00f6r jag andra ljud &#8211; som om det fanns ett \u00e4lskande par till i n\u00e4rheten. D\u00e5 sl\u00e5r det mig att det med stor sannolikhet ligger till just p\u00e5 det s\u00e4ttet.<\/p>\n<p>Du tar mig h\u00e5rt, liksom maskulint, och styr helt rytmen i v\u00e5rt st\u00f6tande. Jag har bara att ta emot, och l\u00e5ta mig domineras av dig. Du studsar tungt mot mina ljumskar, och jag kommer djupare och djupare in i dig. Du st\u00f6ter h\u00e5rdare och h\u00e5rdare, djupare och djupare, och det tar inte l\u00e5ng tid f\u00f6rr\u00e4n du kommer i en explosiv orgasm &#8211; som en svallv\u00e5g efter en underjordisk jordb\u00e4vning, som n\u00e4r isen spricker om v\u00e5ren, som en vulkan &#8211; och du ropar rytmiskt ut din oh\u00e4mmade extas. Du stannar i r\u00f6relsen, fryser i ropet &#8211; och allting stannar f\u00f6r en kort sekund &#8211; sen \u00e4r du tillbaka igen, euforiskt leende. Jag njuter i fulla drag av din h\u00e4rliga orgasm, och skrattar lyckligt med dig.<\/p>\n<p>Nu \u00e4r det dock min tur att ta kommandot. Jag v\u00e4nder dig raskt p\u00e5 rygg, b\u00f6rjar mjukt, men st\u00f6ter snart h\u00e5rt och snabbt, snabbare och snabbare &#8211; f\u00f6r att snart \u00e4ndra rytmen till en l\u00e5ngsammare, djupare, med l\u00e5nga, effektiva, sugande drag. Jag k\u00e4nner det v\u00e4lbekanta pirret i kukroten komma sakta n\u00e4rmare och n\u00e4rmare, och jag kommer snart i en tung, forsande, sv\u00e4llande, frustande, pumpande, djurisk bj\u00f6rnorgasm.<\/p>\n<p>Jag faller ner \u00f6ver dig &#8211; svettig, utmattad, lycklig. Vi skrattar tillsammans, och du tittar efter v\u00e5ra \u00e5sk\u00e5dare &#8211; nu mindre diskret. Den unge mannen \u00e4r f\u00f6rsvunnen, men paret &#8211; mannen och kvinnan &#8211; \u00e4r fortfarande kvar. Vi ser att de inte \u00e4r lika uppm\u00e4rksamma p\u00e5 oss l\u00e4ngre &#8211; han \u00e4r i full g\u00e5ng med att ta henne bakifr\u00e5n, och hon ackompanjerar hans st\u00f6tar med ett rytmiskt st\u00f6nande.<\/p>\n<p>Pl\u00f6tsligt uppt\u00e4cker de &#8211; n\u00e4stan samtidigt &#8211; att vi nu har f\u00f6rvandlats till \u00e5sk\u00e5dare, och att det \u00e4r vi som intresserat f\u00f6ljer deras \u00e4lskogslek. De stannar f\u00f6rvirrat upp, och vet inte vad de ska g\u00f6ra av situationen. Du vinkar raskt och glatt till dem att komma ner till oss. Med viss tveksamhet, och med en vilsen f\u00f6rl\u00e4genhet, tassar de f\u00f6rsiktigt ner till oss, halvhj\u00e4rtat d\u00f6ljande sina nakna kroppar med korgar och handdukar som de b\u00e4r p\u00e5.<\/p>\n<p>Du ler glatt och uppmanar dem att forts\u00e4tta nere hos oss i skrevan &#8211; du p\u00e5pekar att det nu \u00e4r det v\u00e5r tur att f\u00e5 njuta av att titta p\u00e5 dem. Tveksamt f\u00f6rst, men med stigande lust och \u00e4ventyrlig lekfullhet sprider de ut sina handdukar och forts\u00e4tter d\u00e4r de slutade &#8211; nu bara ett par meter fr\u00e5n oss.<\/p>\n<p>&#8212;&#8212;&#8212;&#8212;&#8212;&#8212;&#8211;<\/p>\n<p>Han dyker ner mellan hennes ben och kysser hennes sk\u00f6te, och hon kvider h\u00e4rligt och njutningsfullt av hans behandling. Han kommer emellertid snart upp och l\u00e4gger sig p\u00e5 henne, tr\u00e4nger in i henne med stor kraft och beslutsamhet, och b\u00f6rjar st\u00f6ta &#8211; h\u00e5rt, kraftfullt, m\u00e5lmedvetet. Det m\u00e4rks tydligt att de \u00e4r samspelta &#8211; han \u00e4ndrar sin rytm, v\u00e4ntar, \u00f6kar och s\u00e4nker takten f\u00f6r att de slutligen skall f\u00f6renas i en gemensam orgasm. Och det \u00e4r precis vad som h\u00e4nder. I en perfekt synkroniserad rytm \u00f6kar de b\u00e5da tempot och n\u00e4stan sl\u00e5r sina kroppar mot varandra, h\u00e5rt, starkt, extatiskt &#8211; och med sekundprecision kommer de b\u00e5da i en samtidig, v\u00e5ldsam, ljudlig, frustande, hulkande, d\u00e5nande frontalkrocksorgasm.<\/p>\n<p>Tiden stannar, och de sp\u00e4nner sina kroppar till en b\u00e5gliknande formation &#8211; svetten rinner i floder och glittrar \u00f6ver denna muskelskulptur, denna tidsf\u00f6rskjutande skapelse av erotisk trance, detta utropstecken av totalt samspel in i sexuell extas utan gr\u00e4ns.<\/p>\n<p>Pl\u00f6tsligt b\u00f6rjar tiden igen. Klockornas visare b\u00f6rjar \u00e5ter r\u00f6ra sig, och paret faller samman i en h\u00f6g av slappa kroppsdelar.<\/p>\n<p>Efter en kort stunds andning och \u00e5terv\u00e4ndande till den h\u00e4r v\u00e4rlden, v\u00e4nder sig det \u00e4lskande paret till oss, lite f\u00f6rl\u00e4get leende men \u00e4nd\u00e5 stolt n\u00f6jda, och vi presenterar oss f\u00f6r varandra.<\/p>\n<p>Vi best\u00e4mmer oss f\u00f6r att dela p\u00e5 v\u00e5ra respektive picknickar, och har en fantastisk dag p\u00e5 stranden, med nyfunna v\u00e4nner, god mat, vin, sol, bad och h\u00e4rlig \u00e4lskogslek. Och inget hindrar oss fr\u00e5n att g\u00f6ra om v\u00e5rt \u00e4ventyr igen, en annan g\u00e5ng&#8230;<\/p>\n<p>Carl Johan Rehbinder 2001<\/p>\n<p><img decoding=\"async\" loading=\"lazy\" src=\"https:\/\/i1.wp.com\/www.cirkuseros.nu\/app\/uploads\/2016\/11\/tunnlinjeoriginal_584.gif?resize=584%2C8&#038;ssl=1\" alt=\"\" data-recalc-dims=\"1\" \/><a href=\"https:\/\/www.cirkuseros.nu\/index.php\/text\/noveller\/noveller-av-calle-rehbinder\/\"><strong>Tillbaka till Noveller av Calle Rehbinder \u00bb<\/strong><\/a><\/p>\n<p><img decoding=\"async\" loading=\"lazy\" src=\"https:\/\/i0.wp.com\/www.cirkuseros.nu\/app\/uploads\/2017\/01\/heartline_584.gif?resize=584%2C20&#038;ssl=1\" alt=\"Heartline\" data-recalc-dims=\"1\" \/><\/p>\n<p><img decoding=\"async\" loading=\"lazy\" src=\"https:\/\/i2.wp.com\/www.cirkuseros.nu\/app\/uploads\/2016\/10\/fri_kursbanner_ani.gif?resize=584%2C140&#038;ssl=1\" alt=\"\" data-recalc-dims=\"1\" \/><\/p>\n","protected":false},"excerpt":{"rendered":"<p>Det \u00e4r fullt p\u00e5 badstranden. Tjocka gamla tanter som klagar \u00f6ver v\u00e4rmen, sk\u00e4llande hundar, skrikande barn som kissar i badvattnet, springande 12-\u00e5ringar som skv\u00e4tter sand i medhavda picknickkorgar och tappar bollar och frisbees p\u00e5 intet ont anande soldyrkare. Jag blir &hellip; <a href=\"https:\/\/www.cirkuseros.nu\/index.php\/text\/noveller\/noveller-av-calle-rehbinder\/pa-stranden\/\">Forts\u00e4tt l\u00e4sa <span class=\"meta-nav\">&rarr;<\/span><\/a><\/p>\n","protected":false},"author":2,"featured_media":0,"parent":497,"menu_order":2,"comment_status":"closed","ping_status":"closed","template":"sidebar-page.php","meta":[],"_links":{"self":[{"href":"https:\/\/www.cirkuseros.nu\/index.php\/wp-json\/wp\/v2\/pages\/583"}],"collection":[{"href":"https:\/\/www.cirkuseros.nu\/index.php\/wp-json\/wp\/v2\/pages"}],"about":[{"href":"https:\/\/www.cirkuseros.nu\/index.php\/wp-json\/wp\/v2\/types\/page"}],"author":[{"embeddable":true,"href":"https:\/\/www.cirkuseros.nu\/index.php\/wp-json\/wp\/v2\/users\/2"}],"replies":[{"embeddable":true,"href":"https:\/\/www.cirkuseros.nu\/index.php\/wp-json\/wp\/v2\/comments?post=583"}],"version-history":[{"count":2,"href":"https:\/\/www.cirkuseros.nu\/index.php\/wp-json\/wp\/v2\/pages\/583\/revisions"}],"predecessor-version":[{"id":13302,"href":"https:\/\/www.cirkuseros.nu\/index.php\/wp-json\/wp\/v2\/pages\/583\/revisions\/13302"}],"up":[{"embeddable":true,"href":"https:\/\/www.cirkuseros.nu\/index.php\/wp-json\/wp\/v2\/pages\/497"}],"wp:attachment":[{"href":"https:\/\/www.cirkuseros.nu\/index.php\/wp-json\/wp\/v2\/media?parent=583"}],"curies":[{"name":"wp","href":"https:\/\/api.w.org\/{rel}","templated":true}]}}