{"id":59,"date":"2016-10-10T21:07:14","date_gmt":"2016-10-10T19:07:14","guid":{"rendered":"https:\/\/cirkuseros.wordpress.com\/?page_id=59"},"modified":"2026-01-12T16:22:41","modified_gmt":"2026-01-12T15:22:41","slug":"coaching","status":"publish","type":"page","link":"https:\/\/www.cirkuseros.nu\/index.php\/tjanster\/coaching\/","title":{"rendered":"R\u00e5dgivning &#038; Coaching"},"content":{"rendered":"<p><img decoding=\"async\" loading=\"lazy\" src=\"https:\/\/i0.wp.com\/www.cirkuseros.nu\/app\/uploads\/2017\/01\/sidtoppvinjett_tjanster.jpg?resize=584%2C94&#038;ssl=1\" alt=\"Tj\u00e4nster\" data-recalc-dims=\"1\" \/><\/p>\n<p><img decoding=\"async\" loading=\"lazy\" src=\"https:\/\/i1.wp.com\/www.cirkuseros.nu\/app\/uploads\/2016\/10\/manet.jpg?resize=250%2C239&#038;ssl=1\" alt=\"\" align=\"right\" data-recalc-dims=\"1\" \/><\/p>\n<p><span style=\"color: #990000;\"><span style=\"font-family: Verdana, Geneva, Arial, Helvetica, Sans serif; font-size: medium;\"><em>\u2022<strong> Trasslig relation?<\/strong><br \/>\n\u2022<strong> Kommunikationsproblem?<\/strong><br \/>\n\u2022<strong> Osams n\u00e4stan j\u00e4mt?<\/strong><br \/>\n\u2022<strong> Problem i sexlivet?<\/strong><br \/>\n\u2022<strong> Olika mycket lust?<\/strong><br \/>\n\u2022<strong> Ingen sexlust alls?<\/strong><br \/>\n\u2022<strong> F\u00f6r tidig utl\u00f6sning?<\/strong><br \/>\n\u2022<strong> Sv\u00e5rt att f\u00e5 kontakt?<\/strong><br \/>\n\u2022<strong> Orgasmproblem?<\/strong><\/em><\/span><\/span><\/p>\n<p><span style=\"color: #700000;\"><span style=\"font-family: Verdana, Geneva, Arial, Helvetica, Sans serif; font-size: medium;\"><strong><br \/>\nCalle Rehbinder erbjuder kvalificerad r\u00e5dgivning och coaching till b\u00e5de enskilda och par, g\u00e4llande k\u00e4rlek, relationer och sex.<\/strong><\/span><\/span><\/p>\n<p><strong><img decoding=\"async\" loading=\"lazy\" src=\"https:\/\/i0.wp.com\/www.cirkuseros.nu\/app\/uploads\/2017\/01\/heartline_584.gif?resize=584%2C20&#038;ssl=1\" alt=\"Heartline\" data-recalc-dims=\"1\" \/><\/strong><\/p>\n<p><strong>Det \u00e4r vanligare \u00e4n man kan tro<\/strong> med trassel i relationen och problem i sexlivet. Det kan handla om kontaktsv\u00e5righeter, st\u00e4ndiga gr\u00e4l, komplex, inkompatibla \u00f6nskem\u00e5l i relationen, f\u00f6r tidig utl\u00f6sning och\/eller impotens hos mannen, avsaknad av sexlust och\/eller olika mycket sexlust, orgasmproblem, otrohet, svartsjuka \u2013 och m\u00e5nga andra problem.<\/p>\n<p><strong>S\u00e5dant kan vara sv\u00e5rt att prata om<\/strong>, \u00e4n mindre g\u00f6ra n\u00e5got \u00e5t \u2013 inte minst eftersom hela v\u00e5rt samh\u00e4lle genomsyras av skam, skuld och tystnad kring allt som har med sex att g\u00f6ra, och eftersom det finns v\u00e4ldigt mycket okunskap och ouppn\u00e5eliga f\u00f6rv\u00e4ntningar kring allt som har med k\u00e4rleksrelationer att g\u00f6ra.<\/p>\n<p><strong>Idag upplever m\u00e5nga att sex <\/strong>\u00e4r ett k\u00e4nsligt \u00e4mne och \u00e4r inte bekv\u00e4ma med att tala om sex. \u00c4ven professionella terapeuter som i \u00f6vrigt kan vara hur kompetenta som helst, kan drabbas av samma skam och tungh\u00e4fta s\u00e5 fort det handlar om sex. D\u00e4rf\u00f6r kan dessa problem upplevas som ol\u00f6sliga. Men det beh\u00f6ver de allts\u00e5 inte vara. Vi \u00e4r trygga med att prata om sex och med oss kan det f\u00e5 det utrymme som det f\u00f6rtj\u00e4nar.<\/p>\n<p><strong>Jag har stor erfarenhet av de flesta fr\u00e5gor<\/strong> som r\u00f6r k\u00e4rlek, sex och relationer, inte minst genom de k\u00e4rleks- och sexkurser som jag har bedrivit tillsammans med min hustru Jennie under m\u00e5nga \u00e5r (sedan 2003), och kan bidra med kunskap och verktyg f\u00f6r att utveckla dig sj\u00e4lv och dina relationer.<\/p>\n<p><strong>Jag tar<\/strong> <strong>emot<\/strong> <strong>s\u00e5v\u00e4l par som enskilda<\/strong>, m\u00e4n som kvinnor.\u00a0 Kontakta mig, s\u00e5 kan vi komma \u00f6verens om ett bra arrangemang f\u00f6r just dig.<\/p>\n<p><span style=\"color: #700000;\"><span style=\"font-family: Verdana, Geneva, Arial, Helvetica, Sans serif; font-size: small;\"><strong>L\u00e4s vidare l\u00e4nge ner p\u00e5 denna sida f\u00f6r mer specifik information.<\/strong><\/span><\/span><\/p>\n<p><img decoding=\"async\" loading=\"lazy\" src=\"https:\/\/i0.wp.com\/www.cirkuseros.nu\/app\/uploads\/2017\/01\/heartline_584.gif?resize=584%2C20&#038;ssl=1\" alt=\"Heartline\" data-recalc-dims=\"1\" \/><\/p>\n<p><strong>Respons fr\u00e5n tidigare coachingklienter:<\/strong><\/p>\n<p><span style=\"color: #800000;\"><strong><em>******************************************************<\/em><\/strong><\/span><\/p>\n<p><em>&#8221;Tack f\u00f6r idag! Vi tyckte b\u00e5da att det var givande och kommer nog boka en uppf\u00f6ljningssession om n\u00e5n dryg m\u00e5nad. Vi ska \u00e4ven g\u00e5 in och l\u00e4sa lite mer om era kurser.&#8221;<\/em><\/p>\n<p><span style=\"color: #800000;\"><strong><em>******************************************************<\/em><\/strong><\/span><\/p>\n<p><em>&#8221;Tack f\u00f6r i g\u00e5r. Det var v\u00e4ldigt bra. Det k\u00e4ndes sk\u00f6nt att prata. Du pratade om en kurs som ni skulle ha i helgen om ber\u00f6ring.<br \/>\nDet skulle vara intressant att vara med p\u00e5 den.&#8221;<br \/>\n<\/em><\/p>\n<p><span style=\"color: #800000;\"><strong><em>******************************************************<\/em><\/strong><\/span><\/p>\n<p><em>&#8221;Hej och tack f\u00f6r sist!<\/em><\/p>\n<p><em>Jag var hos dig f\u00f6r ca 2 veckor sedan f\u00f6r ett samtal. Jag vill tacka f\u00f6r det samtalet. F\u00f6r mig \u00e4r det alltid en fr\u00f6jd att samtala med kloka m\u00e4n. Och kvinnor s\u00e5klart! Jag k\u00e4nner mig alltid s\u00e5 lycklig efter\u00e5t.<\/em><\/p>\n<p><em>Jag k\u00e4nde mig n\u00f6jd men r\u00e4tt tr\u00f6tt efter\u00e5t. Den process som p\u00e5b\u00f6rjats i mig redan innan v\u00e5rt m\u00f6te har nu bara f\u00f6rst\u00e4rks, bla via m\u00f6tet med dig. Mycket av det jag haft i huvudet ang\u00e5ende relationer har nu bytt plats till en mera stadig k\u00e4nsla fr\u00e5n magen ist\u00e4llet. N\u00e5gonting v\u00e4xer sig mycket starkt i mig. Jag tror att min &#8217;omprogrammering&#8217; b\u00f6rjar bli ganska f\u00e4rdig och att ngt nytt och h\u00e4lsosamt har tagit plats. Underbart!<\/em><\/p>\n<p><em>M\u00e5 s\u00e5 gott, njut av h\u00f6strugget, varma h\u00e4lsningar \/ E&#8221;<\/em><\/p>\n<p><span style=\"color: #800000;\"><strong><em>******************************************************<\/em><\/strong><\/span><\/p>\n<p><em>&#8221;Hej Calle och tack f\u00f6r senast, ja ett stort tack!<br \/>\nDet k\u00e4ndes helt naturligt att g\u00e5 fr\u00e5n v\u00e5ran tr\u00e4ff, inget konstigt. Var sk\u00f6nt att f\u00e5 prata med n\u00e5gon som s\u00e5 fritt kunde prata om dessa saker och som dessutom kunde ge praktisk handledning. Tar kontakt p\u00e5 nytt ifall jag kommer till Sthlm och beh\u00f6ver mera coaching. Ett litet problem uppstod, blev s\u00e5 fruktansv\u00e4rt k\u00e5t sen p\u00e5 kv\u00e4llen och ig\u00e5r.. haha. Sk\u00f6nt att kunna bejaka sin sexualitet, verkligen.&#8221;<\/em><\/p>\n<p><span style=\"color: #800000;\"><strong><em>******************************************************<\/em><\/strong><\/span><\/p>\n<p><em>&#8221;Hej Jennie o Calle.<br \/>\nSTORT TACK F\u00d6R SENAST!!<br \/>\nDet var med m\u00e5nga intryck \/ tankar \/ k\u00e4nslor som vi \u00e5kte hem med, vi var ocks\u00e5 tr\u00f6tta.<br \/>\nVeckan har f\u00f6r oss varit k\u00e4rleksfull och vi har tagit tillvara mycket redan.<br \/>\nHar i dag varit p\u00e5 utflykt till Uppsala och d\u00e4r bes\u00f6kte vi Lustg\u00e5rden och<br \/>\nk\u00f6pte Ylvas G-punkts stav och &#8221;knipkulor&#8221; s\u00e5 nu skall det tr\u00e4nas!<br \/>\nVi \u00e5terkommer i n\u00e4rtid f\u00f6r att hitta tid f\u00f6r v\u00e5r \u00e5tertr\u00e4ff.<br \/>\nSer med stor f\u00f6rv\u00e4nta fram emot att tr\u00e4ffa er igen.<br \/>\nM\u00e5nga k\u00e4rleksfulla kramar fr\u00e5n L&amp;B&#8221;<\/em><\/p>\n<p><span style=\"color: #800000;\"><strong><em>******************************************************<\/em><\/strong><\/span><\/p>\n<p><em>&#8221;Tack f\u00f6r ig\u00e5r. Det var trevligt att tr\u00e4ffas och jag \u00e4r \u00f6vertygad om att b\u00e5de jag och Niclas fick en del tankest\u00e4llare och material att jobba vidare med. Tyv\u00e4rr fick vi ocks\u00e5 insikten att en gemensam framtid som vi b\u00e5da kan s\u00e4tta v\u00e4rde p\u00e5 ligger allt f\u00f6r l\u00e5ngt bort\u2026v\u00e5ra f\u00f6rv\u00e4ntningar p\u00e5 varandra \u00e4r inte heller i linje med vad vi \u00e4r villiga och f\u00f6rm\u00f6gna att ge varandra. Vi avbr\u00f6t v\u00e5r stockholmshelg redan innan den b\u00f6rjade och checkade ut i morse och nu \u00e4r jag hemma igen. Jag satte stort v\u00e4rde p\u00e5 ert engagemang och flexibilitet och hoppas v\u00e5ra v\u00e4gar m\u00f6ts snart igen.<\/em><\/p>\n<p><em>Ge er en sk\u00f6n helg!&#8221;<\/em><\/p>\n<p><span style=\"color: #800000;\"><strong><em>******************************************************<\/em><\/strong><\/span><\/p>\n<p><em>&#8221;Hej Carl Johan,<\/em><\/p>\n<p><em>Ville bara tacka f\u00f6r din coaching ig\u00e5r. Det k\u00e4ndes mycket bra att f\u00e5 prata om personliga saker som jag egentligen velat prata om f\u00f6r 10 \u00e5r sedan, dvs n\u00e4r jag debuterade. Jag \u00e4r tacksam f\u00f6r de tips jag f\u00e5tt fr\u00e5n dig.<\/em><\/p>\n<p><em>Det k\u00e4ndes bra att ber\u00e4tta f\u00f6r min fru omd det vi pratade om, och hon tog det p\u00e5 r\u00e4tt s\u00e4tt. Hon uppskattade att jag gjort denna anstr\u00e4ngning f\u00f6r v\u00e5r skull och vi har best\u00e4mt att f\u00f6rs\u00f6ka jobba och t\u00e4nka p\u00e5 en del av de saker vi pratade om. Lekfullheten som du tjatade om \u00e4r viktigt och det ska vi f\u00f6rs\u00f6ka jobba p\u00e5.<\/em><\/p>\n<p><em>Tack \u00e4n en g\u00e5ng f\u00f6r din tid och om jag k\u00e4nner behov att tr\u00e4ffa dig igen h\u00f6r jag av mig.<\/em><\/p>\n<p><em>H\u00e4lsningar, C&#8221;<\/em><\/p>\n<p><img decoding=\"async\" loading=\"lazy\" src=\"https:\/\/i0.wp.com\/www.cirkuseros.nu\/app\/uploads\/2017\/01\/heartline_584.gif?resize=584%2C20&#038;ssl=1\" alt=\"Heartline\" data-recalc-dims=\"1\" \/><\/p>\n<p><img decoding=\"async\" loading=\"lazy\" src=\"https:\/\/i0.wp.com\/www.cirkuseros.nu\/app\/uploads\/2016\/10\/yabyumsejd_200_275.jpg?resize=200%2C275&#038;ssl=1\" alt=\"YabYum\" align=\"right\" data-recalc-dims=\"1\" \/><span style=\"color: #800000;\"><strong><span style=\"font-family: Verdana, Geneva, Arial, Helvetica, Sans serif; font-size: large;\">Coaching f\u00f6r par<\/span><\/strong><\/span><br \/>\n<strong>F\u00f6r er som lever i en parrelation<\/strong> kan det ibland vara bra att f\u00e5 en spegling utifr\u00e5n. Man ser inte br\u00f6det n\u00e4r man sitter i degen, och detsamma g\u00e4ller ofta parrelationer.<br \/>\nI en tv\u00e5samhet missar man l\u00e4tt det tredje \u00f6gat, perspektivet fr\u00e5n sidan om, och d\u00e4rf\u00f6r kan man fastna i destruktiva m\u00f6nster som man inte f\u00f6rst\u00e5r hur man ska bryta.<\/p>\n<p><strong>Jag erbjuder coaching till er b\u00e5da<\/strong> tillsammans, och\/eller var och en f\u00f6r sig, och backar inte f\u00f6r n\u00e5gra \u00e4mnen alls. Jag d\u00f6mer ingen, utan lyssnar bara, st\u00e4ller framf\u00f6r allt en m\u00e4ngd fr\u00e5gor (enligt gammal sokratisk sed) och ger kanske n\u00e5got r\u00e5d efter det jag ser och h\u00f6r. Det finns inga f\u00f6rbjudna \u00e4mnen &#8211; allt \u00e4r till\u00e5tet. Vid behov kan jag \u00e4ven erbjuda enklare praktiska instruktioner och \u00f6vningar f\u00f6r \u00f6kad intimitet, f\u00f6rb\u00e4ttrad sj\u00e4lvbild, f\u00f6rdjupad kommunikation och annat som kan f\u00f6rb\u00e4ttra er relation.<\/p>\n<p><strong>Vid en f\u00f6rsta tr\u00e4ff rekommenderar jag<\/strong> en session p\u00e5 tv\u00e5 timmar. Det \u00e4r min erfarenhet att en timme blir f\u00f6r lite f\u00f6rsta g\u00e5ngen, eftersom det som regel finns r\u00e4tt mycket att processa \u2013 och mer \u00e4n tv\u00e5 timmar blir helt enkelt f\u00f6r mycket att hantera. Hur ni vill g\u00e5 vidare sen \u00e4r upp till er.<\/p>\n<p><strong>Pris:<\/strong><br \/>\nF\u00f6r konsultation &amp; coaching:<br \/>\n\u2022 1.100:- per p\u00e5b\u00f6rjad timme.<br \/>\n(p\u00e5 faktura tillkommer moms ovanp\u00e5 timpriset)<\/p>\n<p><strong>F\u00f6r tidsbokning och \u00f6vriga fr\u00e5gor:<\/strong><br \/>\nSkicka ett e-brev till <a href=\"mailto:info@cirkuseros.nu\"><strong>info@cirkuseros.nu<\/strong><\/a>.<\/p>\n<p><img decoding=\"async\" loading=\"lazy\" src=\"https:\/\/i0.wp.com\/www.cirkuseros.nu\/app\/uploads\/2017\/01\/heartline_584.gif?resize=584%2C20&#038;ssl=1\" alt=\"Heartline\" data-recalc-dims=\"1\" \/><\/p>\n<p><img decoding=\"async\" loading=\"lazy\" src=\"https:\/\/i0.wp.com\/www.cirkuseros.nu\/app\/uploads\/2017\/01\/calle_rehbinder.jpg?resize=200%2C255&#038;ssl=1\" alt=\"Calle Rehbinder\" align=\"right\" data-recalc-dims=\"1\" \/><span style=\"color: #800000;\"><strong><span style=\"font-family: Verdana, Geneva, Arial, Helvetica, Sans serif; font-size: large;\">Coaching f\u00f6r enskilda<\/span><\/strong><\/span><br \/>\n<span style=\"color: #800000;\"><span style=\"font-family: Verdana, Geneva, Arial, Helvetica, Sans serif; font-size: medium;\">F\u00f6r m\u00e4n och kvinnor \u2013 med Calle Rehbinder<\/span><\/span><\/p>\n<p><strong>Jag erbjuder terapeutiska samtal<\/strong> om allt m\u00f6jligt r\u00f6rande relationer till s\u00e5v\u00e4l dig sj\u00e4lv som relationer till andra, om sex och k\u00e4rlek, kontaktsv\u00e5righeter, h\u00e4mningar, k\u00e4nslom\u00e4ssiga eller fysiska besv\u00e4r. Det kan handla om orgasmsv\u00e5righeter, attitydproblem eller det mesta som r\u00f6r k\u00e4rleken, sexualiteten och relationer.<\/p>\n<p><strong>Praktisk till\u00e4mpning &#8211; f\u00f6r m\u00e4n<\/strong><br \/>\nJag erbjuder \u00e4ven tr\u00e4ning f\u00f6r m\u00e4n, i tantriska sj\u00e4lvmassagetekniker, med energicirkulering, tr\u00e4ning av PC-muskeln, andningstekniker m.m., t.ex. f\u00f6r att bli b\u00e4ttre p\u00e5 att h\u00e5lla ut l\u00e4ngre, eller helt enkelt f\u00f6r att h\u00f6ja niv\u00e5n p\u00e5 sexlivet och f\u00e5 l\u00e4ngre, starkare och mer intensiva orgasmer. Bra f\u00f6r s\u00e5v\u00e4l din egen som din eventuella partners gl\u00e4dje och njutning.<\/p>\n<p><strong>Attityder<\/strong><br \/>\nN\u00e5got som ocks\u00e5 kan vara oerh\u00f6rt v\u00e4rdefullt f\u00f6r att utveckla k\u00e4rlekslivet \u00e4r att bli fri fr\u00e5n &#8221;jakten p\u00e5 orgasmen&#8221;, och att \u00e4ndra sin attityd gentemot sex till att bli kreativ, lekfull och kravl\u00f6s, med en st\u00f6rre n\u00e4rvaro och intensitet i nuet. Detta kan jag ocks\u00e5 hj\u00e4lpa dig med.<\/p>\n<p><strong>Pris:<\/strong><br \/>\nF\u00f6r konsultation &amp; coaching:<br \/>\n\u2022 1.100:- per p\u00e5b\u00f6rjad timme.<br \/>\n(p\u00e5 faktura tillkommer moms ovanp\u00e5 timpriset)<\/p>\n<p><strong>F\u00f6r tidsbokning och \u00f6vriga fr\u00e5gor:<\/strong><br \/>\nSkicka ett e-brev till <strong><a href=\"mailto:calle@cirkuseros.nu\">calle@cirkuseros.nu<\/a><\/strong>.<\/p>\n<p><img decoding=\"async\" loading=\"lazy\" src=\"https:\/\/i0.wp.com\/www.cirkuseros.nu\/app\/uploads\/2017\/01\/heartline_584.gif?resize=584%2C20&#038;ssl=1\" alt=\"Heartline\" data-recalc-dims=\"1\" \/><\/p>\n<p><img decoding=\"async\" loading=\"lazy\" src=\"https:\/\/i1.wp.com\/www.cirkuseros.nu\/app\/uploads\/2017\/01\/lovers2.jpg?resize=200%2C255&#038;ssl=1\" alt=\"Lovers\" align=\"right\" data-recalc-dims=\"1\" \/><span style=\"color: #800000;\"><strong><span style=\"font-family: Verdana, Geneva, Arial, Helvetica, Sans serif; font-size: large;\">Avancerad coaching f\u00f6r par<\/span><\/strong><\/span><br \/>\n<span style=\"color: #800000;\"><span style=\"font-family: Verdana, Geneva, Arial, Helvetica, Sans serif; font-size: medium;\">Med Calle Rehbinder<\/span><\/span><\/p>\n<p><strong>Vid behov kan \u00e4ven vi \u00e4ven ordna l\u00e4ngre sessioner<\/strong> f\u00f6r coaching, praktisk till\u00e4mpning och undervisning. Det kan se ut som en minikurs, fast personligt formgiven f\u00f6r just er. En kombination\/mellanting av coaching och kurs, allts\u00e5.<\/p>\n<p><strong>Det \u00e4r d\u00e5 mer aktivitetsinriktat<\/strong>, med intimitetsskapande \u00f6vningar i allt fr\u00e5n ber\u00f6ringstekniker, massage och andning till tantriska energi\u00f6vningar, m.m. \u2013 allt det som just ni beh\u00f6ver f\u00f6r att f\u00f6rgylla och utveckla ert k\u00e4rleksliv!<\/p>\n<p><strong>Pris:<\/strong><br \/>\nF\u00f6r konsultation &amp; coaching med Calle Rehbinder:<br \/>\n\u2022 Intensiv session 3 timmar, 3.300:- (f\u00f6r ett enskilt par)<br \/>\n(p\u00e5 faktura tillkommer moms ovanp\u00e5 timpriset)<\/p>\n<p><strong>Heldagskurser f\u00f6r enskilda par<\/strong> \u00e4r ocks\u00e5 n\u00e5got vi ibland kan erbjuda, n\u00e5got vi vid m\u00e5nga tillf\u00e4llen anordnat med gott resultat och positiv respons.<br \/>\n<strong>L\u00e4s mer om dagkursen p\u00e5 sidan <a href=\"http:\/\/gudomlignjutning.wordpress.com\/om-kursen\/kurs-for-ett-par\/\" target=\"_blank\" rel=\"noopener noreferrer\">Kurs f\u00f6r ett par! \u00bb<\/a><\/strong><\/p>\n<p><strong>F\u00f6r tidsbokning och \u00f6vriga fr\u00e5gor:<\/strong><br \/>\nSkicka ett e-brev till <strong><a href=\"mailto:info@cirkuseros.nu\">info@cirkuseros.nu<\/a><\/strong>.<\/p>\n<p><img decoding=\"async\" loading=\"lazy\" src=\"https:\/\/i0.wp.com\/www.cirkuseros.nu\/app\/uploads\/2017\/01\/heartline_584.gif?resize=584%2C20&#038;ssl=1\" alt=\"Heartline\" data-recalc-dims=\"1\" \/><\/p>\n<p><img decoding=\"async\" loading=\"lazy\" src=\"https:\/\/i2.wp.com\/www.cirkuseros.nu\/app\/uploads\/2016\/10\/fri_kursbanner_ani.gif?resize=584%2C140&#038;ssl=1\" alt=\"Cirkus Eros - erotik f\u00f6r finsmakare\" data-recalc-dims=\"1\" \/><\/p>\n","protected":false},"excerpt":{"rendered":"<p>\u2022 Trasslig relation? \u2022 Kommunikationsproblem? \u2022 Osams n\u00e4stan j\u00e4mt? \u2022 Problem i sexlivet? \u2022 Olika mycket lust? \u2022 Ingen sexlust alls? \u2022 F\u00f6r tidig utl\u00f6sning? \u2022 Sv\u00e5rt att f\u00e5 kontakt? \u2022 Orgasmproblem? Calle Rehbinder erbjuder kvalificerad r\u00e5dgivning och coaching till &hellip; <a href=\"https:\/\/www.cirkuseros.nu\/index.php\/tjanster\/coaching\/\">Forts\u00e4tt l\u00e4sa <span class=\"meta-nav\">&rarr;<\/span><\/a><\/p>\n","protected":false},"author":2,"featured_media":0,"parent":57,"menu_order":2,"comment_status":"closed","ping_status":"closed","template":"sidebar-page.php","meta":[],"_links":{"self":[{"href":"https:\/\/www.cirkuseros.nu\/index.php\/wp-json\/wp\/v2\/pages\/59"}],"collection":[{"href":"https:\/\/www.cirkuseros.nu\/index.php\/wp-json\/wp\/v2\/pages"}],"about":[{"href":"https:\/\/www.cirkuseros.nu\/index.php\/wp-json\/wp\/v2\/types\/page"}],"author":[{"embeddable":true,"href":"https:\/\/www.cirkuseros.nu\/index.php\/wp-json\/wp\/v2\/users\/2"}],"replies":[{"embeddable":true,"href":"https:\/\/www.cirkuseros.nu\/index.php\/wp-json\/wp\/v2\/comments?post=59"}],"version-history":[{"count":16,"href":"https:\/\/www.cirkuseros.nu\/index.php\/wp-json\/wp\/v2\/pages\/59\/revisions"}],"predecessor-version":[{"id":14488,"href":"https:\/\/www.cirkuseros.nu\/index.php\/wp-json\/wp\/v2\/pages\/59\/revisions\/14488"}],"up":[{"embeddable":true,"href":"https:\/\/www.cirkuseros.nu\/index.php\/wp-json\/wp\/v2\/pages\/57"}],"wp:attachment":[{"href":"https:\/\/www.cirkuseros.nu\/index.php\/wp-json\/wp\/v2\/media?parent=59"}],"curies":[{"name":"wp","href":"https:\/\/api.w.org\/{rel}","templated":true}]}}