{"id":841,"date":"2016-11-19T11:30:07","date_gmt":"2016-11-19T10:30:07","guid":{"rendered":"https:\/\/cirkuseros.wordpress.com\/?page_id=841"},"modified":"2024-09-18T12:43:50","modified_gmt":"2024-09-18T10:43:50","slug":"erotiska-karleksdikter","status":"publish","type":"page","link":"https:\/\/www.cirkuseros.nu\/index.php\/text\/noveller\/noveller-av-calle-rehbinder\/erotiska-karleksdikter\/","title":{"rendered":"Erotiska k\u00e4rleksdikter"},"content":{"rendered":"<p><em>En samling erotisk k\u00e4rlekspoesi, f\u00f6rfattad &#8221;fl\u00e4ckvis&#8221;, fr\u00e5n 1985 och fram\u00e5t.<\/em><br \/>\n<em> Delvis publicerade i den lilla &#8221;Dikter till en Kvinna&#8221; 1996.<\/em><\/p>\n<p>_______<\/p>\n<p>Kvinna i jungfrudr\u00e4kt &#8211;<br \/>\nDu, vars r\u00f6st f\u00e5r regn att falla,<br \/>\nVandrar sakta f\u00f6rbi<br \/>\nSom morgondimman<br \/>\nI en ensam m\u00e5lares sj\u00e4l<\/p>\n<p>_______<\/p>\n<p>Gud och Gudinna<br \/>\nMan och Kvinna<br \/>\nPr\u00e4st och pr\u00e4stinna<br \/>\nSovrummet<br \/>\nV\u00e5r kyrka<br \/>\nS\u00e4ngen<br \/>\nV\u00e5rt altare<br \/>\n\u00c4lskogsleken<br \/>\nV\u00e5r gudstj\u00e4nst<br \/>\nMunnars lek<br \/>\nV\u00e5r nattvard<br \/>\nHelig<br \/>\nHelig<br \/>\nV\u00e5r extas<br \/>\nV\u00e5rt sakrament<br \/>\nIn i evighet<\/p>\n<p>_______<\/p>\n<p>Du f\u00e5r mig att tappa andan &#8211;<br \/>\nIbland hittar jag den inte<br \/>\nOch n\u00e4r jag kryper runt<br \/>\nP\u00e5 golvet och letar &#8211;<br \/>\nHamnar jag pl\u00f6tsligt<br \/>\nVid dina f\u00f6tter<br \/>\nOch jag k\u00e4nner<br \/>\nAtt jag vill ta dem<br \/>\nI mina h\u00e4nder<br \/>\nSmeka dem<br \/>\nKyssa dem<br \/>\nOch vakta dem &#8211;<br \/>\nDina vackra<br \/>\nMjuka<br \/>\nOch varma<br \/>\nF\u00f6tter<\/p>\n<p>_______<\/p>\n<p>Jag vill bli en uppt\u00e4cktsresande<br \/>\nEn sinnenas doktor Livingstone<br \/>\nUtforska<br \/>\nDe vita fl\u00e4ckarna<br \/>\nI k\u00e4rlekens kartbok<\/p>\n<p>Finna<br \/>\nDina erogena zoner<br \/>\nDin tropiska regnskog<br \/>\nL\u00e4ra k\u00e4nna<br \/>\nInf\u00f6dingarna fr\u00e5n trakten<br \/>\nLeva d\u00e4r<br \/>\nResten av mitt liv&#8230;<\/p>\n<p>_______<\/p>\n<p>Om du vore en m\u00e5ltid<br \/>\nS\u00e5 vore dina \u00f6gon<br \/>\nAperitifen<br \/>\nDin mun<br \/>\nDet berusande vinet<br \/>\nDina br\u00f6st<br \/>\nDen delikata f\u00f6rr\u00e4tten<br \/>\nDina l\u00e5r<br \/>\nDin mage och ditt sk\u00f6te<br \/>\nDen starkt kryddade<br \/>\nVarmr\u00e4tten<\/p>\n<p>Dina h\u00e4nder<br \/>\nF\u00e5r vara sallad<br \/>\nSom dessert<br \/>\nVill jag ha<br \/>\nDina \u00f6ron<br \/>\nDin navel<br \/>\nOch dina t\u00e5r<br \/>\nDitt h\u00e5r<br \/>\nF\u00e5r vara<br \/>\nBlomsterdekoration<br \/>\nDin rygg<br \/>\nDina runda axlar<br \/>\nOch dina skulderblad<br \/>\nF\u00e5r vara<br \/>\nOstbrickan<\/p>\n<p>Och ingen annan &#8211;<br \/>\nIngen annan<br \/>\n\u00c4n jag<br \/>\nF\u00e5r ta hand om disken efter\u00e5t!<\/p>\n<p>_______<\/p>\n<p>Det finns en tr\u00e4dg\u00e5rd<br \/>\nBakom dina \u00f6gon<br \/>\nMed ett magiskt tr\u00e4d<br \/>\nFyllt av frukter<br \/>\nK\u00e4rleksfrukter<br \/>\nSom exploderar av lycka<br \/>\nN\u00e4r man \u00e4ter dem<\/p>\n<p>L\u00e5t oss tr\u00e4ffas<br \/>\nI din tr\u00e4dg\u00e5rd &#8211;<br \/>\nDela en frukt,<br \/>\n\u00c4ta den tillsammans<br \/>\nOch se vad som h\u00e4nder&#8230;<\/p>\n<p>_______<\/p>\n<p>Jag vill dricka Vinet<br \/>\nUr din br\u00e4ddfulla<br \/>\nK\u00e4rleksb\u00e4gare<br \/>\nDu \u00e4ter Br\u00f6det &#8211;<br \/>\nMin lekamen<br \/>\nL\u00e5t detta<br \/>\nBli v\u00e5r nattvard &#8211;<br \/>\nV\u00e5r nattvard<br \/>\nTills morgonen gryr<\/p>\n<p>_______<\/p>\n<p>Den l\u00e4ngsta natten p\u00e5 \u00e5ret<br \/>\nVill jag tillbringa med dig<br \/>\nI ett hus i skogen<\/p>\n<p>D\u00e4r blir nattens m\u00f6rker<br \/>\nTill ljus utan skuggor<br \/>\nMina k\u00e4nslor f\u00f6r dig<br \/>\nFl\u00e4tas samman<br \/>\nMed dina k\u00e4nslor f\u00f6r mig<br \/>\nDe tumlar runt<br \/>\nVilt, varmt och lekfullt<br \/>\nI en \u00e4ndl\u00f6s dans<br \/>\nStudsar, smeker<br \/>\nF\u00f6renas<br \/>\nOch faller sedan<br \/>\nNed p\u00e5 golvet<br \/>\nUtmattade<br \/>\nYra<br \/>\nSlappa<br \/>\nOch fullst\u00e4ndigt tillfreds<br \/>\nSomnar de<br \/>\nI varandra<\/p>\n<p>_______<\/p>\n<p>I mina innersta dr\u00f6mmar<br \/>\nDansar du och jag<br \/>\nBarfota i gr\u00e4set<br \/>\nFortfarande fuktigt av morgondagg<br \/>\nVi breder ut en filt p\u00e5 marken<br \/>\nJag kl\u00e4r av dig<br \/>\nKysser dig \u00f6ver hela kroppen<br \/>\nVi \u00e4lskar med varandra<br \/>\nHett, intensivt<br \/>\nL\u00e4nge<br \/>\nSen vilar vi t\u00e4tt intill varandra<br \/>\nI en evighet<br \/>\nSom k\u00e4nns som en sekund<\/p>\n<p>I mina innersta dr\u00f6mmar<br \/>\nSitter vi nakna mittemot varandra<br \/>\nP\u00e5 en flygande matta<br \/>\nH\u00f6gt \u00f6ver marken<br \/>\nOch \u00e4ter smultron med gr\u00e4dde<\/p>\n<p>Och alla mina rivaler<br \/>\nOm din gunst<br \/>\nUtmanar jag p\u00e5 v\u00e4rjduell<br \/>\nEn tidig v\u00e5rmorgon<br \/>\nI Boulognerskogen<\/p>\n<p>Min k\u00e4rlek till dig<br \/>\nG\u00f6r mig stark<br \/>\nIngen kan vinna \u00f6ver mig<\/p>\n<p>Allez-vous, messieurs,<br \/>\nAllez!<br \/>\nEn Garde &#8211;<br \/>\nFleche &#8211;<br \/>\nParade &#8211;<br \/>\nRiposte &#8211;<br \/>\nTouch\u00e9!<\/p>\n<p>Och du blir bara min<\/p>\n<p>Men det \u00e4r ju f\u00f6rst\u00e5s<br \/>\nBara<br \/>\nI mina innersta dr\u00f6mmar<\/p>\n<p>_______<\/p>\n<p>om vi antar<br \/>\nsom en ren hypotes<br \/>\natt varje levande organism<br \/>\n\u00e4r besj\u00e4lad<br \/>\natt varje enskild cell<br \/>\nhar en sj\u00e4l<br \/>\nsom lever i evighet<br \/>\noch vandrar ur liv till liv<\/p>\n<p>d\u00e5 t\u00e4nker jag<br \/>\natt n\u00e4r en cell<br \/>\ni min kropp<br \/>\nd\u00f6r<br \/>\ns\u00e5 \u00e5terf\u00f6ds sj\u00e4len<br \/>\ni denna nyss d\u00f6da cell<br \/>\nin i en ny cell<br \/>\ni din kropp<br \/>\noch n\u00e4r en cell<br \/>\ni din kropp<br \/>\nd\u00f6r<br \/>\ns\u00e5 \u00e5terf\u00f6ds den cellens sj\u00e4l<br \/>\nin i en ny cell<br \/>\ni min kropp<\/p>\n<p>s\u00e5 blandar sig<br \/>\nallt liv<br \/>\ni v\u00e5ra kroppar<br \/>\ndu blir jag<br \/>\njag blir du<br \/>\nvi blir vi<br \/>\nett<br \/>\noch samma<br \/>\ni evighet<\/p>\n<p>_______<\/p>\n<p>Carl Johan Rehbinder 1985-2023<\/p>\n<p><img decoding=\"async\" loading=\"lazy\" src=\"https:\/\/i1.wp.com\/www.cirkuseros.nu\/app\/uploads\/2016\/11\/tunnlinjeoriginal_584.gif?resize=584%2C8&#038;ssl=1\" alt=\"\" data-recalc-dims=\"1\" \/><a href=\"https:\/\/www.cirkuseros.nu\/index.php\/text\/noveller\/noveller-av-calle-rehbinder\/\"><strong>Tillbaka till Noveller av Calle Rehbinder \u00bb<\/strong><\/a><\/p>\n<p><img decoding=\"async\" loading=\"lazy\" src=\"https:\/\/i0.wp.com\/www.cirkuseros.nu\/app\/uploads\/2017\/01\/heartline_584.gif?resize=584%2C20&#038;ssl=1\" alt=\"Heartline\" data-recalc-dims=\"1\" \/><\/p>\n<p><img decoding=\"async\" loading=\"lazy\" src=\"https:\/\/i2.wp.com\/www.cirkuseros.nu\/app\/uploads\/2016\/10\/fri_kursbanner_ani.gif?resize=584%2C140&#038;ssl=1\" alt=\"\" data-recalc-dims=\"1\" \/><\/p>\n","protected":false},"excerpt":{"rendered":"<p>En samling erotisk k\u00e4rlekspoesi, f\u00f6rfattad &#8221;fl\u00e4ckvis&#8221;, fr\u00e5n 1985 och fram\u00e5t. Delvis publicerade i den lilla &#8221;Dikter till en Kvinna&#8221; 1996. _______ Kvinna i jungfrudr\u00e4kt &#8211; Du, vars r\u00f6st f\u00e5r regn att falla, Vandrar sakta f\u00f6rbi Som morgondimman I en ensam &hellip; <a href=\"https:\/\/www.cirkuseros.nu\/index.php\/text\/noveller\/noveller-av-calle-rehbinder\/erotiska-karleksdikter\/\">Forts\u00e4tt l\u00e4sa <span class=\"meta-nav\">&rarr;<\/span><\/a><\/p>\n","protected":false},"author":2,"featured_media":0,"parent":497,"menu_order":19,"comment_status":"closed","ping_status":"closed","template":"sidebar-page.php","meta":[],"_links":{"self":[{"href":"https:\/\/www.cirkuseros.nu\/index.php\/wp-json\/wp\/v2\/pages\/841"}],"collection":[{"href":"https:\/\/www.cirkuseros.nu\/index.php\/wp-json\/wp\/v2\/pages"}],"about":[{"href":"https:\/\/www.cirkuseros.nu\/index.php\/wp-json\/wp\/v2\/types\/page"}],"author":[{"embeddable":true,"href":"https:\/\/www.cirkuseros.nu\/index.php\/wp-json\/wp\/v2\/users\/2"}],"replies":[{"embeddable":true,"href":"https:\/\/www.cirkuseros.nu\/index.php\/wp-json\/wp\/v2\/comments?post=841"}],"version-history":[{"count":3,"href":"https:\/\/www.cirkuseros.nu\/index.php\/wp-json\/wp\/v2\/pages\/841\/revisions"}],"predecessor-version":[{"id":13852,"href":"https:\/\/www.cirkuseros.nu\/index.php\/wp-json\/wp\/v2\/pages\/841\/revisions\/13852"}],"up":[{"embeddable":true,"href":"https:\/\/www.cirkuseros.nu\/index.php\/wp-json\/wp\/v2\/pages\/497"}],"wp:attachment":[{"href":"https:\/\/www.cirkuseros.nu\/index.php\/wp-json\/wp\/v2\/media?parent=841"}],"curies":[{"name":"wp","href":"https:\/\/api.w.org\/{rel}","templated":true}]}}