{"id":9348,"date":"2018-04-03T02:47:30","date_gmt":"2018-04-03T00:47:30","guid":{"rendered":"https:\/\/www.cirkuseros.nu\/?page_id=9348"},"modified":"2018-04-03T02:50:34","modified_gmt":"2018-04-03T00:50:34","slug":"lelo-sona","status":"publish","type":"page","link":"https:\/\/www.cirkuseros.nu\/index.php\/recensioner\/skona-grejer-sexleksaker\/lelo-sona\/","title":{"rendered":"LELO Sona"},"content":{"rendered":"<p><img decoding=\"async\" loading=\"lazy\" src=\"https:\/\/i0.wp.com\/www.cirkuseros.nu\/app\/uploads\/2016\/10\/banner_skonagrejer_584x90.jpg?resize=584%2C90&#038;ssl=1\" alt=\"Sk\u00f6na Grejer\" data-recalc-dims=\"1\" \/><br \/>\n<a href=\"https:\/\/www.cirkuseros.nu\/index.php\/text\/recensioner\/\"><strong>Tillbaka till Sk\u00f6na grejer \u00bb<\/strong><\/a><br \/>\n<a href=\"https:\/\/www.cirkuseros.nu\/index.php\/text\/recensioner\/skona-grejer-sexleksaker\/\"><strong>Tillbaka till Sk\u00f6na grejer \u2022 sexleksaker \u00bb<\/strong><\/a><br \/>\n<img decoding=\"async\" loading=\"lazy\" src=\"https:\/\/cirkuseros.files.wordpress.com\/2016\/11\/tunnlinjeoriginal_584.gif?resize=584%2C8\" alt=\"linje\" data-recalc-dims=\"1\" \/><span style=\"color: #800000;\"><strong><span style=\"font-family: Verdana, Geneva, Arial, Helvetica, Sans serif; font-size: large;\">Ljudv\u00e5gor under vatten \u2013 till orgasm<\/span><\/strong><\/span><br \/>\n<img decoding=\"async\" loading=\"lazy\" src=\"https:\/\/i0.wp.com\/www.cirkuseros.nu\/app\/uploads\/2018\/03\/vibratortest_01.jpg?resize=584%2C265&#038;ssl=1\" alt=\"LELO Sona\" data-recalc-dims=\"1\" \/><strong><br \/>\nFr\u00e5n <a href=\"https:\/\/click.adrecord.com?c=27810&amp;p=871&amp;url=https:\/\/www.palora.se\/\" target=\"_blank\" rel=\"noopener noreferrer\">Palora.se<\/a> har vi f\u00e5tt en nyhet fr\u00e5n LELO.<\/strong> Denna l\u00e4ckra tingest fungerar lite p\u00e5 liknande s\u00e4tt som Satisfyer PRO 2, som vi ocks\u00e5 har recenserat h\u00e4r p\u00e5 Cirkus Eros, med pulserande ljudv\u00e5gor. Denna sexleksak \u00e4r t\u00e4nkt att anv\u00e4ndas p\u00e5 klitoris, men g\u00e5r f\u00f6rst\u00e5s att anv\u00e4nda p\u00e5 flera st\u00e4llen p\u00e5 kroppen \u2013 br\u00f6stv\u00e5rtor, k\u00f6nsl\u00e4ppar, ryggslut \u2013 eller var man nu gillar att bli stimulerad \u2013 kort sagt, \u00f6verallt.<\/p>\n<p><strong>LELO Sona \u00e4r vattent\u00e4t<\/strong>, och kan d\u00e4rf\u00f6r \u00e4ven anv\u00e4ndas i duschen. Den finns i tre f\u00e4rger &#8211; ljusrosa, cerise och svart &#8211; med gulddekor. Den har 8 niv\u00e5er av stimulans, och den \u00e4r uppladdningsbar via USB-sladd. Du beh\u00f6ver allts\u00e5 inte byta batterier. LELO Sona \u00e4r tillverkad i ett enda stycke h\u00f6gkvalitativ silikon, och \u00e4r d\u00e4rf\u00f6r l\u00e4tt att h\u00e5lla ren.<\/p>\n<p><strong>I j\u00e4mf\u00f6relse med Satisfyer PRO 2<\/strong> ger denna betydligt kraftigare stimulans \u2013 och detta \u00e4r f\u00f6r somliga alldeles utm\u00e4rkt, medan det f\u00f6r andra kan bli en v\u00e4l stark effekt. \u00c4ven om den g\u00e5r att st\u00e4lla om till flera olika styrkor, tenderar \u00e4ven det l\u00e4gsta l\u00e4get att vara v\u00e4l intensivt, om man f\u00f6redrar en mer subtil stimulans.<\/p>\n<p><strong>Denna klitorisstimulerare rekommenderar vi<\/strong> d\u00e4rf\u00f6r s\u00e4rskilt till dig som vill ha starkare sensationer, medan jag skulle rekommendera <a href=\"https:\/\/www.cirkuseros.nu\/index.php\/recensioner\/skona-grejer-sexleksaker\/satisfyer-pro-2\/\">Satisfyer PRO 2<\/a> f\u00f6r dig som vill ha det lite mjukare.<\/p>\n<p><a href=\"https:\/\/www.lelo.com\/sv\/sona\" target=\"_blank\" rel=\"noopener noreferrer\"><strong>L\u00e4s mer om Sona p\u00e5 LELO:s hemsida! \u00bb<br \/>\n<\/strong><\/a><img decoding=\"async\" loading=\"lazy\" src=\"https:\/\/i2.wp.com\/www.cirkuseros.nu\/app\/uploads\/2018\/03\/vibratortest_04.jpg?resize=584%2C224&#038;ssl=1\" alt=\"LELO Sona\" data-recalc-dims=\"1\" \/><br \/>\n<img decoding=\"async\" src=\"https:\/\/i1.wp.com\/www.cirkuseros.nu\/app\/uploads\/2016\/11\/tunnlinjeoriginal_584.gif?w=584&#038;ssl=1\" data-recalc-dims=\"1\" \/><br \/>\n<a href=\"https:\/\/click.adrecord.com?c=27810&amp;p=871&amp;url=https:\/\/www.palora.se\/\" target=\"_blank\" rel=\"noopener noreferrer\"><br \/>\n<img decoding=\"async\" loading=\"lazy\" src=\"https:\/\/i1.wp.com\/www.cirkuseros.nu\/app\/uploads\/2018\/01\/logo_palora.jpg?resize=279%2C75&#038;ssl=1\" alt=\"Palora logo\" data-recalc-dims=\"1\" \/><\/a><img decoding=\"async\" loading=\"lazy\" src=\"https:\/\/cirkuseros.files.wordpress.com\/2016\/11\/tunnlinjeoriginal_584.gif?resize=584%2C8\" alt=\"linje\" data-recalc-dims=\"1\" \/><br \/>\n<a href=\"https:\/\/www.cirkuseros.nu\/index.php\/text\/recensioner\/\"><strong>Tillbaka till Sk\u00f6na grejer \u00bb<\/strong><\/a><br \/>\n<a href=\"https:\/\/www.cirkuseros.nu\/index.php\/text\/recensioner\/skona-grejer-sexleksaker\/\"><strong>Tillbaka till Sk\u00f6na grejer \u2022 sexleksaker \u00bb<\/strong><\/a><br \/>\n<img decoding=\"async\" loading=\"lazy\" src=\"https:\/\/i0.wp.com\/www.cirkuseros.nu\/app\/uploads\/2017\/01\/heartline_584.gif?resize=584%2C20&#038;ssl=1\" alt=\"Heartline\" data-recalc-dims=\"1\" \/><\/p>\n<p><img decoding=\"async\" loading=\"lazy\" src=\"https:\/\/cirkuseros.files.wordpress.com\/2016\/10\/fri_kursbanner_ani.gif?resize=584%2C140\" alt=\"Cirkus Eros - erotik f\u00f6r finsmakare\" data-recalc-dims=\"1\" \/><\/p>\n","protected":false},"excerpt":{"rendered":"<p>Tillbaka till Sk\u00f6na grejer \u00bb Tillbaka till Sk\u00f6na grejer \u2022 sexleksaker \u00bb Ljudv\u00e5gor under vatten \u2013 till orgasm Fr\u00e5n Palora.se har vi f\u00e5tt en nyhet fr\u00e5n LELO. Denna l\u00e4ckra tingest fungerar lite p\u00e5 liknande s\u00e4tt som Satisfyer PRO 2, som &hellip; <a href=\"https:\/\/www.cirkuseros.nu\/index.php\/recensioner\/skona-grejer-sexleksaker\/lelo-sona\/\">Forts\u00e4tt l\u00e4sa <span class=\"meta-nav\">&rarr;<\/span><\/a><\/p>\n","protected":false},"author":1,"featured_media":0,"parent":1229,"menu_order":12,"comment_status":"closed","ping_status":"closed","template":"sidebar-page.php","meta":[],"_links":{"self":[{"href":"https:\/\/www.cirkuseros.nu\/index.php\/wp-json\/wp\/v2\/pages\/9348"}],"collection":[{"href":"https:\/\/www.cirkuseros.nu\/index.php\/wp-json\/wp\/v2\/pages"}],"about":[{"href":"https:\/\/www.cirkuseros.nu\/index.php\/wp-json\/wp\/v2\/types\/page"}],"author":[{"embeddable":true,"href":"https:\/\/www.cirkuseros.nu\/index.php\/wp-json\/wp\/v2\/users\/1"}],"replies":[{"embeddable":true,"href":"https:\/\/www.cirkuseros.nu\/index.php\/wp-json\/wp\/v2\/comments?post=9348"}],"version-history":[{"count":3,"href":"https:\/\/www.cirkuseros.nu\/index.php\/wp-json\/wp\/v2\/pages\/9348\/revisions"}],"predecessor-version":[{"id":9351,"href":"https:\/\/www.cirkuseros.nu\/index.php\/wp-json\/wp\/v2\/pages\/9348\/revisions\/9351"}],"up":[{"embeddable":true,"href":"https:\/\/www.cirkuseros.nu\/index.php\/wp-json\/wp\/v2\/pages\/1229"}],"wp:attachment":[{"href":"https:\/\/www.cirkuseros.nu\/index.php\/wp-json\/wp\/v2\/media?parent=9348"}],"curies":[{"name":"wp","href":"https:\/\/api.w.org\/{rel}","templated":true}]}}