{"id":965,"date":"2016-11-20T01:50:13","date_gmt":"2016-11-20T00:50:13","guid":{"rendered":"https:\/\/cirkuseros.wordpress.com\/?page_id=965"},"modified":"2023-09-26T16:24:04","modified_gmt":"2023-09-26T14:24:04","slug":"sa-sjalvklart","status":"publish","type":"page","link":"https:\/\/www.cirkuseros.nu\/index.php\/text\/noveller\/noveller-av-gastartister\/sa-sjalvklart\/","title":{"rendered":"S\u00e5 sj\u00e4lvklart\u2026"},"content":{"rendered":"<p>Jag ligger i din famn. Du leker med en slinga av mitt h\u00e5r, virar det runt ditt finger.<br \/>\nVi ligger n\u00e4ra, jag kan k\u00e4nna ditt hj\u00e4rta sl\u00e5. Vi \u00e4r nakna.<br \/>\nDu viskar k\u00e4rleksfulla ord i mitt \u00f6ra, jag fnittrar. Allt k\u00e4nns s\u00e5 sj\u00e4lvklart, det \u00e4r du och jag.<\/p>\n<p>Du smeker mig fj\u00e4derl\u00e4tt \u00f6ver armen, drar f\u00f6rsiktigt med naglarna och jag ryser.<br \/>\nVi ser p\u00e5 varandra, drunknar i varandras \u00f6gon. Jag kysser dig f\u00f6rsiktigt, s\u00f6kande, och du besvarar mig kyss. V\u00e5ra tungor spelar runt varandra, om varandra, virvlar i en hetsig dans.<br \/>\nJag rullar sakta \u00f6ver s\u00e5 jag sitter gr\u00e4nsle \u00f6ver dig. Kysser dig, smeker dig. Du har h\u00e4nderna runt min midja, smeker min stj\u00e4rt. Du drar ena handen \u00f6ver min rygg, l\u00e5ter naglarna l\u00f6st rispa huden. Du vet att jag tycker om det.<\/p>\n<p>Jag k\u00e4nner hur din kuk sakta sv\u00e4ller under mig, trycker mot mitt k\u00f6n. Vi kysser varandra l\u00e4nge, vill inte sluta, aldrig n\u00e5gonsin. Du nafsar mig f\u00f6rsiktigt i underl\u00e4ppen f\u00f6r att sedan kyssa mig hungrigt, om jag fick plats s\u00e5 skulle du sluka hela mig. V\u00e5ra l\u00e4ppar \u00e4r heta, svullna och \u00f6mma av v\u00e5ra underbara heta kyssar, men det \u00e4r inget som ber\u00f6r varken dig eller mig. Inget ber\u00f6r oss.<br \/>\nDet finns bara du och jag i hela v\u00e4rlden, hela universum.<\/p>\n<p>Jag s\u00e4tter mig upp f\u00f6r att se p\u00e5 dig, du \u00e4r s\u00e5 vacker. Du ligger under mig, andas djupt, jag ser hur \u00e5tr\u00e5n brinner i dina \u00f6gon, och jag vet att det \u00e4r mig du vill ha. Jag kysser s\u00e5 ditt varma br\u00f6st, nafsar och slickar p\u00e5 dina br\u00f6stv\u00e5rtor. Du ryser, st\u00f6nar. Jag r\u00f6r mig sakta ned\u00e5t, noggrann med att inte missa en millimeter med mina hungriga l\u00e4ppar, vill smaka p\u00e5 hela dig. Kysser din navel och l\u00e5ter sakta tungan s\u00f6ka sig ned\u00e5t mot ditt k\u00f6n, din h\u00e4rliga kuk. Drar med tungan fr\u00e5n roten \u00e4nda upp till toppen av ollonet. En liten klar droppe har letat sig ur dig, slickar i mig den som en hungrig hundvalp. Smakar s\u00e5 gott, smakar du. Jag slickar och suger din kuk och k\u00e4nner hur den v\u00e4xer ytterligare i min mun. Jag \u00e4lskar att suga din kuk. Utforskar dig med min mun, mina l\u00e4ppar, min tunga. Smakar och njuter.<\/p>\n<p>Jag k\u00e4nner hur det hettar i mitt sk\u00f6te. Jag ser upp p\u00e5 dig, du st\u00f6nar och ber om mer, darrar.<br \/>\nJag vet att du tycker om det. Jag \u00e4lskar att se dig njuta, se hur du mister all kontroll, ger dig h\u00e4n.<br \/>\nDet finns inget ljuvligare ljud \u00e4n dina st\u00f6n som h\u00e4rstammar ur ren njutning.<\/p>\n<p>Jag v\u00e4nder mig nu s\u00e5 att du har tillg\u00e5ng till min mus. Vi kan tillfredst\u00e4lla varandra. Du nosar f\u00f6rsiktigt p\u00e5 mitt sk\u00f6te, smakar. Drar med tungan \u00f6ver min mus, som f\u00f6r att kontrollera att smaken \u00e4r till bel\u00e5tenhet. Som en vinprovare g\u00f6r med det dyraste droppar vin unders\u00f6ker och smakar du p\u00e5 mina safter.<br \/>\nJag njuter.<br \/>\nDu vet exakt var det \u00e4r som sk\u00f6nast f\u00f6r mig, och du vet hur du ska kunna utnyttja det.<br \/>\nDu slickar min savande sk\u00f6te med din h\u00e4rliga tunga, suger f\u00f6rsiktigt p\u00e5 min klitoris och jag st\u00f6nar d\u00e4mpat med din mandom djupt inne i mitt hungriga sugande gap. S\u00e5 nafsar du f\u00f6rsiktigt p\u00e5 min rosenknopp och hela min kropp sp\u00e4nns som en fiolstr\u00e4ng. S\u00e5 exploderar jag och skriker ut min lust. Jag kommer \u00f6ver ditt ansikte och du lapar i dig av mina safter som fl\u00f6dar likt en v\u00e5rflod.<\/p>\n<p>Jag tar \u00e5terigen din kuk i min mun, suger, river l\u00f6st med naglarna \u00f6ver din pung.<br \/>\nDu st\u00f6nar av v\u00e4lbehag och trycker dig upp mot mig. Nafsar f\u00f6rsiktigt i ollonet som f\u00f6r att visa att det \u00e4r jag som best\u00e4mmer, men det g\u00e5r du inte med p\u00e5.<\/p>\n<p>Du rullar hastigt \u00f6ver s\u00e5 att jag hamnar under dig, tar fram de tv\u00e5 sjalarna som vi har under s\u00e4ngen, just f\u00f6r detta syfte. Du tar min ena arm, knyter en av sjalarna runt min handled och f\u00e4ster i s\u00e4ngkarmen, du upprepar samma procedur med den andra armen. Jag ryser av v\u00e4lbehag n\u00e4r jag k\u00e4nner det svala tunna tyget mot mina handleder.<br \/>\nDu kysser mig fr\u00e5n pannan, ner mot magen och tillslut min v\u00e5ta l\u00e4ngtande fitta. Du slickar och suger tills min kropp skakas av \u00e4nnu en explosiv orgasm.<\/p>\n<p>D\u00e5 best\u00e4mmer du dig f\u00f6r att det \u00e4r dags.<br \/>\nDu l\u00e5ter din kuk f\u00f6rsiktigt nosa p\u00e5 min savande fitta, buffar f\u00f6rsiktigt. Du l\u00e5ter sedan hela kuken glida in med ett st\u00f6n. Du fyller hela mig och jag k\u00e4nner att det snart kommer att g\u00e5 f\u00f6r mig igen.<br \/>\nS\u00e5 b\u00f6rjar du r\u00f6ra dig inom mig, och det svartnar f\u00f6r \u00f6gonen, min kropp skakar och jag skriker ut \u00e4nnu en h\u00e4rlig orgasm.<br \/>\nDu tar mig, h\u00e5rt men \u00e4nd\u00e5 k\u00e4rleksfullt och jag juckar emot s\u00e5 gott det g\u00e5r. Jag st\u00f6nar och sm\u00e5skriker av njutning. Du \u00e4r s\u00e5 underbar, din kuk fyller hela mig.<br \/>\nV\u00e5ra svettiga gl\u00e4nsande kroppar r\u00f6r sig mot varandra i perfekt harmoni, vi \u00e4r som skapta f\u00f6r varandra. Vi \u00e4lskar som bara vi kan. Du st\u00f6nar och kysser mig med din kuk djupt inne i mig. Intensivt. Det \u00e4r som dina kyssar f\u00f6rh\u00f6jer sensationen av att vara fylld av dig, din tunga i min mun, din kuk i min fitta.<\/p>\n<p>S\u00e5 kliver du pl\u00f6tsligt av mig, jag ber dig komma tillbaka men du har andra planer.<br \/>\nMed milt v\u00e5ld rullar du \u00f6ver mig p\u00e5 mage och kryper upp mellan min l\u00e5r. Nafsar p\u00e5 min skinka. Kysser min svank, mina skulderblad, min nacke. S\u00e5 trycker du dig mot mig, nafsar min nacke samtidigt som din kuk nosar mot \u00f6ppningen till min k\u00e4rleksgrotta. Din kuk glider in utan bekymmer.<br \/>\nJag skakar i hela kroppen av njutning och lust. Din kuk glider in och ut i mig, fyller mig f\u00f6r att l\u00e4mna ett hungrigt gap, och s\u00e5 fyller du mig igen. Du st\u00f6nar allt h\u00f6gre och dina juck blir allt h\u00e5rdare.<\/p>\n<p>Jag k\u00e4nner hur din kuk fyller mig en sista g\u00e5ng och vi exploderar, skriker ut v\u00e5r gemensamma orgasm. Solen och stj\u00e4rnorna r\u00f6r sig runt oss, vi \u00e4r centrum av universum. Du sprutar som en vulkan i mig, fyller mig med din heta sperma.<\/p>\n<p>Du ligger kvar ovanp\u00e5 mig, i mig, en l\u00e5ng stund. S\u00e5 rullar du av mig, knyter loss mig och kysser mig.<br \/>\nVi ligger utmattade intill varandra, kyssandes, med heta, \u00e5ngande kroppar.<\/p>\n<p>Det \u00e4r s\u00e5 sj\u00e4lvklart, du och jag, som gjorda f\u00f6r varandra.<\/p>\n<p>&nbsp;<\/p>\n<p>Linda L.<\/p>\n<p><img decoding=\"async\" loading=\"lazy\" src=\"https:\/\/i1.wp.com\/www.cirkuseros.nu\/app\/uploads\/2016\/11\/tunnlinjeoriginal_584.gif?resize=584%2C8&#038;ssl=1\" alt=\"\" data-recalc-dims=\"1\" \/><a href=\"https:\/\/www.cirkuseros.nu\/index.php\/text\/noveller\/noveller-av-gastartister\/\"><strong>Tillbaka till Noveller av g\u00e4startister \u00bb<\/strong><\/a><\/p>\n<p><img decoding=\"async\" loading=\"lazy\" src=\"https:\/\/i0.wp.com\/www.cirkuseros.nu\/app\/uploads\/2017\/01\/heartline_584.gif?resize=584%2C20&#038;ssl=1\" alt=\"Heartline\" data-recalc-dims=\"1\" \/><\/p>\n<p><img decoding=\"async\" loading=\"lazy\" src=\"https:\/\/i2.wp.com\/www.cirkuseros.nu\/app\/uploads\/2016\/10\/fri_kursbanner_ani.gif?resize=584%2C140&#038;ssl=1\" alt=\"\" data-recalc-dims=\"1\" \/><\/p>\n","protected":false},"excerpt":{"rendered":"<p>Jag ligger i din famn. Du leker med en slinga av mitt h\u00e5r, virar det runt ditt finger. Vi ligger n\u00e4ra, jag kan k\u00e4nna ditt hj\u00e4rta sl\u00e5. Vi \u00e4r nakna. Du viskar k\u00e4rleksfulla ord i mitt \u00f6ra, jag fnittrar. Allt &hellip; <a href=\"https:\/\/www.cirkuseros.nu\/index.php\/text\/noveller\/noveller-av-gastartister\/sa-sjalvklart\/\">Forts\u00e4tt l\u00e4sa <span class=\"meta-nav\">&rarr;<\/span><\/a><\/p>\n","protected":false},"author":2,"featured_media":0,"parent":501,"menu_order":33,"comment_status":"closed","ping_status":"closed","template":"sidebar-page.php","meta":[],"_links":{"self":[{"href":"https:\/\/www.cirkuseros.nu\/index.php\/wp-json\/wp\/v2\/pages\/965"}],"collection":[{"href":"https:\/\/www.cirkuseros.nu\/index.php\/wp-json\/wp\/v2\/pages"}],"about":[{"href":"https:\/\/www.cirkuseros.nu\/index.php\/wp-json\/wp\/v2\/types\/page"}],"author":[{"embeddable":true,"href":"https:\/\/www.cirkuseros.nu\/index.php\/wp-json\/wp\/v2\/users\/2"}],"replies":[{"embeddable":true,"href":"https:\/\/www.cirkuseros.nu\/index.php\/wp-json\/wp\/v2\/comments?post=965"}],"version-history":[{"count":2,"href":"https:\/\/www.cirkuseros.nu\/index.php\/wp-json\/wp\/v2\/pages\/965\/revisions"}],"predecessor-version":[{"id":13272,"href":"https:\/\/www.cirkuseros.nu\/index.php\/wp-json\/wp\/v2\/pages\/965\/revisions\/13272"}],"up":[{"embeddable":true,"href":"https:\/\/www.cirkuseros.nu\/index.php\/wp-json\/wp\/v2\/pages\/501"}],"wp:attachment":[{"href":"https:\/\/www.cirkuseros.nu\/index.php\/wp-json\/wp\/v2\/media?parent=965"}],"curies":[{"name":"wp","href":"https:\/\/api.w.org\/{rel}","templated":true}]}}